{"id":1315,"date":"2024-09-17T10:16:07","date_gmt":"2024-09-17T08:16:07","guid":{"rendered":"https:\/\/dev.datagrandest.fr\/site\/evenement\/datagrandest-au-festival-international-de-geographie-fig\/"},"modified":"2026-03-30T10:00:33","modified_gmt":"2026-03-30T08:00:33","slug":"datagrandest-au-festival-international-de-geographie-fig","status":"publish","type":"evenement","link":"https:\/\/www.datagrandest.fr\/site\/evenement\/datagrandest-au-festival-international-de-geographie-fig\/","title":{"rendered":"DataGrandEst au Festival International de G\u00e9ographie (FIG)"},"template":"","meta":{"_acf_changed":false,"_relevanssi_hide_post":"","_relevanssi_hide_content":"","_relevanssi_pin_for_all":"","_relevanssi_pin_keywords":"","_relevanssi_unpin_keywords":"","_relevanssi_related_keywords":"","_relevanssi_related_include_ids":"","_relevanssi_related_exclude_ids":"","_relevanssi_related_no_append":"","_relevanssi_related_not_related":"","_relevanssi_related_posts":"","_relevanssi_noindex_reason":""},"periode":[212],"source":[],"thematique_globale":[],"type_evenement":[217],"class_list":["post-1315","evenement","type-evenement","status-publish","hentry","periode-212","type_evenement-manifestation-nationale"],"acf":{"eve_description_courte":"","eve_description_longue":"<span style=\"font-size: 16px;\">La DDT et le CD 88 seront pr\u00e9sents aux c\u00f4t\u00e9s de la DREAL et de la R\u00e9gion lors du Festival International de G\u00e9ographie de St-Di\u00e9-des-Vosges les 4, 5 et 6 octobre 2024, dans le cadre de l'animation de la d\u00e9marche DataGrandEst.\r\nVenez d\u00e9couvrir le stand, ainsi que 2 mini-conf\u00e9rences \u00e0 l'Espace G\u00e9o Num\u00e9rique :<\/span>\r\n<ul>\r\n \t<li><span style=\"font-size: 16px;\"><strong>Vendredi 4 octobre \u00e0 17h00 : Qui l'e\u00fbt \"crues\" ?<\/strong>\r\nA la recherche des indices apr\u00e8s une inondation. Le risque d'inondation a toujours \u00e9t\u00e9 une r\u00e9alit\u00e9 pour les territoires travers\u00e9s par des cours d'eau, avec des cons\u00e9quences parfois tr\u00e8s importantes. Or, une crue laisse des traces de son passage sur les terres qu'elle submerge. O\u00f9, comment et pourquoi recueillir ces indices ? Venez participer \u00e0 l'enqu\u00eate !\r\n<em>Julien OSTER - Chef du bureau donn\u00e9es m\u00e9thodes \/ Adjoint \u00e0 la cheffe de service SCTS -\u00a0Direction D\u00e9partementale des Territoires des Vosges (DDT 88)<\/em><\/span><\/li>\r\n \t<li><span style=\"font-size: 16px;\"><strong>Samedi 5 octobre \u00e0 12h00 :\u00a0Quelle urbanisation dans les Vosges ? Explorons l\u2019\u00e9volution de votre territoire<\/strong>\r\nLes \u00a0territoires \u00e9voluent. Venez d\u00e9couvrir et explorer, gr\u00e2ce \u00e0 des outils simples, une cartographie de l\u2019occupation du sol et de son \u00e9volution au cours du temps, de 2010 \u00e0 nos jours.\r\n<em>Marie Christine SCHOTT \u2013 Cheffe de la Mission Appui au Pilotage et management de la Donn\u00e9e -\u00a0D\u00e9l\u00e9gation \u00e0 l\u2019Innovation et \u00e0 la Modernisation de l\u2019Action Publique -\u00a0R\u00e9gion Grand Est<\/em><\/span><\/li>\r\n<\/ul>\r\n<span style=\"font-size: 16px;\">Au plaisir de vous y rencontrer !<\/span>\r\n\r\n&nbsp;\r\n<h3>Date<\/h3>\r\n<span style=\"font-size: 16px;\">Du vendredi 4 au dimanche 6 octobre 2024\u00a0<\/span>\r\n\r\n<span style=\"font-size: 16px;\">De 9h00 \u00e0 17h30<\/span>\r\n\r\n&nbsp;\r\n<h3>Lieu de l'\u00e9venement<\/h3>\r\n<span style=\"font-size: 16px;\">Festival International de G\u00e9ographie de St-Di\u00e9-des-Vosges -\u00a0Salon G\u00e9o Num\u00e9rique<\/span>\r\n\r\n<span style=\"font-size: 16px;\">Espace fran\u00e7ois Mitterrand<\/span>\r\n\r\n<span style=\"font-size: 16px;\">Rue du 11 Novembre 1918<\/span>\r\n\r\n<span style=\"font-size: 16px;\">88100 Saint-Di\u00e9-des-Vosges<\/span>\r\n\r\n&nbsp;\r\n<h3>Plus d'information<\/h3>\r\n<span style=\"font-size: 16px;\">Site web du <a href=\"https:\/\/fig.saint-die-des-vosges.fr\/espace-geo-numerique\/\">Festival International de G\u00e9oGraphie \/ Espace G\u00e9o-Num\u00e9rique<\/a><\/span>\r\n\r\n&nbsp;","eve_lieu":"Saint Di\u00e9 Des Vosges","eve_date":"20241004","eve_date_fin":"20241006","eve_heure_de_debut":"09:30:00","eve_heure_de_fin":"17:00:00","eve_pour_aller_plus_loin":"","eve_animation":false,"glo_image":3688,"glo_intro":"","glo_car_surcharge_titre":"","glo_car_surcharge_lien":""},"yoast_head":"<!-- This site is optimized with the Yoast SEO plugin v27.4 - https:\/\/yoast.com\/product\/yoast-seo-wordpress\/ -->\n<title>DataGrandEst au Festival International de G\u00e9ographie (FIG) - DataGrandEst<\/title>\n<meta name=\"robots\" content=\"index, follow, max-snippet:-1, max-image-preview:large, max-video-preview:-1\" \/>\n<link rel=\"canonical\" href=\"https:\/\/www.datagrandest.fr\/site\/evenement\/datagrandest-au-festival-international-de-geographie-fig\/\" \/>\n<meta property=\"og:locale\" content=\"fr_FR\" \/>\n<meta property=\"og:type\" content=\"article\" \/>\n<meta property=\"og:title\" content=\"DataGrandEst au Festival International de G\u00e9ographie (FIG) - DataGrandEst\" \/>\n<meta property=\"og:url\" content=\"https:\/\/www.datagrandest.fr\/site\/evenement\/datagrandest-au-festival-international-de-geographie-fig\/\" \/>\n<meta property=\"og:site_name\" content=\"DataGrandEst\" \/>\n<meta property=\"article:modified_time\" content=\"2026-03-30T08:00:33+00:00\" \/>\n<meta name=\"twitter:card\" content=\"summary_large_image\" \/>\n<meta name=\"twitter:label1\" content=\"Dur\u00e9e de lecture estim\u00e9e\" \/>\n\t<meta name=\"twitter:data1\" content=\"2 minutes\" \/>\n<script type=\"application\/ld+json\" class=\"yoast-schema-graph\">{\"@context\":\"https:\\\/\\\/schema.org\",\"@graph\":[{\"@type\":\"WebPage\",\"@id\":\"https:\\\/\\\/www.datagrandest.fr\\\/site\\\/evenement\\\/datagrandest-au-festival-international-de-geographie-fig\\\/\",\"url\":\"https:\\\/\\\/www.datagrandest.fr\\\/site\\\/evenement\\\/datagrandest-au-festival-international-de-geographie-fig\\\/\",\"name\":\"DataGrandEst au Festival International de G\u00e9ographie (FIG) - DataGrandEst\",\"isPartOf\":{\"@id\":\"https:\\\/\\\/www.datagrandest.fr\\\/site\\\/#website\"},\"datePublished\":\"2024-09-17T08:16:07+00:00\",\"dateModified\":\"2026-03-30T08:00:33+00:00\",\"breadcrumb\":{\"@id\":\"https:\\\/\\\/www.datagrandest.fr\\\/site\\\/evenement\\\/datagrandest-au-festival-international-de-geographie-fig\\\/#breadcrumb\"},\"inLanguage\":\"fr-FR\",\"potentialAction\":[{\"@type\":\"ReadAction\",\"target\":[\"https:\\\/\\\/www.datagrandest.fr\\\/site\\\/evenement\\\/datagrandest-au-festival-international-de-geographie-fig\\\/\"]}]},{\"@type\":\"BreadcrumbList\",\"@id\":\"https:\\\/\\\/www.datagrandest.fr\\\/site\\\/evenement\\\/datagrandest-au-festival-international-de-geographie-fig\\\/#breadcrumb\",\"itemListElement\":[{\"@type\":\"ListItem\",\"position\":1,\"name\":\"Accueil\",\"item\":\"https:\\\/\\\/www.datagrandest.fr\\\/site\\\/\"},{\"@type\":\"ListItem\",\"position\":2,\"name\":\"\u00c9v\u00e9nements\",\"item\":\"https:\\\/\\\/www.datagrandest.fr\\\/site\\\/evenement\\\/\"},{\"@type\":\"ListItem\",\"position\":3,\"name\":\"DataGrandEst au Festival International de G\u00e9ographie (FIG)\"}]},{\"@type\":\"WebSite\",\"@id\":\"https:\\\/\\\/www.datagrandest.fr\\\/site\\\/#website\",\"url\":\"https:\\\/\\\/www.datagrandest.fr\\\/site\\\/\",\"name\":\"DataGrandEst\",\"description\":\"\",\"potentialAction\":[{\"@type\":\"SearchAction\",\"target\":{\"@type\":\"EntryPoint\",\"urlTemplate\":\"https:\\\/\\\/www.datagrandest.fr\\\/site\\\/?s={search_term_string}\"},\"query-input\":{\"@type\":\"PropertyValueSpecification\",\"valueRequired\":true,\"valueName\":\"search_term_string\"}}],\"inLanguage\":\"fr-FR\"}]}<\/script>\n<!-- \/ Yoast SEO plugin. -->","yoast_head_json":{"title":"DataGrandEst au Festival International de G\u00e9ographie (FIG) - DataGrandEst","robots":{"index":"index","follow":"follow","max-snippet":"max-snippet:-1","max-image-preview":"max-image-preview:large","max-video-preview":"max-video-preview:-1"},"canonical":"https:\/\/www.datagrandest.fr\/site\/evenement\/datagrandest-au-festival-international-de-geographie-fig\/","og_locale":"fr_FR","og_type":"article","og_title":"DataGrandEst au Festival International de G\u00e9ographie (FIG) - DataGrandEst","og_url":"https:\/\/www.datagrandest.fr\/site\/evenement\/datagrandest-au-festival-international-de-geographie-fig\/","og_site_name":"DataGrandEst","article_modified_time":"2026-03-30T08:00:33+00:00","twitter_card":"summary_large_image","twitter_misc":{"Dur\u00e9e de lecture estim\u00e9e":"2 minutes"},"schema":{"@context":"https:\/\/schema.org","@graph":[{"@type":"WebPage","@id":"https:\/\/www.datagrandest.fr\/site\/evenement\/datagrandest-au-festival-international-de-geographie-fig\/","url":"https:\/\/www.datagrandest.fr\/site\/evenement\/datagrandest-au-festival-international-de-geographie-fig\/","name":"DataGrandEst au Festival International de G\u00e9ographie (FIG) - DataGrandEst","isPartOf":{"@id":"https:\/\/www.datagrandest.fr\/site\/#website"},"datePublished":"2024-09-17T08:16:07+00:00","dateModified":"2026-03-30T08:00:33+00:00","breadcrumb":{"@id":"https:\/\/www.datagrandest.fr\/site\/evenement\/datagrandest-au-festival-international-de-geographie-fig\/#breadcrumb"},"inLanguage":"fr-FR","potentialAction":[{"@type":"ReadAction","target":["https:\/\/www.datagrandest.fr\/site\/evenement\/datagrandest-au-festival-international-de-geographie-fig\/"]}]},{"@type":"BreadcrumbList","@id":"https:\/\/www.datagrandest.fr\/site\/evenement\/datagrandest-au-festival-international-de-geographie-fig\/#breadcrumb","itemListElement":[{"@type":"ListItem","position":1,"name":"Accueil","item":"https:\/\/www.datagrandest.fr\/site\/"},{"@type":"ListItem","position":2,"name":"\u00c9v\u00e9nements","item":"https:\/\/www.datagrandest.fr\/site\/evenement\/"},{"@type":"ListItem","position":3,"name":"DataGrandEst au Festival International de G\u00e9ographie (FIG)"}]},{"@type":"WebSite","@id":"https:\/\/www.datagrandest.fr\/site\/#website","url":"https:\/\/www.datagrandest.fr\/site\/","name":"DataGrandEst","description":"","potentialAction":[{"@type":"SearchAction","target":{"@type":"EntryPoint","urlTemplate":"https:\/\/www.datagrandest.fr\/site\/?s={search_term_string}"},"query-input":{"@type":"PropertyValueSpecification","valueRequired":true,"valueName":"search_term_string"}}],"inLanguage":"fr-FR"}]}},"_links":{"self":[{"href":"https:\/\/www.datagrandest.fr\/site\/wp-json\/wp\/v2\/evenement\/1315","targetHints":{"allow":["GET"]}}],"collection":[{"href":"https:\/\/www.datagrandest.fr\/site\/wp-json\/wp\/v2\/evenement"}],"about":[{"href":"https:\/\/www.datagrandest.fr\/site\/wp-json\/wp\/v2\/types\/evenement"}],"version-history":[{"count":3,"href":"https:\/\/www.datagrandest.fr\/site\/wp-json\/wp\/v2\/evenement\/1315\/revisions"}],"predecessor-version":[{"id":5408,"href":"https:\/\/www.datagrandest.fr\/site\/wp-json\/wp\/v2\/evenement\/1315\/revisions\/5408"}],"wp:attachment":[{"href":"https:\/\/www.datagrandest.fr\/site\/wp-json\/wp\/v2\/media?parent=1315"}],"wp:term":[{"taxonomy":"periode","embeddable":true,"href":"https:\/\/www.datagrandest.fr\/site\/wp-json\/wp\/v2\/periode?post=1315"},{"taxonomy":"source","embeddable":true,"href":"https:\/\/www.datagrandest.fr\/site\/wp-json\/wp\/v2\/source?post=1315"},{"taxonomy":"thematique_globale","embeddable":true,"href":"https:\/\/www.datagrandest.fr\/site\/wp-json\/wp\/v2\/thematique_globale?post=1315"},{"taxonomy":"type_evenement","embeddable":true,"href":"https:\/\/www.datagrandest.fr\/site\/wp-json\/wp\/v2\/type_evenement?post=1315"}],"curies":[{"name":"wp","href":"https:\/\/api.w.org\/{rel}","templated":true}]}}

DataGrandEst au Festival International de Géographie (FIG)

<span style="font-size: 16px;">La DDT et le CD 88 seront présents aux côtés de la DREAL et de la Région lors du Festival International de Géographie de St-Dié-des-Vosges les 4, 5 et 6 octobre 2024, dans le cadre de l'animation de la démarche DataGrandEst.
Venez découvrir le stand, ainsi que 2 mini-conférences à l'Espace Géo Numérique :</span>
<ul>
 	<li><span style="font-size: 16px;"><strong>Vendredi 4 octobre à 17h00 : Qui l'eût "crues" ?</strong>
A la recherche des indices après une inondation. Le risque d'inondation a toujours été une réalité pour les territoires traversés par des cours d'eau, avec des conséquences parfois très importantes. Or, une crue laisse des traces de son passage sur les terres qu'elle submerge. Où, comment et pourquoi recueillir ces indices ? Venez participer à l'enquête !
<em>Julien OSTER - Chef du bureau données méthodes / Adjoint à la cheffe de service SCTS - Direction Départementale des Territoires des Vosges (DDT 88)</em></span></li>
 	<li><span style="font-size: 16px;"><strong>Samedi 5 octobre à 12h00 : Quelle urbanisation dans les Vosges ? Explorons l’évolution de votre territoire</strong>
Les  territoires évoluent. Venez découvrir et explorer, grâce à des outils simples, une cartographie de l’occupation du sol et de son évolution au cours du temps, de 2010 à nos jours.
<em>Marie Christine SCHOTT – Cheffe de la Mission Appui au Pilotage et management de la Donnée - Délégation à l’Innovation et à la Modernisation de l’Action Publique - Région Grand Est</em></span></li>
</ul>
<span style="font-size: 16px;">Au plaisir de vous y rencontrer !</span>

&nbsp;
<h3>Date</h3>
<span style="font-size: 16px;">Du vendredi 4 au dimanche 6 octobre 2024 </span>

<span style="font-size: 16px;">De 9h00 à 17h30</span>

&nbsp;
<h3>Lieu de l'évenement</h3>
<span style="font-size: 16px;">Festival International de Géographie de St-Dié-des-Vosges - Salon Géo Numérique</span>

<span style="font-size: 16px;">Espace françois Mitterrand</span>

<span style="font-size: 16px;">Rue du 11 Novembre 1918</span>

<span style="font-size: 16px;">88100 Saint-Dié-des-Vosges</span>

&nbsp;
<h3>Plus d'information</h3>
<span style="font-size: 16px;">Site web du <a href="https://fig.saint-die-des-vosges.fr/espace-geo-numerique/">Festival International de GéoGraphie / Espace Géo-Numérique</a></span>

&nbsp;

Saint Dié Des Vosges

<!-- This site is optimized with the Yoast SEO plugin v27.4 - https://yoast.com/product/yoast-seo-wordpress/ -->
<title>DataGrandEst au Festival International de Géographie (FIG) - DataGrandEst</title>
<meta name="robots" content="index, follow, max-snippet:-1, max-image-preview:large, max-video-preview:-1" />
<link rel="canonical" href="https://www.datagrandest.fr/site/evenement/datagrandest-au-festival-international-de-geographie-fig/" />
<meta property="og:locale" content="fr_FR" />
<meta property="og:type" content="article" />
<meta property="og:title" content="DataGrandEst au Festival International de Géographie (FIG) - DataGrandEst" />
<meta property="og:url" content="https://www.datagrandest.fr/site/evenement/datagrandest-au-festival-international-de-geographie-fig/" />
<meta property="og:site_name" content="DataGrandEst" />
<meta property="article:modified_time" content="2026-03-30T08:00:33+00:00" />
<meta name="twitter:card" content="summary_large_image" />
<meta name="twitter:label1" content="Durée de lecture estimée" />
	<meta name="twitter:data1" content="2 minutes" />
<script type="application/ld+json" class="yoast-schema-graph">{"@context":"https:\/\/schema.org","@graph":[{"@type":"WebPage","@id":"https:\/\/www.datagrandest.fr\/site\/evenement\/datagrandest-au-festival-international-de-geographie-fig\/","url":"https:\/\/www.datagrandest.fr\/site\/evenement\/datagrandest-au-festival-international-de-geographie-fig\/","name":"DataGrandEst au Festival International de Géographie (FIG) - DataGrandEst","isPartOf":{"@id":"https:\/\/www.datagrandest.fr\/site\/#website"},"datePublished":"2024-09-17T08:16:07+00:00","dateModified":"2026-03-30T08:00:33+00:00","breadcrumb":{"@id":"https:\/\/www.datagrandest.fr\/site\/evenement\/datagrandest-au-festival-international-de-geographie-fig\/#breadcrumb"},"inLanguage":"fr-FR","potentialAction":[{"@type":"ReadAction","target":["https:\/\/www.datagrandest.fr\/site\/evenement\/datagrandest-au-festival-international-de-geographie-fig\/"]}]},{"@type":"BreadcrumbList","@id":"https:\/\/www.datagrandest.fr\/site\/evenement\/datagrandest-au-festival-international-de-geographie-fig\/#breadcrumb","itemListElement":[{"@type":"ListItem","position":1,"name":"Accueil","item":"https:\/\/www.datagrandest.fr\/site\/"},{"@type":"ListItem","position":2,"name":"Événements","item":"https:\/\/www.datagrandest.fr\/site\/evenement\/"},{"@type":"ListItem","position":3,"name":"DataGrandEst au Festival International de Géographie (FIG)"}]},{"@type":"WebSite","@id":"https:\/\/www.datagrandest.fr\/site\/#website","url":"https:\/\/www.datagrandest.fr\/site\/","name":"DataGrandEst","description":"","potentialAction":[{"@type":"SearchAction","target":{"@type":"EntryPoint","urlTemplate":"https:\/\/www.datagrandest.fr\/site\/?s={search_term_string}"},"query-input":{"@type":"PropertyValueSpecification","valueRequired":true,"valueName":"search_term_string"}}],"inLanguage":"fr-FR"}]}</script>
<!-- / Yoast SEO plugin. -->

DataGrandEst au Festival International de Géographie (FIG) - DataGrandEst

Événements
