{"id":1322,"date":"2024-07-10T08:08:32","date_gmt":"2024-07-10T06:08:32","guid":{"rendered":"https:\/\/dev.datagrandest.fr\/site\/evenement\/journee-departementale-de-la-donnee-en-meuse\/"},"modified":"2026-03-23T17:22:58","modified_gmt":"2026-03-23T16:22:58","slug":"journee-departementale-de-la-donnee-en-meuse","status":"publish","type":"evenement","link":"https:\/\/www.datagrandest.fr\/site\/evenement\/journee-departementale-de-la-donnee-en-meuse\/","title":{"rendered":"Journ\u00e9e d\u00e9partementale de la donn\u00e9e en Meuse"},"template":"","meta":{"_acf_changed":false,"_relevanssi_hide_post":"","_relevanssi_hide_content":"","_relevanssi_pin_for_all":"","_relevanssi_pin_keywords":"","_relevanssi_unpin_keywords":"","_relevanssi_related_keywords":"","_relevanssi_related_include_ids":"","_relevanssi_related_exclude_ids":"","_relevanssi_related_no_append":"","_relevanssi_related_not_related":"","_relevanssi_related_posts":"","_relevanssi_noindex_reason":""},"periode":[212],"source":[],"thematique_globale":[],"type_evenement":[147],"class_list":["post-1322","evenement","type-evenement","status-publish","hentry","periode-212","type_evenement-animation-territoriale"],"acf":{"eve_description_courte":"D\u00e9veloppons les services \u00e0 la population d\u2019aujourd\u2019hui et de demain","eve_description_longue":"<h1 class=\"rtecenter\">Journ\u00e9e d\u00e9partementale de la donn\u00e9e en Meuse<\/h1>\r\n<p class=\"rtecenter\"><span style=\"font-size: 16px;\">D\u00e9veloppons les services \u00e0 la population d\u2019aujourd\u2019hui et de demain<\/span><\/p>\r\n<p class=\"rtecenter\"><strong>____________________<\/strong><\/p>\r\n\r\n<h4 class=\"rtecenter\">Mardi 12 novembre 2024 \u00a0 |\u00a0 De 09h00 \u00e0 16h00\u00a0 |\u00a0 H\u00f4tel du D\u00e9partement - Bar-le-Duc<\/h4>\r\nSant\u00e9, tourisme, mobilit\u00e9s, transition \u00e9nerg\u00e9tique, adresses, r\u00e9seaux, risques, biodiversit\u00e9\u2026 les donn\u00e9es sont essentielles \u00e0 la bonne conduite des politiques publiques.\r\n\r\n\u00c0 travers diff\u00e9rents retours d\u2019exp\u00e9riences, d\u00e9monstrations, discussions\u2026 venez d\u00e9couvrir le potentiel des donn\u00e9es d\u00e9j\u00e0 disponibles et participer \u00e0 la communaut\u00e9 des acteurs \u00ab data \u00bb pour enrichir votre palette d\u2019outils, vos savoir-faire au service de votre territoire et de ses habitants.\r\n\r\nQue vous soyez \u00e9lu, chef de service, technicien, charg\u00e9 de mission, data scientist, g\u00e9omaticien ou simple utilisateur\u2026 cette journ\u00e9e est pour vous !\r\n<div class=\"panel panel-warning\">\r\n<div class=\"panel-heading\">\r\n<h4>Programme<\/h4>\r\n<\/div>\r\n<\/div>\r\n<strong>9h00 | Accueil des participants\u00a0<\/strong>\r\n\r\n<strong>9h30 | Mots de bienvenue par l\u2019Etat, le D\u00e9partement et Meuse Grand Sud<\/strong>\r\n\r\n<strong>09h50 | Quelles donn\u00e9es pour d\u00e9crire son territoire et son \u00e9volution ?<\/strong>\r\n<p class=\"rteindent1\">Panorama des donn\u00e9es ouvertes et utiles pour les territoires : d\u00e9couvrez votre territoire sous l\u2019angle des donn\u00e9es !\u00a0<em>\u2013 \u00a0Fabienne BERNARDIN (DDT de la Meuse)<\/em>\r\nDataGrandEst, le service public de la donn\u00e9e en Grand-Est\u00a0<em>\u2013 Eric TSCHUDY (DREAL Grand Est) et Guillaume RYCKELYNCK (R\u00e9gion Grand Est)<\/em><\/p>\r\n<strong>10h30 | Focus sur la r\u00e9glementation des donn\u00e9es<\/strong>\r\n<p class=\"rteindent1\">Tout ce que vous avez toujours voulu savoir, sans jamais oser le demander, sur :\r\n\u2022\u00a0\u00a0 \u00a0Le RGPD<em> \u2013 Jean-S\u00e9bastien FIEGEL (R\u00e9gion Grand Est)<\/em>\r\n\u2022\u00a0\u00a0 \u00a0L\u2019adressage<em> \u2013 Olivier BOURREAU (ANCT)<\/em>\r\n\u2022\u00a0\u00a0 \u00a0Le PCRS <em>\u2013 Jean-Pierre RODRIGUEZ (R\u00e9gion Grand Est)<\/em><\/p>\r\n<strong>11h15 | Les futurs de l\u2019IA : faut-il en avoir peur ? quelles en sont les opportunit\u00e9s ?\u00a0<\/strong>\r\n<p class=\"rteindent1\">Eclairage sur les fondamentaux de l\u2019intelligence artificielle et ses apports pour une meilleure connaissance du territoire\u00a0<em>\u2013 Nicolas MINVIELLE (Making Tomorrow)<\/em><\/p>\r\n<strong>12h15 | Animation, d\u00e9jeuner et r\u00e9seautage\u00a0<\/strong>\r\n\r\n<strong>13h45 | Ateliers interactifs : exemples de services offerts gr\u00e2ce aux donn\u00e9es<\/strong>\r\n<p class=\"rteindent1\">\u2022\u00a0\u00a0 \u00a0Les donn\u00e9es au service de l'am\u00e9nagement et du d\u00e9veloppement des territoires : l\u2019exemple du tourisme <em>\u2013 Guillaume MOIZAN (Meuse Attractivit\u00e9)<\/em>\r\n\u2022\u00a0\u00a0 \u00a0La souverainet\u00e9 des donn\u00e9es : le cas des donn\u00e9es de sant\u00e9 <em>\u2013 Jean-Pascal PIERME\u00a0(eMeuse sant\u00e9)<\/em><\/p>\r\n<strong>15h45 | Conclusion de la journ\u00e9e<\/strong>\r\n<div class=\"panel panel-warning\">\r\n<div class=\"panel-heading\">\r\n<h4>Se rendre \u00e0 l'\u00e9v\u00e9nement<\/h4>\r\n<\/div>\r\n<\/div>\r\n<b>H\u00f4tel du D\u00e9partemental de la Meuse<\/b>\r\nPlace Pierre Fran\u00e7ois Gossin\r\n55012 Bar Le Duc\r\n<p class=\"rtecenter\"><\/p>","eve_lieu":"","eve_date":"20241112","eve_date_fin":"20241112","eve_heure_de_debut":"09:00:00","eve_heure_de_fin":"16:00:00","eve_pour_aller_plus_loin":"<section class=\"col-md-8-half\">\r\n<div class=\"region region-content\"><section id=\"block-system-main\" class=\"block block-system clearfix\"><article id=\"node-4316\" class=\"node node-document clearfix\">\r\n<div class=\"field field-name-body field-type-text-with-summary field-label-hidden\">\r\n<div class=\"field-items\">\r\n<div class=\"field-item even\">\r\n<h2><strong>Revue de presse<\/strong><\/h2>\r\nConsulter l'<a href=\"https:\/\/www.datagrandest.fr\/public\/cms\/jd55_20241112\/DGE_JD55_ARTICLE_EST_REPUBLICAIN_20241114.png\">article de l'Est R\u00e9publicain<\/a>\r\n\r\n<\/div>\r\n<\/div>\r\n<\/div>\r\n<\/article><\/section><\/div>\r\n<\/section><aside class=\"col-md-3-half\" role=\"complementary\">\r\n<div class=\"region region-sidebar-first\"><section id=\"block-views-acc-s-aux-outils-block-4\" class=\"block block-views les-outils clearfix\"><\/section><section id=\"block-views-acc-s-aux-outils-block-3\" class=\"block block-views acces-rapide clearfix\">\r\n<div class=\"view view-acc-s-aux-outils view-id-acc_s_aux_outils view-display-id-block_3 view-dom-id-ac8f3fcbc386c334eb3a1bfb23c61e23\">\r\n<div class=\"view-content\">\r\n<div class=\"views-row views-row-3 views-row-odd views-row-last\">\r\n<div><\/div>\r\n<\/div>\r\n<\/div>\r\n<\/div>\r\n<\/section><\/div>\r\n<\/aside>","eve_animation":true,"glo_image":2465,"glo_intro":"","glo_car_surcharge_titre":"","glo_car_surcharge_lien":""},"yoast_head":"<!-- This site is optimized with the Yoast SEO plugin v27.4 - https:\/\/yoast.com\/product\/yoast-seo-wordpress\/ -->\n<title>Journ\u00e9e d\u00e9partementale de la donn\u00e9e en Meuse - DataGrandEst<\/title>\n<meta name=\"robots\" content=\"index, follow, max-snippet:-1, max-image-preview:large, max-video-preview:-1\" \/>\n<link rel=\"canonical\" href=\"https:\/\/www.datagrandest.fr\/site\/evenement\/journee-departementale-de-la-donnee-en-meuse\/\" \/>\n<meta property=\"og:locale\" content=\"fr_FR\" \/>\n<meta property=\"og:type\" content=\"article\" \/>\n<meta property=\"og:title\" content=\"Journ\u00e9e d\u00e9partementale de la donn\u00e9e en Meuse - DataGrandEst\" \/>\n<meta property=\"og:url\" content=\"https:\/\/www.datagrandest.fr\/site\/evenement\/journee-departementale-de-la-donnee-en-meuse\/\" \/>\n<meta property=\"og:site_name\" content=\"DataGrandEst\" \/>\n<meta property=\"article:modified_time\" content=\"2026-03-23T16:22:58+00:00\" \/>\n<meta name=\"twitter:card\" content=\"summary_large_image\" \/>\n<meta name=\"twitter:label1\" content=\"Dur\u00e9e de lecture estim\u00e9e\" \/>\n\t<meta name=\"twitter:data1\" content=\"3 minutes\" \/>\n<script type=\"application\/ld+json\" class=\"yoast-schema-graph\">{\"@context\":\"https:\\\/\\\/schema.org\",\"@graph\":[{\"@type\":\"WebPage\",\"@id\":\"https:\\\/\\\/www.datagrandest.fr\\\/site\\\/evenement\\\/journee-departementale-de-la-donnee-en-meuse\\\/\",\"url\":\"https:\\\/\\\/www.datagrandest.fr\\\/site\\\/evenement\\\/journee-departementale-de-la-donnee-en-meuse\\\/\",\"name\":\"Journ\u00e9e d\u00e9partementale de la donn\u00e9e en Meuse - DataGrandEst\",\"isPartOf\":{\"@id\":\"https:\\\/\\\/www.datagrandest.fr\\\/site\\\/#website\"},\"datePublished\":\"2024-07-10T06:08:32+00:00\",\"dateModified\":\"2026-03-23T16:22:58+00:00\",\"breadcrumb\":{\"@id\":\"https:\\\/\\\/www.datagrandest.fr\\\/site\\\/evenement\\\/journee-departementale-de-la-donnee-en-meuse\\\/#breadcrumb\"},\"inLanguage\":\"fr-FR\",\"potentialAction\":[{\"@type\":\"ReadAction\",\"target\":[\"https:\\\/\\\/www.datagrandest.fr\\\/site\\\/evenement\\\/journee-departementale-de-la-donnee-en-meuse\\\/\"]}]},{\"@type\":\"BreadcrumbList\",\"@id\":\"https:\\\/\\\/www.datagrandest.fr\\\/site\\\/evenement\\\/journee-departementale-de-la-donnee-en-meuse\\\/#breadcrumb\",\"itemListElement\":[{\"@type\":\"ListItem\",\"position\":1,\"name\":\"Accueil\",\"item\":\"https:\\\/\\\/www.datagrandest.fr\\\/site\\\/\"},{\"@type\":\"ListItem\",\"position\":2,\"name\":\"\u00c9v\u00e9nements\",\"item\":\"https:\\\/\\\/www.datagrandest.fr\\\/site\\\/evenement\\\/\"},{\"@type\":\"ListItem\",\"position\":3,\"name\":\"Journ\u00e9e d\u00e9partementale de la donn\u00e9e en Meuse\"}]},{\"@type\":\"WebSite\",\"@id\":\"https:\\\/\\\/www.datagrandest.fr\\\/site\\\/#website\",\"url\":\"https:\\\/\\\/www.datagrandest.fr\\\/site\\\/\",\"name\":\"DataGrandEst\",\"description\":\"\",\"potentialAction\":[{\"@type\":\"SearchAction\",\"target\":{\"@type\":\"EntryPoint\",\"urlTemplate\":\"https:\\\/\\\/www.datagrandest.fr\\\/site\\\/?s={search_term_string}\"},\"query-input\":{\"@type\":\"PropertyValueSpecification\",\"valueRequired\":true,\"valueName\":\"search_term_string\"}}],\"inLanguage\":\"fr-FR\"}]}<\/script>\n<!-- \/ Yoast SEO plugin. -->","yoast_head_json":{"title":"Journ\u00e9e d\u00e9partementale de la donn\u00e9e en Meuse - DataGrandEst","robots":{"index":"index","follow":"follow","max-snippet":"max-snippet:-1","max-image-preview":"max-image-preview:large","max-video-preview":"max-video-preview:-1"},"canonical":"https:\/\/www.datagrandest.fr\/site\/evenement\/journee-departementale-de-la-donnee-en-meuse\/","og_locale":"fr_FR","og_type":"article","og_title":"Journ\u00e9e d\u00e9partementale de la donn\u00e9e en Meuse - DataGrandEst","og_url":"https:\/\/www.datagrandest.fr\/site\/evenement\/journee-departementale-de-la-donnee-en-meuse\/","og_site_name":"DataGrandEst","article_modified_time":"2026-03-23T16:22:58+00:00","twitter_card":"summary_large_image","twitter_misc":{"Dur\u00e9e de lecture estim\u00e9e":"3 minutes"},"schema":{"@context":"https:\/\/schema.org","@graph":[{"@type":"WebPage","@id":"https:\/\/www.datagrandest.fr\/site\/evenement\/journee-departementale-de-la-donnee-en-meuse\/","url":"https:\/\/www.datagrandest.fr\/site\/evenement\/journee-departementale-de-la-donnee-en-meuse\/","name":"Journ\u00e9e d\u00e9partementale de la donn\u00e9e en Meuse - DataGrandEst","isPartOf":{"@id":"https:\/\/www.datagrandest.fr\/site\/#website"},"datePublished":"2024-07-10T06:08:32+00:00","dateModified":"2026-03-23T16:22:58+00:00","breadcrumb":{"@id":"https:\/\/www.datagrandest.fr\/site\/evenement\/journee-departementale-de-la-donnee-en-meuse\/#breadcrumb"},"inLanguage":"fr-FR","potentialAction":[{"@type":"ReadAction","target":["https:\/\/www.datagrandest.fr\/site\/evenement\/journee-departementale-de-la-donnee-en-meuse\/"]}]},{"@type":"BreadcrumbList","@id":"https:\/\/www.datagrandest.fr\/site\/evenement\/journee-departementale-de-la-donnee-en-meuse\/#breadcrumb","itemListElement":[{"@type":"ListItem","position":1,"name":"Accueil","item":"https:\/\/www.datagrandest.fr\/site\/"},{"@type":"ListItem","position":2,"name":"\u00c9v\u00e9nements","item":"https:\/\/www.datagrandest.fr\/site\/evenement\/"},{"@type":"ListItem","position":3,"name":"Journ\u00e9e d\u00e9partementale de la donn\u00e9e en Meuse"}]},{"@type":"WebSite","@id":"https:\/\/www.datagrandest.fr\/site\/#website","url":"https:\/\/www.datagrandest.fr\/site\/","name":"DataGrandEst","description":"","potentialAction":[{"@type":"SearchAction","target":{"@type":"EntryPoint","urlTemplate":"https:\/\/www.datagrandest.fr\/site\/?s={search_term_string}"},"query-input":{"@type":"PropertyValueSpecification","valueRequired":true,"valueName":"search_term_string"}}],"inLanguage":"fr-FR"}]}},"_links":{"self":[{"href":"https:\/\/www.datagrandest.fr\/site\/wp-json\/wp\/v2\/evenement\/1322","targetHints":{"allow":["GET"]}}],"collection":[{"href":"https:\/\/www.datagrandest.fr\/site\/wp-json\/wp\/v2\/evenement"}],"about":[{"href":"https:\/\/www.datagrandest.fr\/site\/wp-json\/wp\/v2\/types\/evenement"}],"version-history":[{"count":4,"href":"https:\/\/www.datagrandest.fr\/site\/wp-json\/wp\/v2\/evenement\/1322\/revisions"}],"predecessor-version":[{"id":5183,"href":"https:\/\/www.datagrandest.fr\/site\/wp-json\/wp\/v2\/evenement\/1322\/revisions\/5183"}],"wp:attachment":[{"href":"https:\/\/www.datagrandest.fr\/site\/wp-json\/wp\/v2\/media?parent=1322"}],"wp:term":[{"taxonomy":"periode","embeddable":true,"href":"https:\/\/www.datagrandest.fr\/site\/wp-json\/wp\/v2\/periode?post=1322"},{"taxonomy":"source","embeddable":true,"href":"https:\/\/www.datagrandest.fr\/site\/wp-json\/wp\/v2\/source?post=1322"},{"taxonomy":"thematique_globale","embeddable":true,"href":"https:\/\/www.datagrandest.fr\/site\/wp-json\/wp\/v2\/thematique_globale?post=1322"},{"taxonomy":"type_evenement","embeddable":true,"href":"https:\/\/www.datagrandest.fr\/site\/wp-json\/wp\/v2\/type_evenement?post=1322"}],"curies":[{"name":"wp","href":"https:\/\/api.w.org\/{rel}","templated":true}]}}

Journée départementale de la donnée en Meuse

Développons les services à la population d’aujourd’hui et de demain

<h1 class="rtecenter">Journée départementale de la donnée en Meuse</h1>
<p class="rtecenter"><span style="font-size: 16px;">Développons les services à la population d’aujourd’hui et de demain</span></p>
<p class="rtecenter"><strong>____________________</strong></p>

<h4 class="rtecenter">Mardi 12 novembre 2024   |  De 09h00 à 16h00  |  Hôtel du Département - Bar-le-Duc</h4>
Santé, tourisme, mobilités, transition énergétique, adresses, réseaux, risques, biodiversité… les données sont essentielles à la bonne conduite des politiques publiques.

À travers différents retours d’expériences, démonstrations, discussions… venez découvrir le potentiel des données déjà disponibles et participer à la communauté des acteurs « data » pour enrichir votre palette d’outils, vos savoir-faire au service de votre territoire et de ses habitants.

Que vous soyez élu, chef de service, technicien, chargé de mission, data scientist, géomaticien ou simple utilisateur… cette journée est pour vous !
<div class="panel panel-warning">
<div class="panel-heading">
<h4>Programme</h4>
</div>
</div>
<strong>9h00 | Accueil des participants </strong>

<strong>9h30 | Mots de bienvenue par l’Etat, le Département et Meuse Grand Sud</strong>

<strong>09h50 | Quelles données pour décrire son territoire et son évolution ?</strong>
<p class="rteindent1">Panorama des données ouvertes et utiles pour les territoires : découvrez votre territoire sous l’angle des données ! <em>–  Fabienne BERNARDIN (DDT de la Meuse)</em>
DataGrandEst, le service public de la donnée en Grand-Est <em>– Eric TSCHUDY (DREAL Grand Est) et Guillaume RYCKELYNCK (Région Grand Est)</em></p>
<strong>10h30 | Focus sur la réglementation des données</strong>
<p class="rteindent1">Tout ce que vous avez toujours voulu savoir, sans jamais oser le demander, sur :
•    Le RGPD<em> – Jean-Sébastien FIEGEL (Région Grand Est)</em>
•    L’adressage<em> – Olivier BOURREAU (ANCT)</em>
•    Le PCRS <em>– Jean-Pierre RODRIGUEZ (Région Grand Est)</em></p>
<strong>11h15 | Les futurs de l’IA : faut-il en avoir peur ? quelles en sont les opportunités ? </strong>
<p class="rteindent1">Eclairage sur les fondamentaux de l’intelligence artificielle et ses apports pour une meilleure connaissance du territoire <em>– Nicolas MINVIELLE (Making Tomorrow)</em></p>
<strong>12h15 | Animation, déjeuner et réseautage </strong>

<strong>13h45 | Ateliers interactifs : exemples de services offerts grâce aux données</strong>
<p class="rteindent1">•    Les données au service de l'aménagement et du développement des territoires : l’exemple du tourisme <em>– Guillaume MOIZAN (Meuse Attractivité)</em>
•    La souveraineté des données : le cas des données de santé <em>– Jean-Pascal PIERME (eMeuse santé)</em></p>
<strong>15h45 | Conclusion de la journée</strong>
<div class="panel panel-warning">
<div class="panel-heading">
<h4>Se rendre à l'événement</h4>
</div>
</div>
<b>Hôtel du Départemental de la Meuse</b>
Place Pierre François Gossin
55012 Bar Le Duc
<p class="rtecenter"></p>

<section class="col-md-8-half">
<div class="region region-content"><section id="block-system-main" class="block block-system clearfix"><article id="node-4316" class="node node-document clearfix">
<div class="field field-name-body field-type-text-with-summary field-label-hidden">
<div class="field-items">
<div class="field-item even">
<h2><strong>Revue de presse</strong></h2>
Consulter l'<a href="https://www.datagrandest.fr/public/cms/jd55_20241112/DGE_JD55_ARTICLE_EST_REPUBLICAIN_20241114.png">article de l'Est Républicain</a>

</div>
</div>
</div>
</article></section></div>
</section><aside class="col-md-3-half" role="complementary">
<div class="region region-sidebar-first"><section id="block-views-acc-s-aux-outils-block-4" class="block block-views les-outils clearfix"></section><section id="block-views-acc-s-aux-outils-block-3" class="block block-views acces-rapide clearfix">
<div class="view view-acc-s-aux-outils view-id-acc_s_aux_outils view-display-id-block_3 view-dom-id-ac8f3fcbc386c334eb3a1bfb23c61e23">
<div class="view-content">
<div class="views-row views-row-3 views-row-odd views-row-last">
<div></div>
</div>
</div>
</div>
</section></div>
</aside>

<!-- This site is optimized with the Yoast SEO plugin v27.4 - https://yoast.com/product/yoast-seo-wordpress/ -->
<title>Journée départementale de la donnée en Meuse - DataGrandEst</title>
<meta name="robots" content="index, follow, max-snippet:-1, max-image-preview:large, max-video-preview:-1" />
<link rel="canonical" href="https://www.datagrandest.fr/site/evenement/journee-departementale-de-la-donnee-en-meuse/" />
<meta property="og:locale" content="fr_FR" />
<meta property="og:type" content="article" />
<meta property="og:title" content="Journée départementale de la donnée en Meuse - DataGrandEst" />
<meta property="og:url" content="https://www.datagrandest.fr/site/evenement/journee-departementale-de-la-donnee-en-meuse/" />
<meta property="og:site_name" content="DataGrandEst" />
<meta property="article:modified_time" content="2026-03-23T16:22:58+00:00" />
<meta name="twitter:card" content="summary_large_image" />
<meta name="twitter:label1" content="Durée de lecture estimée" />
	<meta name="twitter:data1" content="3 minutes" />
<script type="application/ld+json" class="yoast-schema-graph">{"@context":"https:\/\/schema.org","@graph":[{"@type":"WebPage","@id":"https:\/\/www.datagrandest.fr\/site\/evenement\/journee-departementale-de-la-donnee-en-meuse\/","url":"https:\/\/www.datagrandest.fr\/site\/evenement\/journee-departementale-de-la-donnee-en-meuse\/","name":"Journée départementale de la donnée en Meuse - DataGrandEst","isPartOf":{"@id":"https:\/\/www.datagrandest.fr\/site\/#website"},"datePublished":"2024-07-10T06:08:32+00:00","dateModified":"2026-03-23T16:22:58+00:00","breadcrumb":{"@id":"https:\/\/www.datagrandest.fr\/site\/evenement\/journee-departementale-de-la-donnee-en-meuse\/#breadcrumb"},"inLanguage":"fr-FR","potentialAction":[{"@type":"ReadAction","target":["https:\/\/www.datagrandest.fr\/site\/evenement\/journee-departementale-de-la-donnee-en-meuse\/"]}]},{"@type":"BreadcrumbList","@id":"https:\/\/www.datagrandest.fr\/site\/evenement\/journee-departementale-de-la-donnee-en-meuse\/#breadcrumb","itemListElement":[{"@type":"ListItem","position":1,"name":"Accueil","item":"https:\/\/www.datagrandest.fr\/site\/"},{"@type":"ListItem","position":2,"name":"Événements","item":"https:\/\/www.datagrandest.fr\/site\/evenement\/"},{"@type":"ListItem","position":3,"name":"Journée départementale de la donnée en Meuse"}]},{"@type":"WebSite","@id":"https:\/\/www.datagrandest.fr\/site\/#website","url":"https:\/\/www.datagrandest.fr\/site\/","name":"DataGrandEst","description":"","potentialAction":[{"@type":"SearchAction","target":{"@type":"EntryPoint","urlTemplate":"https:\/\/www.datagrandest.fr\/site\/?s={search_term_string}"},"query-input":{"@type":"PropertyValueSpecification","valueRequired":true,"valueName":"search_term_string"}}],"inLanguage":"fr-FR"}]}</script>
<!-- / Yoast SEO plugin. -->

Journée départementale de la donnée en Meuse - DataGrandEst

Événements
