{"id":1328,"date":"2024-05-15T07:50:44","date_gmt":"2024-05-15T05:50:44","guid":{"rendered":"https:\/\/dev.datagrandest.fr\/site\/evenement\/groupe-de-travail-ouvre-les-donnees-budgetaires-de-ta-collectivite\/"},"modified":"2026-03-30T10:04:54","modified_gmt":"2026-03-30T08:04:54","slug":"groupe-de-travail-ouvre-les-donnees-budgetaires-de-ta-collectivite","status":"publish","type":"evenement","link":"https:\/\/www.datagrandest.fr\/site\/evenement\/groupe-de-travail-ouvre-les-donnees-budgetaires-de-ta-collectivite\/","title":{"rendered":"GROUPE DE TRAVAIL &#8211; Ouvre les donn\u00e9es budg\u00e9taires de ta collectivit\u00e9"},"template":"","meta":{"_acf_changed":false,"_relevanssi_hide_post":"","_relevanssi_hide_content":"","_relevanssi_pin_for_all":"","_relevanssi_pin_keywords":"","_relevanssi_unpin_keywords":"","_relevanssi_related_keywords":"","_relevanssi_related_include_ids":"","_relevanssi_related_exclude_ids":"","_relevanssi_related_no_append":"","_relevanssi_related_not_related":"","_relevanssi_related_posts":"","_relevanssi_noindex_reason":""},"periode":[212],"source":[],"thematique_globale":[],"type_evenement":[230],"class_list":["post-1328","evenement","type-evenement","status-publish","hentry","periode-212","type_evenement-groupe-de-travail"],"acf":{"eve_description_courte":"","eve_description_longue":"<h1 class=\"rtecenter\">GROUPE DE TRAVAIL<\/h1>\r\n<h3 class=\"style-editeur rtecenter\">Ouverture des donn\u00e9es budg\u00e9taires des collectivit\u00e9s<\/h3>\r\n<h3>Date<\/h3>\r\nVendredi 25 juin 2024\r\n\r\nDe 10h30 \u00e0 12h00\r\n\r\n&nbsp;\r\n<h3>Lieu de l'\u00e9v\u00e9nement<\/h3>\r\nCette r\u00e9union aura lie en visioconf\u00e9rence.\r\nLes lien de connexion sera transmis aux participants en temps utile.\r\n\r\nInt\u00e9ress\u00e9 pour participer, il vous suffit de <a href=\"\/site\/fr\/projets\/ouvre-donnees-budgetaires-ta-collectivite\">vous inscrire<\/a> au groupe de travail.\r\n\r\n&nbsp;\r\n<h3>Programme<\/h3>\r\nL'ordre du jour final et le support de pr\u00e9sentaiton seront transmis aux personnes du groupe de travail 1 semaine avant la r\u00e9union.\r\nLes principaux points abord\u00e9s concerneront:\r\n<ul>\r\n \t<li>L'actualit\u00e9 de l'open data<\/li>\r\n \t<li>La publication des donn\u00e9es budg\u00e9taires sur DataGrandEst<\/li>\r\n \t<li>La finalisation du flyer sur l'ouverture des donn\u00e9es<\/li>\r\n \t<li>L'\u00e9ditorialisation des contenu produits dans le cadre du projet<\/li>\r\n<\/ul>\r\n&nbsp;\r\n<h3>Rendez-vous manqu\u00e9<\/h3>\r\nPour rester inform\u00e9,\u00a0 il vous suffit de inscrivez-vous au groupe de travail.","eve_lieu":"visio","eve_date":"20240625","eve_date_fin":"20240625","eve_heure_de_debut":"10:30:00","eve_heure_de_fin":"12:00:00","eve_pour_aller_plus_loin":"","eve_animation":false,"glo_image":5396,"glo_intro":"","glo_car_surcharge_titre":"","glo_car_surcharge_lien":""},"yoast_head":"<!-- This site is optimized with the Yoast SEO plugin v27.4 - https:\/\/yoast.com\/product\/yoast-seo-wordpress\/ -->\n<title>GROUPE DE TRAVAIL - Ouvre les donn\u00e9es budg\u00e9taires de ta collectivit\u00e9 - DataGrandEst<\/title>\n<meta name=\"robots\" content=\"index, follow, max-snippet:-1, max-image-preview:large, max-video-preview:-1\" \/>\n<link rel=\"canonical\" href=\"https:\/\/www.datagrandest.fr\/site\/evenement\/groupe-de-travail-ouvre-les-donnees-budgetaires-de-ta-collectivite\/\" \/>\n<meta property=\"og:locale\" content=\"fr_FR\" \/>\n<meta property=\"og:type\" content=\"article\" \/>\n<meta property=\"og:title\" content=\"GROUPE DE TRAVAIL - Ouvre les donn\u00e9es budg\u00e9taires de ta collectivit\u00e9 - DataGrandEst\" \/>\n<meta property=\"og:url\" content=\"https:\/\/www.datagrandest.fr\/site\/evenement\/groupe-de-travail-ouvre-les-donnees-budgetaires-de-ta-collectivite\/\" \/>\n<meta property=\"og:site_name\" content=\"DataGrandEst\" \/>\n<meta property=\"article:modified_time\" content=\"2026-03-30T08:04:54+00:00\" \/>\n<meta name=\"twitter:card\" content=\"summary_large_image\" \/>\n<meta name=\"twitter:label1\" content=\"Dur\u00e9e de lecture estim\u00e9e\" \/>\n\t<meta name=\"twitter:data1\" content=\"1 minute\" \/>\n<script type=\"application\/ld+json\" class=\"yoast-schema-graph\">{\"@context\":\"https:\\\/\\\/schema.org\",\"@graph\":[{\"@type\":\"WebPage\",\"@id\":\"https:\\\/\\\/www.datagrandest.fr\\\/site\\\/evenement\\\/groupe-de-travail-ouvre-les-donnees-budgetaires-de-ta-collectivite\\\/\",\"url\":\"https:\\\/\\\/www.datagrandest.fr\\\/site\\\/evenement\\\/groupe-de-travail-ouvre-les-donnees-budgetaires-de-ta-collectivite\\\/\",\"name\":\"GROUPE DE TRAVAIL - Ouvre les donn\u00e9es budg\u00e9taires de ta collectivit\u00e9 - DataGrandEst\",\"isPartOf\":{\"@id\":\"https:\\\/\\\/www.datagrandest.fr\\\/site\\\/#website\"},\"datePublished\":\"2024-05-15T05:50:44+00:00\",\"dateModified\":\"2026-03-30T08:04:54+00:00\",\"breadcrumb\":{\"@id\":\"https:\\\/\\\/www.datagrandest.fr\\\/site\\\/evenement\\\/groupe-de-travail-ouvre-les-donnees-budgetaires-de-ta-collectivite\\\/#breadcrumb\"},\"inLanguage\":\"fr-FR\",\"potentialAction\":[{\"@type\":\"ReadAction\",\"target\":[\"https:\\\/\\\/www.datagrandest.fr\\\/site\\\/evenement\\\/groupe-de-travail-ouvre-les-donnees-budgetaires-de-ta-collectivite\\\/\"]}]},{\"@type\":\"BreadcrumbList\",\"@id\":\"https:\\\/\\\/www.datagrandest.fr\\\/site\\\/evenement\\\/groupe-de-travail-ouvre-les-donnees-budgetaires-de-ta-collectivite\\\/#breadcrumb\",\"itemListElement\":[{\"@type\":\"ListItem\",\"position\":1,\"name\":\"Accueil\",\"item\":\"https:\\\/\\\/www.datagrandest.fr\\\/site\\\/\"},{\"@type\":\"ListItem\",\"position\":2,\"name\":\"\u00c9v\u00e9nements\",\"item\":\"https:\\\/\\\/www.datagrandest.fr\\\/site\\\/evenement\\\/\"},{\"@type\":\"ListItem\",\"position\":3,\"name\":\"GROUPE DE TRAVAIL &#8211; Ouvre les donn\u00e9es budg\u00e9taires de ta collectivit\u00e9\"}]},{\"@type\":\"WebSite\",\"@id\":\"https:\\\/\\\/www.datagrandest.fr\\\/site\\\/#website\",\"url\":\"https:\\\/\\\/www.datagrandest.fr\\\/site\\\/\",\"name\":\"DataGrandEst\",\"description\":\"\",\"potentialAction\":[{\"@type\":\"SearchAction\",\"target\":{\"@type\":\"EntryPoint\",\"urlTemplate\":\"https:\\\/\\\/www.datagrandest.fr\\\/site\\\/?s={search_term_string}\"},\"query-input\":{\"@type\":\"PropertyValueSpecification\",\"valueRequired\":true,\"valueName\":\"search_term_string\"}}],\"inLanguage\":\"fr-FR\"}]}<\/script>\n<!-- \/ Yoast SEO plugin. -->","yoast_head_json":{"title":"GROUPE DE TRAVAIL - Ouvre les donn\u00e9es budg\u00e9taires de ta collectivit\u00e9 - DataGrandEst","robots":{"index":"index","follow":"follow","max-snippet":"max-snippet:-1","max-image-preview":"max-image-preview:large","max-video-preview":"max-video-preview:-1"},"canonical":"https:\/\/www.datagrandest.fr\/site\/evenement\/groupe-de-travail-ouvre-les-donnees-budgetaires-de-ta-collectivite\/","og_locale":"fr_FR","og_type":"article","og_title":"GROUPE DE TRAVAIL - Ouvre les donn\u00e9es budg\u00e9taires de ta collectivit\u00e9 - DataGrandEst","og_url":"https:\/\/www.datagrandest.fr\/site\/evenement\/groupe-de-travail-ouvre-les-donnees-budgetaires-de-ta-collectivite\/","og_site_name":"DataGrandEst","article_modified_time":"2026-03-30T08:04:54+00:00","twitter_card":"summary_large_image","twitter_misc":{"Dur\u00e9e de lecture estim\u00e9e":"1 minute"},"schema":{"@context":"https:\/\/schema.org","@graph":[{"@type":"WebPage","@id":"https:\/\/www.datagrandest.fr\/site\/evenement\/groupe-de-travail-ouvre-les-donnees-budgetaires-de-ta-collectivite\/","url":"https:\/\/www.datagrandest.fr\/site\/evenement\/groupe-de-travail-ouvre-les-donnees-budgetaires-de-ta-collectivite\/","name":"GROUPE DE TRAVAIL - Ouvre les donn\u00e9es budg\u00e9taires de ta collectivit\u00e9 - DataGrandEst","isPartOf":{"@id":"https:\/\/www.datagrandest.fr\/site\/#website"},"datePublished":"2024-05-15T05:50:44+00:00","dateModified":"2026-03-30T08:04:54+00:00","breadcrumb":{"@id":"https:\/\/www.datagrandest.fr\/site\/evenement\/groupe-de-travail-ouvre-les-donnees-budgetaires-de-ta-collectivite\/#breadcrumb"},"inLanguage":"fr-FR","potentialAction":[{"@type":"ReadAction","target":["https:\/\/www.datagrandest.fr\/site\/evenement\/groupe-de-travail-ouvre-les-donnees-budgetaires-de-ta-collectivite\/"]}]},{"@type":"BreadcrumbList","@id":"https:\/\/www.datagrandest.fr\/site\/evenement\/groupe-de-travail-ouvre-les-donnees-budgetaires-de-ta-collectivite\/#breadcrumb","itemListElement":[{"@type":"ListItem","position":1,"name":"Accueil","item":"https:\/\/www.datagrandest.fr\/site\/"},{"@type":"ListItem","position":2,"name":"\u00c9v\u00e9nements","item":"https:\/\/www.datagrandest.fr\/site\/evenement\/"},{"@type":"ListItem","position":3,"name":"GROUPE DE TRAVAIL &#8211; Ouvre les donn\u00e9es budg\u00e9taires de ta collectivit\u00e9"}]},{"@type":"WebSite","@id":"https:\/\/www.datagrandest.fr\/site\/#website","url":"https:\/\/www.datagrandest.fr\/site\/","name":"DataGrandEst","description":"","potentialAction":[{"@type":"SearchAction","target":{"@type":"EntryPoint","urlTemplate":"https:\/\/www.datagrandest.fr\/site\/?s={search_term_string}"},"query-input":{"@type":"PropertyValueSpecification","valueRequired":true,"valueName":"search_term_string"}}],"inLanguage":"fr-FR"}]}},"_links":{"self":[{"href":"https:\/\/www.datagrandest.fr\/site\/wp-json\/wp\/v2\/evenement\/1328","targetHints":{"allow":["GET"]}}],"collection":[{"href":"https:\/\/www.datagrandest.fr\/site\/wp-json\/wp\/v2\/evenement"}],"about":[{"href":"https:\/\/www.datagrandest.fr\/site\/wp-json\/wp\/v2\/types\/evenement"}],"version-history":[{"count":3,"href":"https:\/\/www.datagrandest.fr\/site\/wp-json\/wp\/v2\/evenement\/1328\/revisions"}],"predecessor-version":[{"id":5413,"href":"https:\/\/www.datagrandest.fr\/site\/wp-json\/wp\/v2\/evenement\/1328\/revisions\/5413"}],"wp:attachment":[{"href":"https:\/\/www.datagrandest.fr\/site\/wp-json\/wp\/v2\/media?parent=1328"}],"wp:term":[{"taxonomy":"periode","embeddable":true,"href":"https:\/\/www.datagrandest.fr\/site\/wp-json\/wp\/v2\/periode?post=1328"},{"taxonomy":"source","embeddable":true,"href":"https:\/\/www.datagrandest.fr\/site\/wp-json\/wp\/v2\/source?post=1328"},{"taxonomy":"thematique_globale","embeddable":true,"href":"https:\/\/www.datagrandest.fr\/site\/wp-json\/wp\/v2\/thematique_globale?post=1328"},{"taxonomy":"type_evenement","embeddable":true,"href":"https:\/\/www.datagrandest.fr\/site\/wp-json\/wp\/v2\/type_evenement?post=1328"}],"curies":[{"name":"wp","href":"https:\/\/api.w.org\/{rel}","templated":true}]}}

GROUPE DE TRAVAIL &#8211; Ouvre les données budgétaires de ta collectivité

<h1 class="rtecenter">GROUPE DE TRAVAIL</h1>
<h3 class="style-editeur rtecenter">Ouverture des données budgétaires des collectivités</h3>
<h3>Date</h3>
Vendredi 25 juin 2024

De 10h30 à 12h00

&nbsp;
<h3>Lieu de l'événement</h3>
Cette réunion aura lie en visioconférence.
Les lien de connexion sera transmis aux participants en temps utile.

Intéressé pour participer, il vous suffit de <a href="/site/fr/projets/ouvre-donnees-budgetaires-ta-collectivite">vous inscrire</a> au groupe de travail.

&nbsp;
<h3>Programme</h3>
L'ordre du jour final et le support de présentaiton seront transmis aux personnes du groupe de travail 1 semaine avant la réunion.
Les principaux points abordés concerneront:
<ul>
 	<li>L'actualité de l'open data</li>
 	<li>La publication des données budgétaires sur DataGrandEst</li>
 	<li>La finalisation du flyer sur l'ouverture des données</li>
 	<li>L'éditorialisation des contenu produits dans le cadre du projet</li>
</ul>
&nbsp;
<h3>Rendez-vous manqué</h3>
Pour rester informé,  il vous suffit de inscrivez-vous au groupe de travail.

<!-- This site is optimized with the Yoast SEO plugin v27.4 - https://yoast.com/product/yoast-seo-wordpress/ -->
<title>GROUPE DE TRAVAIL - Ouvre les données budgétaires de ta collectivité - DataGrandEst</title>
<meta name="robots" content="index, follow, max-snippet:-1, max-image-preview:large, max-video-preview:-1" />
<link rel="canonical" href="https://www.datagrandest.fr/site/evenement/groupe-de-travail-ouvre-les-donnees-budgetaires-de-ta-collectivite/" />
<meta property="og:locale" content="fr_FR" />
<meta property="og:type" content="article" />
<meta property="og:title" content="GROUPE DE TRAVAIL - Ouvre les données budgétaires de ta collectivité - DataGrandEst" />
<meta property="og:url" content="https://www.datagrandest.fr/site/evenement/groupe-de-travail-ouvre-les-donnees-budgetaires-de-ta-collectivite/" />
<meta property="og:site_name" content="DataGrandEst" />
<meta property="article:modified_time" content="2026-03-30T08:04:54+00:00" />
<meta name="twitter:card" content="summary_large_image" />
<meta name="twitter:label1" content="Durée de lecture estimée" />
	<meta name="twitter:data1" content="1 minute" />
<script type="application/ld+json" class="yoast-schema-graph">{"@context":"https:\/\/schema.org","@graph":[{"@type":"WebPage","@id":"https:\/\/www.datagrandest.fr\/site\/evenement\/groupe-de-travail-ouvre-les-donnees-budgetaires-de-ta-collectivite\/","url":"https:\/\/www.datagrandest.fr\/site\/evenement\/groupe-de-travail-ouvre-les-donnees-budgetaires-de-ta-collectivite\/","name":"GROUPE DE TRAVAIL - Ouvre les données budgétaires de ta collectivité - DataGrandEst","isPartOf":{"@id":"https:\/\/www.datagrandest.fr\/site\/#website"},"datePublished":"2024-05-15T05:50:44+00:00","dateModified":"2026-03-30T08:04:54+00:00","breadcrumb":{"@id":"https:\/\/www.datagrandest.fr\/site\/evenement\/groupe-de-travail-ouvre-les-donnees-budgetaires-de-ta-collectivite\/#breadcrumb"},"inLanguage":"fr-FR","potentialAction":[{"@type":"ReadAction","target":["https:\/\/www.datagrandest.fr\/site\/evenement\/groupe-de-travail-ouvre-les-donnees-budgetaires-de-ta-collectivite\/"]}]},{"@type":"BreadcrumbList","@id":"https:\/\/www.datagrandest.fr\/site\/evenement\/groupe-de-travail-ouvre-les-donnees-budgetaires-de-ta-collectivite\/#breadcrumb","itemListElement":[{"@type":"ListItem","position":1,"name":"Accueil","item":"https:\/\/www.datagrandest.fr\/site\/"},{"@type":"ListItem","position":2,"name":"Événements","item":"https:\/\/www.datagrandest.fr\/site\/evenement\/"},{"@type":"ListItem","position":3,"name":"GROUPE DE TRAVAIL &#8211; Ouvre les données budgétaires de ta collectivité"}]},{"@type":"WebSite","@id":"https:\/\/www.datagrandest.fr\/site\/#website","url":"https:\/\/www.datagrandest.fr\/site\/","name":"DataGrandEst","description":"","potentialAction":[{"@type":"SearchAction","target":{"@type":"EntryPoint","urlTemplate":"https:\/\/www.datagrandest.fr\/site\/?s={search_term_string}"},"query-input":{"@type":"PropertyValueSpecification","valueRequired":true,"valueName":"search_term_string"}}],"inLanguage":"fr-FR"}]}</script>
<!-- / Yoast SEO plugin. -->

GROUPE DE TRAVAIL - Ouvre les données budgétaires de ta collectivité - DataGrandEst

Événements
