{"id":1330,"date":"2024-04-25T12:51:41","date_gmt":"2024-04-25T10:51:41","guid":{"rendered":"https:\/\/dev.datagrandest.fr\/site\/evenement\/groupe-de-travail-occupation-du-sol-du-grand-est-fiabilite-et-conformite-de-l-ocs-grand-est\/"},"modified":"2026-03-30T10:05:18","modified_gmt":"2026-03-30T08:05:18","slug":"groupe-de-travail-occupation-du-sol-du-grand-est-fiabilite-et-conformite-de-l-ocs-grand-est","status":"publish","type":"evenement","link":"https:\/\/www.datagrandest.fr\/site\/evenement\/groupe-de-travail-occupation-du-sol-du-grand-est-fiabilite-et-conformite-de-l-ocs-grand-est\/","title":{"rendered":"GROUPE DE TRAVAIL &#8211; Occupation du sol du Grand Est &#8211; Fiabilit\u00e9 et conformit\u00e9 de l&rsquo; OCS Grand Est"},"template":"","meta":{"_acf_changed":false,"_relevanssi_hide_post":"","_relevanssi_hide_content":"","_relevanssi_pin_for_all":"","_relevanssi_pin_keywords":"","_relevanssi_unpin_keywords":"","_relevanssi_related_keywords":"","_relevanssi_related_include_ids":"","_relevanssi_related_exclude_ids":"","_relevanssi_related_no_append":"","_relevanssi_related_not_related":"","_relevanssi_related_posts":"","_relevanssi_noindex_reason":""},"periode":[212],"source":[],"thematique_globale":[],"type_evenement":[230],"class_list":["post-1330","evenement","type-evenement","status-publish","hentry","periode-212","type_evenement-groupe-de-travail"],"acf":{"eve_description_courte":"","eve_description_longue":"<h1 class=\"rtecenter\">GROUPE DE TRAVAIL<\/h1>\r\n<h3 class=\"style-editeur rtecenter\">Occupation du sol du Grand Est\r\nFiabilit\u00e9 et conformit\u00e9 de l' OCS Grand Est<\/h3>\r\n<h3><\/h3>\r\n<h3>Date<\/h3>\r\nMardi 18 juin 2024\r\n\r\nDe 10h30 \u00e0 12h00\r\n\r\n&nbsp;\r\n<h3>Lieu de l'\u00e9v\u00e9nement<\/h3>\r\nCette r\u00e9union aura lie en visioconf\u00e9rence.\r\n\r\nLes lien de connexion sera transmis aux participants en temps utile.\r\n\r\n&nbsp;\r\n\r\nSi vous souhaitez participer \u00e0 cet atelier, merci de prendre contact avec les personnes suivantes\r\n<ul>\r\n \t<li>R\u00e9gion Grand Est :<a href=\"isabelle.didierjean@grandest.fr\"> Isabellle Didierjean <\/a><\/li>\r\n \t<li>DREAL : <a href=\"xavier.cheippe@developpement-durable.gouv.fr\">Xavier Cheippe <\/a><\/li>\r\n<\/ul>\r\n&nbsp;\r\n<h3>Programme<\/h3>\r\n<strong>10h30 : Accueil des participants et quelques mots sur la mise \u00e0 disposition des donn\u00e9es sur DataGrandEst 10 min<\/strong>\r\nIsabelle DIDIERJEAN et Jean Pierre RODRIGUEZ (R\u00e9gion Grand Est)\r\n<strong>10h40 : Retour sur les travaux de contr\u00f4les du 3\u00b0 mill\u00e9sime entre 2023 et 2024<\/strong>\r\nDavid Loy (TTI)\r\n<ul>\r\n \t<li>La fiabilit\u00e9 de l\u2019occupation du sol du Grand Est\r\n<ul>\r\n \t<li>Quels sont les m\u00e9thodes et les outils permettant d\u2019attester de la fiabilit\u00e9 d\u2019une donn\u00e9e OCS ?<\/li>\r\n \t<li>Les grands principes du Contr\u00f4le Qualit\u00e9 Externe (CQE)<\/li>\r\n \t<li>Le CQE (pourquoi ? quoi ? comment ? quand ?)<\/li>\r\n \t<li>Observations globales du CQE\r\n<ul>\r\n \t<li>Analyse d\u00e9partementale<\/li>\r\n \t<li>Analyse r\u00e9gionale<\/li>\r\n<\/ul>\r\n<\/li>\r\n<\/ul>\r\n<\/li>\r\n \t<li>Les grands principes du Contr\u00f4le Qualit\u00e9 Partenarial (CQP)<\/li>\r\n<\/ul>\r\n<strong>11 h 10 : L\u2019assimilation de la nomenclature de l\u2019OCS Grand Est vers les CS de l\u2019OCSGE de l\u2019IGN puis vers les 10 classes de la LCR<\/strong>\r\nMatthias Albanese (CLS)\r\n<ul>\r\n \t<li>L\u2019assimilation des nomenclatures\r\n<ul>\r\n \t<li>Pourquoi ? Comment ? Que font les autres r\u00e9gions ?<\/li>\r\n \t<li>Comment sont g\u00e9r\u00e9es les diff\u00e9rences entre les UMC ?<\/li>\r\n<\/ul>\r\n<\/li>\r\n \t<li>Pr\u00e9sentation de la m\u00e9thode de validation de l\u2019assimilation des nomenclatures entre l\u2019OCS Grand Est \/ CS de l\u2019OCSGE \/LCR.<\/li>\r\n \t<li>Conformit\u00e9 des donn\u00e9es de l\u2019OCS Grand Est au regard du D\u00e9cret no 2023-1096 du 27 novembre 2023 relatif \u00e0 l\u2019\u00e9valuation et au suivi de l\u2019artificialisation des sols) qui fixe les r\u00e8gles de la mise en \u0153uvre du ZAN et de sa mesure<\/li>\r\n<\/ul>\r\n<strong>11 h 40 : Questions \/ R\u00e9ponse<\/strong>\r\n\r\n&nbsp;\r\n<h3>Rendez-vous manqu\u00e9<\/h3>\r\nConsultez la page \"<a href=\"https:\/\/www.datagrandest.fr\/site\/projet\/suivre-loccupation-du-sol-regional\/\">Occupation du sol \u00e0 Grand Echelle en r\u00e9gion Grand Est<\/a>\" de notre site pour d\u00e9couvrir toutes les vid\u00e9os, guides et pr\u00e9sentations des formations et animations donn\u00e9es sur ce sujet !","eve_lieu":"","eve_date":"20240618","eve_date_fin":"20240618","eve_heure_de_debut":"10:00:00","eve_heure_de_fin":"12:00:00","eve_pour_aller_plus_loin":"","eve_animation":false,"glo_image":5396,"glo_intro":"","glo_car_surcharge_titre":"","glo_car_surcharge_lien":""},"yoast_head":"<!-- This site is optimized with the Yoast SEO plugin v27.4 - https:\/\/yoast.com\/product\/yoast-seo-wordpress\/ -->\n<title>GROUPE DE TRAVAIL - Occupation du sol du Grand Est - Fiabilit\u00e9 et conformit\u00e9 de l&#039; OCS Grand Est - DataGrandEst<\/title>\n<meta name=\"robots\" content=\"index, follow, max-snippet:-1, max-image-preview:large, max-video-preview:-1\" \/>\n<link rel=\"canonical\" href=\"https:\/\/www.datagrandest.fr\/site\/evenement\/groupe-de-travail-occupation-du-sol-du-grand-est-fiabilite-et-conformite-de-l-ocs-grand-est\/\" \/>\n<meta property=\"og:locale\" content=\"fr_FR\" \/>\n<meta property=\"og:type\" content=\"article\" \/>\n<meta property=\"og:title\" content=\"GROUPE DE TRAVAIL - Occupation du sol du Grand Est - Fiabilit\u00e9 et conformit\u00e9 de l&#039; OCS Grand Est - DataGrandEst\" \/>\n<meta property=\"og:url\" content=\"https:\/\/www.datagrandest.fr\/site\/evenement\/groupe-de-travail-occupation-du-sol-du-grand-est-fiabilite-et-conformite-de-l-ocs-grand-est\/\" \/>\n<meta property=\"og:site_name\" content=\"DataGrandEst\" \/>\n<meta property=\"article:modified_time\" content=\"2026-03-30T08:05:18+00:00\" \/>\n<meta name=\"twitter:card\" content=\"summary_large_image\" \/>\n<meta name=\"twitter:label1\" content=\"Dur\u00e9e de lecture estim\u00e9e\" \/>\n\t<meta name=\"twitter:data1\" content=\"2 minutes\" \/>\n<script type=\"application\/ld+json\" class=\"yoast-schema-graph\">{\"@context\":\"https:\\\/\\\/schema.org\",\"@graph\":[{\"@type\":\"WebPage\",\"@id\":\"https:\\\/\\\/www.datagrandest.fr\\\/site\\\/evenement\\\/groupe-de-travail-occupation-du-sol-du-grand-est-fiabilite-et-conformite-de-l-ocs-grand-est\\\/\",\"url\":\"https:\\\/\\\/www.datagrandest.fr\\\/site\\\/evenement\\\/groupe-de-travail-occupation-du-sol-du-grand-est-fiabilite-et-conformite-de-l-ocs-grand-est\\\/\",\"name\":\"GROUPE DE TRAVAIL - Occupation du sol du Grand Est - Fiabilit\u00e9 et conformit\u00e9 de l' OCS Grand Est - DataGrandEst\",\"isPartOf\":{\"@id\":\"https:\\\/\\\/www.datagrandest.fr\\\/site\\\/#website\"},\"datePublished\":\"2024-04-25T10:51:41+00:00\",\"dateModified\":\"2026-03-30T08:05:18+00:00\",\"breadcrumb\":{\"@id\":\"https:\\\/\\\/www.datagrandest.fr\\\/site\\\/evenement\\\/groupe-de-travail-occupation-du-sol-du-grand-est-fiabilite-et-conformite-de-l-ocs-grand-est\\\/#breadcrumb\"},\"inLanguage\":\"fr-FR\",\"potentialAction\":[{\"@type\":\"ReadAction\",\"target\":[\"https:\\\/\\\/www.datagrandest.fr\\\/site\\\/evenement\\\/groupe-de-travail-occupation-du-sol-du-grand-est-fiabilite-et-conformite-de-l-ocs-grand-est\\\/\"]}]},{\"@type\":\"BreadcrumbList\",\"@id\":\"https:\\\/\\\/www.datagrandest.fr\\\/site\\\/evenement\\\/groupe-de-travail-occupation-du-sol-du-grand-est-fiabilite-et-conformite-de-l-ocs-grand-est\\\/#breadcrumb\",\"itemListElement\":[{\"@type\":\"ListItem\",\"position\":1,\"name\":\"Accueil\",\"item\":\"https:\\\/\\\/www.datagrandest.fr\\\/site\\\/\"},{\"@type\":\"ListItem\",\"position\":2,\"name\":\"\u00c9v\u00e9nements\",\"item\":\"https:\\\/\\\/www.datagrandest.fr\\\/site\\\/evenement\\\/\"},{\"@type\":\"ListItem\",\"position\":3,\"name\":\"GROUPE DE TRAVAIL &#8211; Occupation du sol du Grand Est &#8211; Fiabilit\u00e9 et conformit\u00e9 de l&rsquo; OCS Grand Est\"}]},{\"@type\":\"WebSite\",\"@id\":\"https:\\\/\\\/www.datagrandest.fr\\\/site\\\/#website\",\"url\":\"https:\\\/\\\/www.datagrandest.fr\\\/site\\\/\",\"name\":\"DataGrandEst\",\"description\":\"\",\"potentialAction\":[{\"@type\":\"SearchAction\",\"target\":{\"@type\":\"EntryPoint\",\"urlTemplate\":\"https:\\\/\\\/www.datagrandest.fr\\\/site\\\/?s={search_term_string}\"},\"query-input\":{\"@type\":\"PropertyValueSpecification\",\"valueRequired\":true,\"valueName\":\"search_term_string\"}}],\"inLanguage\":\"fr-FR\"}]}<\/script>\n<!-- \/ Yoast SEO plugin. -->","yoast_head_json":{"title":"GROUPE DE TRAVAIL - Occupation du sol du Grand Est - Fiabilit\u00e9 et conformit\u00e9 de l' OCS Grand Est - DataGrandEst","robots":{"index":"index","follow":"follow","max-snippet":"max-snippet:-1","max-image-preview":"max-image-preview:large","max-video-preview":"max-video-preview:-1"},"canonical":"https:\/\/www.datagrandest.fr\/site\/evenement\/groupe-de-travail-occupation-du-sol-du-grand-est-fiabilite-et-conformite-de-l-ocs-grand-est\/","og_locale":"fr_FR","og_type":"article","og_title":"GROUPE DE TRAVAIL - Occupation du sol du Grand Est - Fiabilit\u00e9 et conformit\u00e9 de l' OCS Grand Est - DataGrandEst","og_url":"https:\/\/www.datagrandest.fr\/site\/evenement\/groupe-de-travail-occupation-du-sol-du-grand-est-fiabilite-et-conformite-de-l-ocs-grand-est\/","og_site_name":"DataGrandEst","article_modified_time":"2026-03-30T08:05:18+00:00","twitter_card":"summary_large_image","twitter_misc":{"Dur\u00e9e de lecture estim\u00e9e":"2 minutes"},"schema":{"@context":"https:\/\/schema.org","@graph":[{"@type":"WebPage","@id":"https:\/\/www.datagrandest.fr\/site\/evenement\/groupe-de-travail-occupation-du-sol-du-grand-est-fiabilite-et-conformite-de-l-ocs-grand-est\/","url":"https:\/\/www.datagrandest.fr\/site\/evenement\/groupe-de-travail-occupation-du-sol-du-grand-est-fiabilite-et-conformite-de-l-ocs-grand-est\/","name":"GROUPE DE TRAVAIL - Occupation du sol du Grand Est - Fiabilit\u00e9 et conformit\u00e9 de l' OCS Grand Est - DataGrandEst","isPartOf":{"@id":"https:\/\/www.datagrandest.fr\/site\/#website"},"datePublished":"2024-04-25T10:51:41+00:00","dateModified":"2026-03-30T08:05:18+00:00","breadcrumb":{"@id":"https:\/\/www.datagrandest.fr\/site\/evenement\/groupe-de-travail-occupation-du-sol-du-grand-est-fiabilite-et-conformite-de-l-ocs-grand-est\/#breadcrumb"},"inLanguage":"fr-FR","potentialAction":[{"@type":"ReadAction","target":["https:\/\/www.datagrandest.fr\/site\/evenement\/groupe-de-travail-occupation-du-sol-du-grand-est-fiabilite-et-conformite-de-l-ocs-grand-est\/"]}]},{"@type":"BreadcrumbList","@id":"https:\/\/www.datagrandest.fr\/site\/evenement\/groupe-de-travail-occupation-du-sol-du-grand-est-fiabilite-et-conformite-de-l-ocs-grand-est\/#breadcrumb","itemListElement":[{"@type":"ListItem","position":1,"name":"Accueil","item":"https:\/\/www.datagrandest.fr\/site\/"},{"@type":"ListItem","position":2,"name":"\u00c9v\u00e9nements","item":"https:\/\/www.datagrandest.fr\/site\/evenement\/"},{"@type":"ListItem","position":3,"name":"GROUPE DE TRAVAIL &#8211; Occupation du sol du Grand Est &#8211; Fiabilit\u00e9 et conformit\u00e9 de l&rsquo; OCS Grand Est"}]},{"@type":"WebSite","@id":"https:\/\/www.datagrandest.fr\/site\/#website","url":"https:\/\/www.datagrandest.fr\/site\/","name":"DataGrandEst","description":"","potentialAction":[{"@type":"SearchAction","target":{"@type":"EntryPoint","urlTemplate":"https:\/\/www.datagrandest.fr\/site\/?s={search_term_string}"},"query-input":{"@type":"PropertyValueSpecification","valueRequired":true,"valueName":"search_term_string"}}],"inLanguage":"fr-FR"}]}},"_links":{"self":[{"href":"https:\/\/www.datagrandest.fr\/site\/wp-json\/wp\/v2\/evenement\/1330","targetHints":{"allow":["GET"]}}],"collection":[{"href":"https:\/\/www.datagrandest.fr\/site\/wp-json\/wp\/v2\/evenement"}],"about":[{"href":"https:\/\/www.datagrandest.fr\/site\/wp-json\/wp\/v2\/types\/evenement"}],"version-history":[{"count":3,"href":"https:\/\/www.datagrandest.fr\/site\/wp-json\/wp\/v2\/evenement\/1330\/revisions"}],"predecessor-version":[{"id":5414,"href":"https:\/\/www.datagrandest.fr\/site\/wp-json\/wp\/v2\/evenement\/1330\/revisions\/5414"}],"wp:attachment":[{"href":"https:\/\/www.datagrandest.fr\/site\/wp-json\/wp\/v2\/media?parent=1330"}],"wp:term":[{"taxonomy":"periode","embeddable":true,"href":"https:\/\/www.datagrandest.fr\/site\/wp-json\/wp\/v2\/periode?post=1330"},{"taxonomy":"source","embeddable":true,"href":"https:\/\/www.datagrandest.fr\/site\/wp-json\/wp\/v2\/source?post=1330"},{"taxonomy":"thematique_globale","embeddable":true,"href":"https:\/\/www.datagrandest.fr\/site\/wp-json\/wp\/v2\/thematique_globale?post=1330"},{"taxonomy":"type_evenement","embeddable":true,"href":"https:\/\/www.datagrandest.fr\/site\/wp-json\/wp\/v2\/type_evenement?post=1330"}],"curies":[{"name":"wp","href":"https:\/\/api.w.org\/{rel}","templated":true}]}}

GROUPE DE TRAVAIL &#8211; Occupation du sol du Grand Est &#8211; Fiabilité et conformité de l&rsquo; OCS Grand Est

<h1 class="rtecenter">GROUPE DE TRAVAIL</h1>
<h3 class="style-editeur rtecenter">Occupation du sol du Grand Est
Fiabilité et conformité de l' OCS Grand Est</h3>
<h3></h3>
<h3>Date</h3>
Mardi 18 juin 2024

De 10h30 à 12h00

&nbsp;
<h3>Lieu de l'événement</h3>
Cette réunion aura lie en visioconférence.

Les lien de connexion sera transmis aux participants en temps utile.

&nbsp;

Si vous souhaitez participer à cet atelier, merci de prendre contact avec les personnes suivantes
<ul>
 	<li>Région Grand Est :<a href="isabelle.didierjean@grandest.fr"> Isabellle Didierjean </a></li>
 	<li>DREAL : <a href="xavier.cheippe@developpement-durable.gouv.fr">Xavier Cheippe </a></li>
</ul>
&nbsp;
<h3>Programme</h3>
<strong>10h30 : Accueil des participants et quelques mots sur la mise à disposition des données sur DataGrandEst 10 min</strong>
Isabelle DIDIERJEAN et Jean Pierre RODRIGUEZ (Région Grand Est)
<strong>10h40 : Retour sur les travaux de contrôles du 3° millésime entre 2023 et 2024</strong>
David Loy (TTI)
<ul>
 	<li>La fiabilité de l’occupation du sol du Grand Est
<ul>
 	<li>Quels sont les méthodes et les outils permettant d’attester de la fiabilité d’une donnée OCS ?</li>
 	<li>Les grands principes du Contrôle Qualité Externe (CQE)</li>
 	<li>Le CQE (pourquoi ? quoi ? comment ? quand ?)</li>
 	<li>Observations globales du CQE
<ul>
 	<li>Analyse départementale</li>
 	<li>Analyse régionale</li>
</ul>
</li>
</ul>
</li>
 	<li>Les grands principes du Contrôle Qualité Partenarial (CQP)</li>
</ul>
<strong>11 h 10 : L’assimilation de la nomenclature de l’OCS Grand Est vers les CS de l’OCSGE de l’IGN puis vers les 10 classes de la LCR</strong>
Matthias Albanese (CLS)
<ul>
 	<li>L’assimilation des nomenclatures
<ul>
 	<li>Pourquoi ? Comment ? Que font les autres régions ?</li>
 	<li>Comment sont gérées les différences entre les UMC ?</li>
</ul>
</li>
 	<li>Présentation de la méthode de validation de l’assimilation des nomenclatures entre l’OCS Grand Est / CS de l’OCSGE /LCR.</li>
 	<li>Conformité des données de l’OCS Grand Est au regard du Décret no 2023-1096 du 27 novembre 2023 relatif à l’évaluation et au suivi de l’artificialisation des sols) qui fixe les règles de la mise en œuvre du ZAN et de sa mesure</li>
</ul>
<strong>11 h 40 : Questions / Réponse</strong>

&nbsp;
<h3>Rendez-vous manqué</h3>
Consultez la page "<a href="https://www.datagrandest.fr/site/projet/suivre-loccupation-du-sol-regional/">Occupation du sol à Grand Echelle en région Grand Est</a>" de notre site pour découvrir toutes les vidéos, guides et présentations des formations et animations données sur ce sujet !

<!-- This site is optimized with the Yoast SEO plugin v27.4 - https://yoast.com/product/yoast-seo-wordpress/ -->
<title>GROUPE DE TRAVAIL - Occupation du sol du Grand Est - Fiabilité et conformité de l&#039; OCS Grand Est - DataGrandEst</title>
<meta name="robots" content="index, follow, max-snippet:-1, max-image-preview:large, max-video-preview:-1" />
<link rel="canonical" href="https://www.datagrandest.fr/site/evenement/groupe-de-travail-occupation-du-sol-du-grand-est-fiabilite-et-conformite-de-l-ocs-grand-est/" />
<meta property="og:locale" content="fr_FR" />
<meta property="og:type" content="article" />
<meta property="og:title" content="GROUPE DE TRAVAIL - Occupation du sol du Grand Est - Fiabilité et conformité de l&#039; OCS Grand Est - DataGrandEst" />
<meta property="og:url" content="https://www.datagrandest.fr/site/evenement/groupe-de-travail-occupation-du-sol-du-grand-est-fiabilite-et-conformite-de-l-ocs-grand-est/" />
<meta property="og:site_name" content="DataGrandEst" />
<meta property="article:modified_time" content="2026-03-30T08:05:18+00:00" />
<meta name="twitter:card" content="summary_large_image" />
<meta name="twitter:label1" content="Durée de lecture estimée" />
	<meta name="twitter:data1" content="2 minutes" />
<script type="application/ld+json" class="yoast-schema-graph">{"@context":"https:\/\/schema.org","@graph":[{"@type":"WebPage","@id":"https:\/\/www.datagrandest.fr\/site\/evenement\/groupe-de-travail-occupation-du-sol-du-grand-est-fiabilite-et-conformite-de-l-ocs-grand-est\/","url":"https:\/\/www.datagrandest.fr\/site\/evenement\/groupe-de-travail-occupation-du-sol-du-grand-est-fiabilite-et-conformite-de-l-ocs-grand-est\/","name":"GROUPE DE TRAVAIL - Occupation du sol du Grand Est - Fiabilité et conformité de l' OCS Grand Est - DataGrandEst","isPartOf":{"@id":"https:\/\/www.datagrandest.fr\/site\/#website"},"datePublished":"2024-04-25T10:51:41+00:00","dateModified":"2026-03-30T08:05:18+00:00","breadcrumb":{"@id":"https:\/\/www.datagrandest.fr\/site\/evenement\/groupe-de-travail-occupation-du-sol-du-grand-est-fiabilite-et-conformite-de-l-ocs-grand-est\/#breadcrumb"},"inLanguage":"fr-FR","potentialAction":[{"@type":"ReadAction","target":["https:\/\/www.datagrandest.fr\/site\/evenement\/groupe-de-travail-occupation-du-sol-du-grand-est-fiabilite-et-conformite-de-l-ocs-grand-est\/"]}]},{"@type":"BreadcrumbList","@id":"https:\/\/www.datagrandest.fr\/site\/evenement\/groupe-de-travail-occupation-du-sol-du-grand-est-fiabilite-et-conformite-de-l-ocs-grand-est\/#breadcrumb","itemListElement":[{"@type":"ListItem","position":1,"name":"Accueil","item":"https:\/\/www.datagrandest.fr\/site\/"},{"@type":"ListItem","position":2,"name":"Événements","item":"https:\/\/www.datagrandest.fr\/site\/evenement\/"},{"@type":"ListItem","position":3,"name":"GROUPE DE TRAVAIL &#8211; Occupation du sol du Grand Est &#8211; Fiabilité et conformité de l&rsquo; OCS Grand Est"}]},{"@type":"WebSite","@id":"https:\/\/www.datagrandest.fr\/site\/#website","url":"https:\/\/www.datagrandest.fr\/site\/","name":"DataGrandEst","description":"","potentialAction":[{"@type":"SearchAction","target":{"@type":"EntryPoint","urlTemplate":"https:\/\/www.datagrandest.fr\/site\/?s={search_term_string}"},"query-input":{"@type":"PropertyValueSpecification","valueRequired":true,"valueName":"search_term_string"}}],"inLanguage":"fr-FR"}]}</script>
<!-- / Yoast SEO plugin. -->

GROUPE DE TRAVAIL - Occupation du sol du Grand Est - Fiabilité et conformité de l' OCS Grand Est - DataGrandEst

Événements
