{"id":1336,"date":"2024-02-29T02:51:41","date_gmt":"2024-02-29T01:51:41","guid":{"rendered":"https:\/\/dev.datagrandest.fr\/site\/evenement\/groupe-de-travail-occupation-du-sol-du-grand-est-integration-de-la-nomenclature-lcr\/"},"modified":"2026-03-30T10:06:50","modified_gmt":"2026-03-30T08:06:50","slug":"groupe-de-travail-occupation-du-sol-du-grand-est-integration-de-la-nomenclature-lcr","status":"publish","type":"evenement","link":"https:\/\/www.datagrandest.fr\/site\/evenement\/groupe-de-travail-occupation-du-sol-du-grand-est-integration-de-la-nomenclature-lcr\/","title":{"rendered":"GROUPE DE TRAVAIL &#8211; Occupation du sol du Grand Est &#8211; Int\u00e9gration de la nomenclature LCR"},"template":"","meta":{"_acf_changed":false,"_relevanssi_hide_post":"","_relevanssi_hide_content":"","_relevanssi_pin_for_all":"","_relevanssi_pin_keywords":"","_relevanssi_unpin_keywords":"","_relevanssi_related_keywords":"","_relevanssi_related_include_ids":"","_relevanssi_related_exclude_ids":"","_relevanssi_related_no_append":"","_relevanssi_related_not_related":"","_relevanssi_related_posts":"","_relevanssi_noindex_reason":""},"periode":[212],"source":[],"thematique_globale":[],"type_evenement":[230],"class_list":["post-1336","evenement","type-evenement","status-publish","hentry","periode-212","type_evenement-groupe-de-travail"],"acf":{"eve_description_courte":"","eve_description_longue":"<h1 class=\"rtecenter\">GROUPE DE TRAVAIL<\/h1>\r\n<h3 class=\"style-editeur rtecenter\">Occupation du sol DU GRAND EST\r\nInt\u00e9gration de la nomenclature LCR pour r\u00e9pondre aux probl\u00e9matiques du ZAN<\/h3>\r\n<h3>Date<\/h3>\r\nVendredi 22 mars 2024\r\n\r\nDe 10h30 \u00e0 12h00\r\n\r\n&nbsp;\r\n<h3>Lieu de l'\u00e9v\u00e9nement<\/h3>\r\nCet \u00e9v\u00e9nement se pr\u00e9sentera sous forme de webinaire et sera diffus\u00e9 via\u00a0l'application Teams\r\n<h3>Programme<\/h3>\r\n<strong>Int\u00e9gration de la nomenclature LCR <a href=\"http:\/\/chrome-extension:\/\/efaidnbmnnnibpcajpcglclefindmkaj\/https:\/\/www.legifrance.gouv.fr\/download\/file\/3yIijoSN0rfmEsh7Tl3hScKaN5YM8TCPy2C_ZbLX96A=\/JOE_TEXTE\">D\u00e9cret no 2023-1096<\/a> pour r\u00e9pondre aux probl\u00e9matiques du ZAN<\/strong>\r\n<ul>\r\n \t<li>Pr\u00e9sentation de la table de correspondance (20 min) \u2013 Intervention de CLS<\/li>\r\n \t<li>Comparaison des donn\u00e9es OCS Grand Est et OCSGE de l\u2019IGN sur un SCoT du Bas-Rhin \u2013 (20 min) Interventions des pilotes du projet OCS Grand Est<\/li>\r\n \t<li>Calcul des indicateurs - (20 min) Intervention du chef de projet SRADDET<\/li>\r\n<\/ul>\r\n<strong>Utilisation et diffusion des donn\u00e9es \u2013 (30 min)<\/strong>\r\n<ul>\r\n \t<li>Pr\u00e9sentation des m\u00e9tadonn\u00e9es et de Data4Citizen \u2013 Intervention DataGrandEst<\/li>\r\n \t<li>Vos retours suite \u00e0 un premier t\u00e9l\u00e9chargement des donn\u00e9es<\/li>\r\n<\/ul>\r\nN\u2019h\u00e9sitez pas \u00e0 en parler autour de vous et \u00e0 inviter vos coll\u00e8gues qui pourraient \u00eatre int\u00e9ress\u00e9s par ces pr\u00e9sentations.\r\n<h3>Rendez-vous manqu\u00e9<\/h3>\r\nConsultez la page \"<a href=\"https:\/\/www.datagrandest.fr\/site\/projet\/suivre-loccupation-du-sol-regional\/\">Occupation du sol \u00e0 Grand Echelle en r\u00e9gion Grand Est<\/a>\" de notre site pour d\u00e9couvrir toutes les vid\u00e9os, guides et pr\u00e9sentations des formations et animations donn\u00e9es sur ce sujet !","eve_lieu":"","eve_date":"20240322","eve_date_fin":"20240322","eve_heure_de_debut":"10:30:00","eve_heure_de_fin":"12:00:00","eve_pour_aller_plus_loin":"","eve_animation":false,"glo_image":5396,"glo_intro":"","glo_car_surcharge_titre":"","glo_car_surcharge_lien":""},"yoast_head":"<!-- This site is optimized with the Yoast SEO plugin v27.4 - https:\/\/yoast.com\/product\/yoast-seo-wordpress\/ -->\n<title>GROUPE DE TRAVAIL - Occupation du sol du Grand Est - Int\u00e9gration de la nomenclature LCR - DataGrandEst<\/title>\n<meta name=\"robots\" content=\"index, follow, max-snippet:-1, max-image-preview:large, max-video-preview:-1\" \/>\n<link rel=\"canonical\" href=\"https:\/\/www.datagrandest.fr\/site\/evenement\/groupe-de-travail-occupation-du-sol-du-grand-est-integration-de-la-nomenclature-lcr\/\" \/>\n<meta property=\"og:locale\" content=\"fr_FR\" \/>\n<meta property=\"og:type\" content=\"article\" \/>\n<meta property=\"og:title\" content=\"GROUPE DE TRAVAIL - Occupation du sol du Grand Est - Int\u00e9gration de la nomenclature LCR - DataGrandEst\" \/>\n<meta property=\"og:url\" content=\"https:\/\/www.datagrandest.fr\/site\/evenement\/groupe-de-travail-occupation-du-sol-du-grand-est-integration-de-la-nomenclature-lcr\/\" \/>\n<meta property=\"og:site_name\" content=\"DataGrandEst\" \/>\n<meta property=\"article:modified_time\" content=\"2026-03-30T08:06:50+00:00\" \/>\n<meta name=\"twitter:card\" content=\"summary_large_image\" \/>\n<meta name=\"twitter:label1\" content=\"Dur\u00e9e de lecture estim\u00e9e\" \/>\n\t<meta name=\"twitter:data1\" content=\"2 minutes\" \/>\n<script type=\"application\/ld+json\" class=\"yoast-schema-graph\">{\"@context\":\"https:\\\/\\\/schema.org\",\"@graph\":[{\"@type\":\"WebPage\",\"@id\":\"https:\\\/\\\/www.datagrandest.fr\\\/site\\\/evenement\\\/groupe-de-travail-occupation-du-sol-du-grand-est-integration-de-la-nomenclature-lcr\\\/\",\"url\":\"https:\\\/\\\/www.datagrandest.fr\\\/site\\\/evenement\\\/groupe-de-travail-occupation-du-sol-du-grand-est-integration-de-la-nomenclature-lcr\\\/\",\"name\":\"GROUPE DE TRAVAIL - Occupation du sol du Grand Est - Int\u00e9gration de la nomenclature LCR - DataGrandEst\",\"isPartOf\":{\"@id\":\"https:\\\/\\\/www.datagrandest.fr\\\/site\\\/#website\"},\"datePublished\":\"2024-02-29T01:51:41+00:00\",\"dateModified\":\"2026-03-30T08:06:50+00:00\",\"breadcrumb\":{\"@id\":\"https:\\\/\\\/www.datagrandest.fr\\\/site\\\/evenement\\\/groupe-de-travail-occupation-du-sol-du-grand-est-integration-de-la-nomenclature-lcr\\\/#breadcrumb\"},\"inLanguage\":\"fr-FR\",\"potentialAction\":[{\"@type\":\"ReadAction\",\"target\":[\"https:\\\/\\\/www.datagrandest.fr\\\/site\\\/evenement\\\/groupe-de-travail-occupation-du-sol-du-grand-est-integration-de-la-nomenclature-lcr\\\/\"]}]},{\"@type\":\"BreadcrumbList\",\"@id\":\"https:\\\/\\\/www.datagrandest.fr\\\/site\\\/evenement\\\/groupe-de-travail-occupation-du-sol-du-grand-est-integration-de-la-nomenclature-lcr\\\/#breadcrumb\",\"itemListElement\":[{\"@type\":\"ListItem\",\"position\":1,\"name\":\"Accueil\",\"item\":\"https:\\\/\\\/www.datagrandest.fr\\\/site\\\/\"},{\"@type\":\"ListItem\",\"position\":2,\"name\":\"\u00c9v\u00e9nements\",\"item\":\"https:\\\/\\\/www.datagrandest.fr\\\/site\\\/evenement\\\/\"},{\"@type\":\"ListItem\",\"position\":3,\"name\":\"GROUPE DE TRAVAIL &#8211; Occupation du sol du Grand Est &#8211; Int\u00e9gration de la nomenclature LCR\"}]},{\"@type\":\"WebSite\",\"@id\":\"https:\\\/\\\/www.datagrandest.fr\\\/site\\\/#website\",\"url\":\"https:\\\/\\\/www.datagrandest.fr\\\/site\\\/\",\"name\":\"DataGrandEst\",\"description\":\"\",\"potentialAction\":[{\"@type\":\"SearchAction\",\"target\":{\"@type\":\"EntryPoint\",\"urlTemplate\":\"https:\\\/\\\/www.datagrandest.fr\\\/site\\\/?s={search_term_string}\"},\"query-input\":{\"@type\":\"PropertyValueSpecification\",\"valueRequired\":true,\"valueName\":\"search_term_string\"}}],\"inLanguage\":\"fr-FR\"}]}<\/script>\n<!-- \/ Yoast SEO plugin. -->","yoast_head_json":{"title":"GROUPE DE TRAVAIL - Occupation du sol du Grand Est - Int\u00e9gration de la nomenclature LCR - DataGrandEst","robots":{"index":"index","follow":"follow","max-snippet":"max-snippet:-1","max-image-preview":"max-image-preview:large","max-video-preview":"max-video-preview:-1"},"canonical":"https:\/\/www.datagrandest.fr\/site\/evenement\/groupe-de-travail-occupation-du-sol-du-grand-est-integration-de-la-nomenclature-lcr\/","og_locale":"fr_FR","og_type":"article","og_title":"GROUPE DE TRAVAIL - Occupation du sol du Grand Est - Int\u00e9gration de la nomenclature LCR - DataGrandEst","og_url":"https:\/\/www.datagrandest.fr\/site\/evenement\/groupe-de-travail-occupation-du-sol-du-grand-est-integration-de-la-nomenclature-lcr\/","og_site_name":"DataGrandEst","article_modified_time":"2026-03-30T08:06:50+00:00","twitter_card":"summary_large_image","twitter_misc":{"Dur\u00e9e de lecture estim\u00e9e":"2 minutes"},"schema":{"@context":"https:\/\/schema.org","@graph":[{"@type":"WebPage","@id":"https:\/\/www.datagrandest.fr\/site\/evenement\/groupe-de-travail-occupation-du-sol-du-grand-est-integration-de-la-nomenclature-lcr\/","url":"https:\/\/www.datagrandest.fr\/site\/evenement\/groupe-de-travail-occupation-du-sol-du-grand-est-integration-de-la-nomenclature-lcr\/","name":"GROUPE DE TRAVAIL - Occupation du sol du Grand Est - Int\u00e9gration de la nomenclature LCR - DataGrandEst","isPartOf":{"@id":"https:\/\/www.datagrandest.fr\/site\/#website"},"datePublished":"2024-02-29T01:51:41+00:00","dateModified":"2026-03-30T08:06:50+00:00","breadcrumb":{"@id":"https:\/\/www.datagrandest.fr\/site\/evenement\/groupe-de-travail-occupation-du-sol-du-grand-est-integration-de-la-nomenclature-lcr\/#breadcrumb"},"inLanguage":"fr-FR","potentialAction":[{"@type":"ReadAction","target":["https:\/\/www.datagrandest.fr\/site\/evenement\/groupe-de-travail-occupation-du-sol-du-grand-est-integration-de-la-nomenclature-lcr\/"]}]},{"@type":"BreadcrumbList","@id":"https:\/\/www.datagrandest.fr\/site\/evenement\/groupe-de-travail-occupation-du-sol-du-grand-est-integration-de-la-nomenclature-lcr\/#breadcrumb","itemListElement":[{"@type":"ListItem","position":1,"name":"Accueil","item":"https:\/\/www.datagrandest.fr\/site\/"},{"@type":"ListItem","position":2,"name":"\u00c9v\u00e9nements","item":"https:\/\/www.datagrandest.fr\/site\/evenement\/"},{"@type":"ListItem","position":3,"name":"GROUPE DE TRAVAIL &#8211; Occupation du sol du Grand Est &#8211; Int\u00e9gration de la nomenclature LCR"}]},{"@type":"WebSite","@id":"https:\/\/www.datagrandest.fr\/site\/#website","url":"https:\/\/www.datagrandest.fr\/site\/","name":"DataGrandEst","description":"","potentialAction":[{"@type":"SearchAction","target":{"@type":"EntryPoint","urlTemplate":"https:\/\/www.datagrandest.fr\/site\/?s={search_term_string}"},"query-input":{"@type":"PropertyValueSpecification","valueRequired":true,"valueName":"search_term_string"}}],"inLanguage":"fr-FR"}]}},"_links":{"self":[{"href":"https:\/\/www.datagrandest.fr\/site\/wp-json\/wp\/v2\/evenement\/1336","targetHints":{"allow":["GET"]}}],"collection":[{"href":"https:\/\/www.datagrandest.fr\/site\/wp-json\/wp\/v2\/evenement"}],"about":[{"href":"https:\/\/www.datagrandest.fr\/site\/wp-json\/wp\/v2\/types\/evenement"}],"version-history":[{"count":3,"href":"https:\/\/www.datagrandest.fr\/site\/wp-json\/wp\/v2\/evenement\/1336\/revisions"}],"predecessor-version":[{"id":5423,"href":"https:\/\/www.datagrandest.fr\/site\/wp-json\/wp\/v2\/evenement\/1336\/revisions\/5423"}],"wp:attachment":[{"href":"https:\/\/www.datagrandest.fr\/site\/wp-json\/wp\/v2\/media?parent=1336"}],"wp:term":[{"taxonomy":"periode","embeddable":true,"href":"https:\/\/www.datagrandest.fr\/site\/wp-json\/wp\/v2\/periode?post=1336"},{"taxonomy":"source","embeddable":true,"href":"https:\/\/www.datagrandest.fr\/site\/wp-json\/wp\/v2\/source?post=1336"},{"taxonomy":"thematique_globale","embeddable":true,"href":"https:\/\/www.datagrandest.fr\/site\/wp-json\/wp\/v2\/thematique_globale?post=1336"},{"taxonomy":"type_evenement","embeddable":true,"href":"https:\/\/www.datagrandest.fr\/site\/wp-json\/wp\/v2\/type_evenement?post=1336"}],"curies":[{"name":"wp","href":"https:\/\/api.w.org\/{rel}","templated":true}]}}

GROUPE DE TRAVAIL &#8211; Occupation du sol du Grand Est &#8211; Intégration de la nomenclature LCR

<h1 class="rtecenter">GROUPE DE TRAVAIL</h1>
<h3 class="style-editeur rtecenter">Occupation du sol DU GRAND EST
Intégration de la nomenclature LCR pour répondre aux problématiques du ZAN</h3>
<h3>Date</h3>
Vendredi 22 mars 2024

De 10h30 à 12h00

&nbsp;
<h3>Lieu de l'événement</h3>
Cet événement se présentera sous forme de webinaire et sera diffusé via l'application Teams
<h3>Programme</h3>
<strong>Intégration de la nomenclature LCR <a href="http://chrome-extension://efaidnbmnnnibpcajpcglclefindmkaj/https://www.legifrance.gouv.fr/download/file/3yIijoSN0rfmEsh7Tl3hScKaN5YM8TCPy2C_ZbLX96A=/JOE_TEXTE">Décret no 2023-1096</a> pour répondre aux problématiques du ZAN</strong>
<ul>
 	<li>Présentation de la table de correspondance (20 min) – Intervention de CLS</li>
 	<li>Comparaison des données OCS Grand Est et OCSGE de l’IGN sur un SCoT du Bas-Rhin – (20 min) Interventions des pilotes du projet OCS Grand Est</li>
 	<li>Calcul des indicateurs - (20 min) Intervention du chef de projet SRADDET</li>
</ul>
<strong>Utilisation et diffusion des données – (30 min)</strong>
<ul>
 	<li>Présentation des métadonnées et de Data4Citizen – Intervention DataGrandEst</li>
 	<li>Vos retours suite à un premier téléchargement des données</li>
</ul>
N’hésitez pas à en parler autour de vous et à inviter vos collègues qui pourraient être intéressés par ces présentations.
<h3>Rendez-vous manqué</h3>
Consultez la page "<a href="https://www.datagrandest.fr/site/projet/suivre-loccupation-du-sol-regional/">Occupation du sol à Grand Echelle en région Grand Est</a>" de notre site pour découvrir toutes les vidéos, guides et présentations des formations et animations données sur ce sujet !

<!-- This site is optimized with the Yoast SEO plugin v27.4 - https://yoast.com/product/yoast-seo-wordpress/ -->
<title>GROUPE DE TRAVAIL - Occupation du sol du Grand Est - Intégration de la nomenclature LCR - DataGrandEst</title>
<meta name="robots" content="index, follow, max-snippet:-1, max-image-preview:large, max-video-preview:-1" />
<link rel="canonical" href="https://www.datagrandest.fr/site/evenement/groupe-de-travail-occupation-du-sol-du-grand-est-integration-de-la-nomenclature-lcr/" />
<meta property="og:locale" content="fr_FR" />
<meta property="og:type" content="article" />
<meta property="og:title" content="GROUPE DE TRAVAIL - Occupation du sol du Grand Est - Intégration de la nomenclature LCR - DataGrandEst" />
<meta property="og:url" content="https://www.datagrandest.fr/site/evenement/groupe-de-travail-occupation-du-sol-du-grand-est-integration-de-la-nomenclature-lcr/" />
<meta property="og:site_name" content="DataGrandEst" />
<meta property="article:modified_time" content="2026-03-30T08:06:50+00:00" />
<meta name="twitter:card" content="summary_large_image" />
<meta name="twitter:label1" content="Durée de lecture estimée" />
	<meta name="twitter:data1" content="2 minutes" />
<script type="application/ld+json" class="yoast-schema-graph">{"@context":"https:\/\/schema.org","@graph":[{"@type":"WebPage","@id":"https:\/\/www.datagrandest.fr\/site\/evenement\/groupe-de-travail-occupation-du-sol-du-grand-est-integration-de-la-nomenclature-lcr\/","url":"https:\/\/www.datagrandest.fr\/site\/evenement\/groupe-de-travail-occupation-du-sol-du-grand-est-integration-de-la-nomenclature-lcr\/","name":"GROUPE DE TRAVAIL - Occupation du sol du Grand Est - Intégration de la nomenclature LCR - DataGrandEst","isPartOf":{"@id":"https:\/\/www.datagrandest.fr\/site\/#website"},"datePublished":"2024-02-29T01:51:41+00:00","dateModified":"2026-03-30T08:06:50+00:00","breadcrumb":{"@id":"https:\/\/www.datagrandest.fr\/site\/evenement\/groupe-de-travail-occupation-du-sol-du-grand-est-integration-de-la-nomenclature-lcr\/#breadcrumb"},"inLanguage":"fr-FR","potentialAction":[{"@type":"ReadAction","target":["https:\/\/www.datagrandest.fr\/site\/evenement\/groupe-de-travail-occupation-du-sol-du-grand-est-integration-de-la-nomenclature-lcr\/"]}]},{"@type":"BreadcrumbList","@id":"https:\/\/www.datagrandest.fr\/site\/evenement\/groupe-de-travail-occupation-du-sol-du-grand-est-integration-de-la-nomenclature-lcr\/#breadcrumb","itemListElement":[{"@type":"ListItem","position":1,"name":"Accueil","item":"https:\/\/www.datagrandest.fr\/site\/"},{"@type":"ListItem","position":2,"name":"Événements","item":"https:\/\/www.datagrandest.fr\/site\/evenement\/"},{"@type":"ListItem","position":3,"name":"GROUPE DE TRAVAIL &#8211; Occupation du sol du Grand Est &#8211; Intégration de la nomenclature LCR"}]},{"@type":"WebSite","@id":"https:\/\/www.datagrandest.fr\/site\/#website","url":"https:\/\/www.datagrandest.fr\/site\/","name":"DataGrandEst","description":"","potentialAction":[{"@type":"SearchAction","target":{"@type":"EntryPoint","urlTemplate":"https:\/\/www.datagrandest.fr\/site\/?s={search_term_string}"},"query-input":{"@type":"PropertyValueSpecification","valueRequired":true,"valueName":"search_term_string"}}],"inLanguage":"fr-FR"}]}</script>
<!-- / Yoast SEO plugin. -->

GROUPE DE TRAVAIL - Occupation du sol du Grand Est - Intégration de la nomenclature LCR - DataGrandEst

Événements
