{"id":1497,"date":"2022-07-12T12:33:01","date_gmt":"2022-07-12T10:33:01","guid":{"rendered":"https:\/\/dev.datagrandest.fr\/site\/evenement\/groupe-de-travail-ouvre-les-donnees-budgetaires-de-ta-collectivite-6\/"},"modified":"2026-03-30T11:02:02","modified_gmt":"2026-03-30T09:02:02","slug":"groupe-de-travail-ouvre-les-donnees-budgetaires-de-ta-collectivite-6","status":"publish","type":"evenement","link":"https:\/\/www.datagrandest.fr\/site\/evenement\/groupe-de-travail-ouvre-les-donnees-budgetaires-de-ta-collectivite-6\/","title":{"rendered":"GROUPE DE TRAVAIL &#8211; Ouvre les donn\u00e9es budg\u00e9taires de ta collectivit\u00e9"},"template":"","meta":{"_acf_changed":false,"_relevanssi_hide_post":"","_relevanssi_hide_content":"","_relevanssi_pin_for_all":"","_relevanssi_pin_keywords":"","_relevanssi_unpin_keywords":"","_relevanssi_related_keywords":"","_relevanssi_related_include_ids":"","_relevanssi_related_exclude_ids":"","_relevanssi_related_no_append":"","_relevanssi_related_not_related":"","_relevanssi_related_posts":"","_relevanssi_noindex_reason":""},"periode":[210],"source":[],"thematique_globale":[],"type_evenement":[230],"class_list":["post-1497","evenement","type-evenement","status-publish","hentry","periode-210","type_evenement-groupe-de-travail"],"acf":{"eve_description_courte":"","eve_description_longue":"<h1 class=\"rtecenter\">GROUPE DE TRAVAIL<\/h1>\r\n<h2 class=\"style-editeur rtecenter\">Ouvre les donn\u00e9es budg\u00e9taires de ta collectivit\u00e9<\/h2>\r\n<h3>Date<\/h3>\r\nMardi 06 septembre 2022 de 10h30 \u00e0 12h00.\r\n<h3>Lieu de l'\u00e9v\u00e8nement<\/h3>\r\nCet \u00e9v\u00e9nement se d\u00e9roulera en visio via l'application Teams : un lien d'acc\u00e8s sera envoy\u00e9 \u00e0 tous les inscrits avant l'\u00e9v\u00e9nement !\r\n<h3>Contacts et renseignements :<\/h3>\r\nCadre de coop\u00e9ration propices aux r\u00e9flexions inter-organisations, de partage de bonnes pratiques, de retours d\u2019exp\u00e9rience et de cas d\u2019usages, permettant de :\r\n<ul>\r\n \t<li>B\u00e2tir une strat\u00e9gie r\u00e9gionale autours des sujets qui vous int\u00e9ressent,<\/li>\r\n \t<li>Gagner du temps en travaillant collectivement,<\/li>\r\n \t<li>Faire progresser vos projets plus rapidement dans vos organisations.<\/li>\r\n<\/ul>\r\nEn savoir plus sur le groupe de travail <a href=\"https:\/\/www.datagrandest.fr\/site\/projet\/ouvrir-les-donnees-budgetaires-de-ma-collectivite\/\">sur les donn\u00e9es budg\u00e9taires des coll\u00e9ctivit\u00e9s<\/a>\r\n\r\n&nbsp;","eve_lieu":"","eve_date":"20220906","eve_date_fin":"20220906","eve_heure_de_debut":"10:30:00","eve_heure_de_fin":"10:30:00","eve_pour_aller_plus_loin":"","eve_animation":false,"glo_image":929,"glo_intro":"","glo_car_surcharge_titre":"","glo_car_surcharge_lien":""},"yoast_head":"<!-- This site is optimized with the Yoast SEO plugin v27.4 - https:\/\/yoast.com\/product\/yoast-seo-wordpress\/ -->\n<title>GROUPE DE TRAVAIL - Ouvre les donn\u00e9es budg\u00e9taires de ta collectivit\u00e9 - DataGrandEst<\/title>\n<meta name=\"robots\" content=\"index, follow, max-snippet:-1, max-image-preview:large, max-video-preview:-1\" \/>\n<link rel=\"canonical\" href=\"https:\/\/www.datagrandest.fr\/site\/evenement\/groupe-de-travail-ouvre-les-donnees-budgetaires-de-ta-collectivite-6\/\" \/>\n<meta property=\"og:locale\" content=\"fr_FR\" \/>\n<meta property=\"og:type\" content=\"article\" \/>\n<meta property=\"og:title\" content=\"GROUPE DE TRAVAIL - Ouvre les donn\u00e9es budg\u00e9taires de ta collectivit\u00e9 - DataGrandEst\" \/>\n<meta property=\"og:url\" content=\"https:\/\/www.datagrandest.fr\/site\/evenement\/groupe-de-travail-ouvre-les-donnees-budgetaires-de-ta-collectivite-6\/\" \/>\n<meta property=\"og:site_name\" content=\"DataGrandEst\" \/>\n<meta property=\"article:modified_time\" content=\"2026-03-30T09:02:02+00:00\" \/>\n<meta name=\"twitter:card\" content=\"summary_large_image\" \/>\n<meta name=\"twitter:label1\" content=\"Dur\u00e9e de lecture estim\u00e9e\" \/>\n\t<meta name=\"twitter:data1\" content=\"1 minute\" \/>\n<script type=\"application\/ld+json\" class=\"yoast-schema-graph\">{\"@context\":\"https:\\\/\\\/schema.org\",\"@graph\":[{\"@type\":\"WebPage\",\"@id\":\"https:\\\/\\\/www.datagrandest.fr\\\/site\\\/evenement\\\/groupe-de-travail-ouvre-les-donnees-budgetaires-de-ta-collectivite-6\\\/\",\"url\":\"https:\\\/\\\/www.datagrandest.fr\\\/site\\\/evenement\\\/groupe-de-travail-ouvre-les-donnees-budgetaires-de-ta-collectivite-6\\\/\",\"name\":\"GROUPE DE TRAVAIL - Ouvre les donn\u00e9es budg\u00e9taires de ta collectivit\u00e9 - DataGrandEst\",\"isPartOf\":{\"@id\":\"https:\\\/\\\/www.datagrandest.fr\\\/site\\\/#website\"},\"datePublished\":\"2022-07-12T10:33:01+00:00\",\"dateModified\":\"2026-03-30T09:02:02+00:00\",\"breadcrumb\":{\"@id\":\"https:\\\/\\\/www.datagrandest.fr\\\/site\\\/evenement\\\/groupe-de-travail-ouvre-les-donnees-budgetaires-de-ta-collectivite-6\\\/#breadcrumb\"},\"inLanguage\":\"fr-FR\",\"potentialAction\":[{\"@type\":\"ReadAction\",\"target\":[\"https:\\\/\\\/www.datagrandest.fr\\\/site\\\/evenement\\\/groupe-de-travail-ouvre-les-donnees-budgetaires-de-ta-collectivite-6\\\/\"]}]},{\"@type\":\"BreadcrumbList\",\"@id\":\"https:\\\/\\\/www.datagrandest.fr\\\/site\\\/evenement\\\/groupe-de-travail-ouvre-les-donnees-budgetaires-de-ta-collectivite-6\\\/#breadcrumb\",\"itemListElement\":[{\"@type\":\"ListItem\",\"position\":1,\"name\":\"Accueil\",\"item\":\"https:\\\/\\\/www.datagrandest.fr\\\/site\\\/\"},{\"@type\":\"ListItem\",\"position\":2,\"name\":\"\u00c9v\u00e9nements\",\"item\":\"https:\\\/\\\/www.datagrandest.fr\\\/site\\\/evenement\\\/\"},{\"@type\":\"ListItem\",\"position\":3,\"name\":\"GROUPE DE TRAVAIL &#8211; Ouvre les donn\u00e9es budg\u00e9taires de ta collectivit\u00e9\"}]},{\"@type\":\"WebSite\",\"@id\":\"https:\\\/\\\/www.datagrandest.fr\\\/site\\\/#website\",\"url\":\"https:\\\/\\\/www.datagrandest.fr\\\/site\\\/\",\"name\":\"DataGrandEst\",\"description\":\"\",\"potentialAction\":[{\"@type\":\"SearchAction\",\"target\":{\"@type\":\"EntryPoint\",\"urlTemplate\":\"https:\\\/\\\/www.datagrandest.fr\\\/site\\\/?s={search_term_string}\"},\"query-input\":{\"@type\":\"PropertyValueSpecification\",\"valueRequired\":true,\"valueName\":\"search_term_string\"}}],\"inLanguage\":\"fr-FR\"}]}<\/script>\n<!-- \/ Yoast SEO plugin. -->","yoast_head_json":{"title":"GROUPE DE TRAVAIL - Ouvre les donn\u00e9es budg\u00e9taires de ta collectivit\u00e9 - DataGrandEst","robots":{"index":"index","follow":"follow","max-snippet":"max-snippet:-1","max-image-preview":"max-image-preview:large","max-video-preview":"max-video-preview:-1"},"canonical":"https:\/\/www.datagrandest.fr\/site\/evenement\/groupe-de-travail-ouvre-les-donnees-budgetaires-de-ta-collectivite-6\/","og_locale":"fr_FR","og_type":"article","og_title":"GROUPE DE TRAVAIL - Ouvre les donn\u00e9es budg\u00e9taires de ta collectivit\u00e9 - DataGrandEst","og_url":"https:\/\/www.datagrandest.fr\/site\/evenement\/groupe-de-travail-ouvre-les-donnees-budgetaires-de-ta-collectivite-6\/","og_site_name":"DataGrandEst","article_modified_time":"2026-03-30T09:02:02+00:00","twitter_card":"summary_large_image","twitter_misc":{"Dur\u00e9e de lecture estim\u00e9e":"1 minute"},"schema":{"@context":"https:\/\/schema.org","@graph":[{"@type":"WebPage","@id":"https:\/\/www.datagrandest.fr\/site\/evenement\/groupe-de-travail-ouvre-les-donnees-budgetaires-de-ta-collectivite-6\/","url":"https:\/\/www.datagrandest.fr\/site\/evenement\/groupe-de-travail-ouvre-les-donnees-budgetaires-de-ta-collectivite-6\/","name":"GROUPE DE TRAVAIL - Ouvre les donn\u00e9es budg\u00e9taires de ta collectivit\u00e9 - DataGrandEst","isPartOf":{"@id":"https:\/\/www.datagrandest.fr\/site\/#website"},"datePublished":"2022-07-12T10:33:01+00:00","dateModified":"2026-03-30T09:02:02+00:00","breadcrumb":{"@id":"https:\/\/www.datagrandest.fr\/site\/evenement\/groupe-de-travail-ouvre-les-donnees-budgetaires-de-ta-collectivite-6\/#breadcrumb"},"inLanguage":"fr-FR","potentialAction":[{"@type":"ReadAction","target":["https:\/\/www.datagrandest.fr\/site\/evenement\/groupe-de-travail-ouvre-les-donnees-budgetaires-de-ta-collectivite-6\/"]}]},{"@type":"BreadcrumbList","@id":"https:\/\/www.datagrandest.fr\/site\/evenement\/groupe-de-travail-ouvre-les-donnees-budgetaires-de-ta-collectivite-6\/#breadcrumb","itemListElement":[{"@type":"ListItem","position":1,"name":"Accueil","item":"https:\/\/www.datagrandest.fr\/site\/"},{"@type":"ListItem","position":2,"name":"\u00c9v\u00e9nements","item":"https:\/\/www.datagrandest.fr\/site\/evenement\/"},{"@type":"ListItem","position":3,"name":"GROUPE DE TRAVAIL &#8211; Ouvre les donn\u00e9es budg\u00e9taires de ta collectivit\u00e9"}]},{"@type":"WebSite","@id":"https:\/\/www.datagrandest.fr\/site\/#website","url":"https:\/\/www.datagrandest.fr\/site\/","name":"DataGrandEst","description":"","potentialAction":[{"@type":"SearchAction","target":{"@type":"EntryPoint","urlTemplate":"https:\/\/www.datagrandest.fr\/site\/?s={search_term_string}"},"query-input":{"@type":"PropertyValueSpecification","valueRequired":true,"valueName":"search_term_string"}}],"inLanguage":"fr-FR"}]}},"_links":{"self":[{"href":"https:\/\/www.datagrandest.fr\/site\/wp-json\/wp\/v2\/evenement\/1497","targetHints":{"allow":["GET"]}}],"collection":[{"href":"https:\/\/www.datagrandest.fr\/site\/wp-json\/wp\/v2\/evenement"}],"about":[{"href":"https:\/\/www.datagrandest.fr\/site\/wp-json\/wp\/v2\/types\/evenement"}],"version-history":[{"count":2,"href":"https:\/\/www.datagrandest.fr\/site\/wp-json\/wp\/v2\/evenement\/1497\/revisions"}],"predecessor-version":[{"id":3957,"href":"https:\/\/www.datagrandest.fr\/site\/wp-json\/wp\/v2\/evenement\/1497\/revisions\/3957"}],"wp:attachment":[{"href":"https:\/\/www.datagrandest.fr\/site\/wp-json\/wp\/v2\/media?parent=1497"}],"wp:term":[{"taxonomy":"periode","embeddable":true,"href":"https:\/\/www.datagrandest.fr\/site\/wp-json\/wp\/v2\/periode?post=1497"},{"taxonomy":"source","embeddable":true,"href":"https:\/\/www.datagrandest.fr\/site\/wp-json\/wp\/v2\/source?post=1497"},{"taxonomy":"thematique_globale","embeddable":true,"href":"https:\/\/www.datagrandest.fr\/site\/wp-json\/wp\/v2\/thematique_globale?post=1497"},{"taxonomy":"type_evenement","embeddable":true,"href":"https:\/\/www.datagrandest.fr\/site\/wp-json\/wp\/v2\/type_evenement?post=1497"}],"curies":[{"name":"wp","href":"https:\/\/api.w.org\/{rel}","templated":true}]}}

GROUPE DE TRAVAIL &#8211; Ouvre les données budgétaires de ta collectivité

<h1 class="rtecenter">GROUPE DE TRAVAIL</h1>
<h2 class="style-editeur rtecenter">Ouvre les données budgétaires de ta collectivité</h2>
<h3>Date</h3>
Mardi 06 septembre 2022 de 10h30 à 12h00.
<h3>Lieu de l'évènement</h3>
Cet événement se déroulera en visio via l'application Teams : un lien d'accès sera envoyé à tous les inscrits avant l'événement !
<h3>Contacts et renseignements :</h3>
Cadre de coopération propices aux réflexions inter-organisations, de partage de bonnes pratiques, de retours d’expérience et de cas d’usages, permettant de :
<ul>
 	<li>Bâtir une stratégie régionale autours des sujets qui vous intéressent,</li>
 	<li>Gagner du temps en travaillant collectivement,</li>
 	<li>Faire progresser vos projets plus rapidement dans vos organisations.</li>
</ul>
En savoir plus sur le groupe de travail <a href="https://www.datagrandest.fr/site/projet/ouvrir-les-donnees-budgetaires-de-ma-collectivite/">sur les données budgétaires des colléctivités</a>

&nbsp;

<!-- This site is optimized with the Yoast SEO plugin v27.4 - https://yoast.com/product/yoast-seo-wordpress/ -->
<title>GROUPE DE TRAVAIL - Ouvre les données budgétaires de ta collectivité - DataGrandEst</title>
<meta name="robots" content="index, follow, max-snippet:-1, max-image-preview:large, max-video-preview:-1" />
<link rel="canonical" href="https://www.datagrandest.fr/site/evenement/groupe-de-travail-ouvre-les-donnees-budgetaires-de-ta-collectivite-6/" />
<meta property="og:locale" content="fr_FR" />
<meta property="og:type" content="article" />
<meta property="og:title" content="GROUPE DE TRAVAIL - Ouvre les données budgétaires de ta collectivité - DataGrandEst" />
<meta property="og:url" content="https://www.datagrandest.fr/site/evenement/groupe-de-travail-ouvre-les-donnees-budgetaires-de-ta-collectivite-6/" />
<meta property="og:site_name" content="DataGrandEst" />
<meta property="article:modified_time" content="2026-03-30T09:02:02+00:00" />
<meta name="twitter:card" content="summary_large_image" />
<meta name="twitter:label1" content="Durée de lecture estimée" />
	<meta name="twitter:data1" content="1 minute" />
<script type="application/ld+json" class="yoast-schema-graph">{"@context":"https:\/\/schema.org","@graph":[{"@type":"WebPage","@id":"https:\/\/www.datagrandest.fr\/site\/evenement\/groupe-de-travail-ouvre-les-donnees-budgetaires-de-ta-collectivite-6\/","url":"https:\/\/www.datagrandest.fr\/site\/evenement\/groupe-de-travail-ouvre-les-donnees-budgetaires-de-ta-collectivite-6\/","name":"GROUPE DE TRAVAIL - Ouvre les données budgétaires de ta collectivité - DataGrandEst","isPartOf":{"@id":"https:\/\/www.datagrandest.fr\/site\/#website"},"datePublished":"2022-07-12T10:33:01+00:00","dateModified":"2026-03-30T09:02:02+00:00","breadcrumb":{"@id":"https:\/\/www.datagrandest.fr\/site\/evenement\/groupe-de-travail-ouvre-les-donnees-budgetaires-de-ta-collectivite-6\/#breadcrumb"},"inLanguage":"fr-FR","potentialAction":[{"@type":"ReadAction","target":["https:\/\/www.datagrandest.fr\/site\/evenement\/groupe-de-travail-ouvre-les-donnees-budgetaires-de-ta-collectivite-6\/"]}]},{"@type":"BreadcrumbList","@id":"https:\/\/www.datagrandest.fr\/site\/evenement\/groupe-de-travail-ouvre-les-donnees-budgetaires-de-ta-collectivite-6\/#breadcrumb","itemListElement":[{"@type":"ListItem","position":1,"name":"Accueil","item":"https:\/\/www.datagrandest.fr\/site\/"},{"@type":"ListItem","position":2,"name":"Événements","item":"https:\/\/www.datagrandest.fr\/site\/evenement\/"},{"@type":"ListItem","position":3,"name":"GROUPE DE TRAVAIL &#8211; Ouvre les données budgétaires de ta collectivité"}]},{"@type":"WebSite","@id":"https:\/\/www.datagrandest.fr\/site\/#website","url":"https:\/\/www.datagrandest.fr\/site\/","name":"DataGrandEst","description":"","potentialAction":[{"@type":"SearchAction","target":{"@type":"EntryPoint","urlTemplate":"https:\/\/www.datagrandest.fr\/site\/?s={search_term_string}"},"query-input":{"@type":"PropertyValueSpecification","valueRequired":true,"valueName":"search_term_string"}}],"inLanguage":"fr-FR"}]}</script>
<!-- / Yoast SEO plugin. -->

GROUPE DE TRAVAIL - Ouvre les données budgétaires de ta collectivité - DataGrandEst

Événements
