{"id":1602,"date":"2021-06-14T08:41:20","date_gmt":"2021-06-14T06:41:20","guid":{"rendered":"https:\/\/dev.datagrandest.fr\/site\/evenement\/geograndest-a-ledition-2021-du-festival-international-de-geographie\/"},"modified":"2026-03-30T11:37:54","modified_gmt":"2026-03-30T09:37:54","slug":"geograndest-a-ledition-2021-du-festival-international-de-geographie","status":"publish","type":"evenement","link":"https:\/\/www.datagrandest.fr\/site\/evenement\/geograndest-a-ledition-2021-du-festival-international-de-geographie\/","title":{"rendered":"G\u00e9oGrandEst \u00e0 l&rsquo;\u00e9dition 2021 du Festival International de G\u00e9ographie"},"template":"","meta":{"_acf_changed":false,"_relevanssi_hide_post":"","_relevanssi_hide_content":"","_relevanssi_pin_for_all":"","_relevanssi_pin_keywords":"","_relevanssi_unpin_keywords":"","_relevanssi_related_keywords":"","_relevanssi_related_include_ids":"","_relevanssi_related_exclude_ids":"","_relevanssi_related_no_append":"","_relevanssi_related_not_related":"","_relevanssi_related_posts":"","_relevanssi_noindex_reason":""},"periode":[209],"source":[],"thematique_globale":[],"type_evenement":[217],"class_list":["post-1602","evenement","type-evenement","status-publish","hentry","periode-209","type_evenement-manifestation-nationale"],"acf":{"eve_description_courte":"","eve_description_longue":"<h2 class=\"rtecenter\">G\u00e9oGrandEst \u00e0 l'\u00e9dition 2021 du Festival International de G\u00e9ographie<\/h2>\r\n<h3>Date<\/h3>\r\nVednredi 1er\u00a0octobre 2021\r\n\r\nSamedi 2 octobre\u00a0 2021\r\n\r\nDimanche 3 octobre 2021\r\n<h3>Lieu de l'\u00e9venement<\/h3>\r\nEspace Fran\u00e7ois-Mitterrand\r\n\r\nRue du 11 novembre 1918\r\n\r\n88100 Saint-Di\u00e9-des-Vosges\r\n<h3>Intervenants<\/h3>\r\nPr\u00e9sence de membres de l'\u00e9quipe de G\u00e9oGrandEst\r\n<h3>Th\u00e9matique<\/h3>\r\nPour en savoir plus sur le Festival International de G\u00e9ographie\u00a0consultez le <a href=\"https:\/\/www.fig.saint-die-des-vosges.fr\/\">site de l'\u00e9venement\u00a0<\/a>","eve_lieu":"","eve_date":"20211001","eve_date_fin":"20211003","eve_heure_de_debut":"08:00:00","eve_heure_de_fin":"17:00:00","eve_pour_aller_plus_loin":"","eve_animation":false,"glo_image":922,"glo_intro":"","glo_car_surcharge_titre":"","glo_car_surcharge_lien":""},"yoast_head":"<!-- This site is optimized with the Yoast SEO plugin v27.4 - https:\/\/yoast.com\/product\/yoast-seo-wordpress\/ -->\n<title>G\u00e9oGrandEst \u00e0 l&#039;\u00e9dition 2021 du Festival International de G\u00e9ographie - DataGrandEst<\/title>\n<meta name=\"robots\" content=\"index, follow, max-snippet:-1, max-image-preview:large, max-video-preview:-1\" \/>\n<link rel=\"canonical\" href=\"https:\/\/www.datagrandest.fr\/site\/evenement\/geograndest-a-ledition-2021-du-festival-international-de-geographie\/\" \/>\n<meta property=\"og:locale\" content=\"fr_FR\" \/>\n<meta property=\"og:type\" content=\"article\" \/>\n<meta property=\"og:title\" content=\"G\u00e9oGrandEst \u00e0 l&#039;\u00e9dition 2021 du Festival International de G\u00e9ographie - DataGrandEst\" \/>\n<meta property=\"og:url\" content=\"https:\/\/www.datagrandest.fr\/site\/evenement\/geograndest-a-ledition-2021-du-festival-international-de-geographie\/\" \/>\n<meta property=\"og:site_name\" content=\"DataGrandEst\" \/>\n<meta property=\"article:modified_time\" content=\"2026-03-30T09:37:54+00:00\" \/>\n<meta name=\"twitter:card\" content=\"summary_large_image\" \/>\n<meta name=\"twitter:label1\" content=\"Dur\u00e9e de lecture estim\u00e9e\" \/>\n\t<meta name=\"twitter:data1\" content=\"1 minute\" \/>\n<script type=\"application\/ld+json\" class=\"yoast-schema-graph\">{\"@context\":\"https:\\\/\\\/schema.org\",\"@graph\":[{\"@type\":\"WebPage\",\"@id\":\"https:\\\/\\\/www.datagrandest.fr\\\/site\\\/evenement\\\/geograndest-a-ledition-2021-du-festival-international-de-geographie\\\/\",\"url\":\"https:\\\/\\\/www.datagrandest.fr\\\/site\\\/evenement\\\/geograndest-a-ledition-2021-du-festival-international-de-geographie\\\/\",\"name\":\"G\u00e9oGrandEst \u00e0 l'\u00e9dition 2021 du Festival International de G\u00e9ographie - DataGrandEst\",\"isPartOf\":{\"@id\":\"https:\\\/\\\/www.datagrandest.fr\\\/site\\\/#website\"},\"datePublished\":\"2021-06-14T06:41:20+00:00\",\"dateModified\":\"2026-03-30T09:37:54+00:00\",\"breadcrumb\":{\"@id\":\"https:\\\/\\\/www.datagrandest.fr\\\/site\\\/evenement\\\/geograndest-a-ledition-2021-du-festival-international-de-geographie\\\/#breadcrumb\"},\"inLanguage\":\"fr-FR\",\"potentialAction\":[{\"@type\":\"ReadAction\",\"target\":[\"https:\\\/\\\/www.datagrandest.fr\\\/site\\\/evenement\\\/geograndest-a-ledition-2021-du-festival-international-de-geographie\\\/\"]}]},{\"@type\":\"BreadcrumbList\",\"@id\":\"https:\\\/\\\/www.datagrandest.fr\\\/site\\\/evenement\\\/geograndest-a-ledition-2021-du-festival-international-de-geographie\\\/#breadcrumb\",\"itemListElement\":[{\"@type\":\"ListItem\",\"position\":1,\"name\":\"Accueil\",\"item\":\"https:\\\/\\\/www.datagrandest.fr\\\/site\\\/\"},{\"@type\":\"ListItem\",\"position\":2,\"name\":\"\u00c9v\u00e9nements\",\"item\":\"https:\\\/\\\/www.datagrandest.fr\\\/site\\\/evenement\\\/\"},{\"@type\":\"ListItem\",\"position\":3,\"name\":\"G\u00e9oGrandEst \u00e0 l&rsquo;\u00e9dition 2021 du Festival International de G\u00e9ographie\"}]},{\"@type\":\"WebSite\",\"@id\":\"https:\\\/\\\/www.datagrandest.fr\\\/site\\\/#website\",\"url\":\"https:\\\/\\\/www.datagrandest.fr\\\/site\\\/\",\"name\":\"DataGrandEst\",\"description\":\"\",\"potentialAction\":[{\"@type\":\"SearchAction\",\"target\":{\"@type\":\"EntryPoint\",\"urlTemplate\":\"https:\\\/\\\/www.datagrandest.fr\\\/site\\\/?s={search_term_string}\"},\"query-input\":{\"@type\":\"PropertyValueSpecification\",\"valueRequired\":true,\"valueName\":\"search_term_string\"}}],\"inLanguage\":\"fr-FR\"}]}<\/script>\n<!-- \/ Yoast SEO plugin. -->","yoast_head_json":{"title":"G\u00e9oGrandEst \u00e0 l'\u00e9dition 2021 du Festival International de G\u00e9ographie - DataGrandEst","robots":{"index":"index","follow":"follow","max-snippet":"max-snippet:-1","max-image-preview":"max-image-preview:large","max-video-preview":"max-video-preview:-1"},"canonical":"https:\/\/www.datagrandest.fr\/site\/evenement\/geograndest-a-ledition-2021-du-festival-international-de-geographie\/","og_locale":"fr_FR","og_type":"article","og_title":"G\u00e9oGrandEst \u00e0 l'\u00e9dition 2021 du Festival International de G\u00e9ographie - DataGrandEst","og_url":"https:\/\/www.datagrandest.fr\/site\/evenement\/geograndest-a-ledition-2021-du-festival-international-de-geographie\/","og_site_name":"DataGrandEst","article_modified_time":"2026-03-30T09:37:54+00:00","twitter_card":"summary_large_image","twitter_misc":{"Dur\u00e9e de lecture estim\u00e9e":"1 minute"},"schema":{"@context":"https:\/\/schema.org","@graph":[{"@type":"WebPage","@id":"https:\/\/www.datagrandest.fr\/site\/evenement\/geograndest-a-ledition-2021-du-festival-international-de-geographie\/","url":"https:\/\/www.datagrandest.fr\/site\/evenement\/geograndest-a-ledition-2021-du-festival-international-de-geographie\/","name":"G\u00e9oGrandEst \u00e0 l'\u00e9dition 2021 du Festival International de G\u00e9ographie - DataGrandEst","isPartOf":{"@id":"https:\/\/www.datagrandest.fr\/site\/#website"},"datePublished":"2021-06-14T06:41:20+00:00","dateModified":"2026-03-30T09:37:54+00:00","breadcrumb":{"@id":"https:\/\/www.datagrandest.fr\/site\/evenement\/geograndest-a-ledition-2021-du-festival-international-de-geographie\/#breadcrumb"},"inLanguage":"fr-FR","potentialAction":[{"@type":"ReadAction","target":["https:\/\/www.datagrandest.fr\/site\/evenement\/geograndest-a-ledition-2021-du-festival-international-de-geographie\/"]}]},{"@type":"BreadcrumbList","@id":"https:\/\/www.datagrandest.fr\/site\/evenement\/geograndest-a-ledition-2021-du-festival-international-de-geographie\/#breadcrumb","itemListElement":[{"@type":"ListItem","position":1,"name":"Accueil","item":"https:\/\/www.datagrandest.fr\/site\/"},{"@type":"ListItem","position":2,"name":"\u00c9v\u00e9nements","item":"https:\/\/www.datagrandest.fr\/site\/evenement\/"},{"@type":"ListItem","position":3,"name":"G\u00e9oGrandEst \u00e0 l&rsquo;\u00e9dition 2021 du Festival International de G\u00e9ographie"}]},{"@type":"WebSite","@id":"https:\/\/www.datagrandest.fr\/site\/#website","url":"https:\/\/www.datagrandest.fr\/site\/","name":"DataGrandEst","description":"","potentialAction":[{"@type":"SearchAction","target":{"@type":"EntryPoint","urlTemplate":"https:\/\/www.datagrandest.fr\/site\/?s={search_term_string}"},"query-input":{"@type":"PropertyValueSpecification","valueRequired":true,"valueName":"search_term_string"}}],"inLanguage":"fr-FR"}]}},"_links":{"self":[{"href":"https:\/\/www.datagrandest.fr\/site\/wp-json\/wp\/v2\/evenement\/1602","targetHints":{"allow":["GET"]}}],"collection":[{"href":"https:\/\/www.datagrandest.fr\/site\/wp-json\/wp\/v2\/evenement"}],"about":[{"href":"https:\/\/www.datagrandest.fr\/site\/wp-json\/wp\/v2\/types\/evenement"}],"version-history":[{"count":2,"href":"https:\/\/www.datagrandest.fr\/site\/wp-json\/wp\/v2\/evenement\/1602\/revisions"}],"predecessor-version":[{"id":3919,"href":"https:\/\/www.datagrandest.fr\/site\/wp-json\/wp\/v2\/evenement\/1602\/revisions\/3919"}],"wp:attachment":[{"href":"https:\/\/www.datagrandest.fr\/site\/wp-json\/wp\/v2\/media?parent=1602"}],"wp:term":[{"taxonomy":"periode","embeddable":true,"href":"https:\/\/www.datagrandest.fr\/site\/wp-json\/wp\/v2\/periode?post=1602"},{"taxonomy":"source","embeddable":true,"href":"https:\/\/www.datagrandest.fr\/site\/wp-json\/wp\/v2\/source?post=1602"},{"taxonomy":"thematique_globale","embeddable":true,"href":"https:\/\/www.datagrandest.fr\/site\/wp-json\/wp\/v2\/thematique_globale?post=1602"},{"taxonomy":"type_evenement","embeddable":true,"href":"https:\/\/www.datagrandest.fr\/site\/wp-json\/wp\/v2\/type_evenement?post=1602"}],"curies":[{"name":"wp","href":"https:\/\/api.w.org\/{rel}","templated":true}]}}

GéoGrandEst à l&rsquo;édition 2021 du Festival International de Géographie

<h2 class="rtecenter">GéoGrandEst à l'édition 2021 du Festival International de Géographie</h2>
<h3>Date</h3>
Vednredi 1er octobre 2021

Samedi 2 octobre  2021

Dimanche 3 octobre 2021
<h3>Lieu de l'évenement</h3>
Espace François-Mitterrand

Rue du 11 novembre 1918

88100 Saint-Dié-des-Vosges
<h3>Intervenants</h3>
Présence de membres de l'équipe de GéoGrandEst
<h3>Thématique</h3>
Pour en savoir plus sur le Festival International de Géographie consultez le <a href="https://www.fig.saint-die-des-vosges.fr/">site de l'évenement </a>

<!-- This site is optimized with the Yoast SEO plugin v27.4 - https://yoast.com/product/yoast-seo-wordpress/ -->
<title>GéoGrandEst à l&#039;édition 2021 du Festival International de Géographie - DataGrandEst</title>
<meta name="robots" content="index, follow, max-snippet:-1, max-image-preview:large, max-video-preview:-1" />
<link rel="canonical" href="https://www.datagrandest.fr/site/evenement/geograndest-a-ledition-2021-du-festival-international-de-geographie/" />
<meta property="og:locale" content="fr_FR" />
<meta property="og:type" content="article" />
<meta property="og:title" content="GéoGrandEst à l&#039;édition 2021 du Festival International de Géographie - DataGrandEst" />
<meta property="og:url" content="https://www.datagrandest.fr/site/evenement/geograndest-a-ledition-2021-du-festival-international-de-geographie/" />
<meta property="og:site_name" content="DataGrandEst" />
<meta property="article:modified_time" content="2026-03-30T09:37:54+00:00" />
<meta name="twitter:card" content="summary_large_image" />
<meta name="twitter:label1" content="Durée de lecture estimée" />
	<meta name="twitter:data1" content="1 minute" />
<script type="application/ld+json" class="yoast-schema-graph">{"@context":"https:\/\/schema.org","@graph":[{"@type":"WebPage","@id":"https:\/\/www.datagrandest.fr\/site\/evenement\/geograndest-a-ledition-2021-du-festival-international-de-geographie\/","url":"https:\/\/www.datagrandest.fr\/site\/evenement\/geograndest-a-ledition-2021-du-festival-international-de-geographie\/","name":"GéoGrandEst à l'édition 2021 du Festival International de Géographie - DataGrandEst","isPartOf":{"@id":"https:\/\/www.datagrandest.fr\/site\/#website"},"datePublished":"2021-06-14T06:41:20+00:00","dateModified":"2026-03-30T09:37:54+00:00","breadcrumb":{"@id":"https:\/\/www.datagrandest.fr\/site\/evenement\/geograndest-a-ledition-2021-du-festival-international-de-geographie\/#breadcrumb"},"inLanguage":"fr-FR","potentialAction":[{"@type":"ReadAction","target":["https:\/\/www.datagrandest.fr\/site\/evenement\/geograndest-a-ledition-2021-du-festival-international-de-geographie\/"]}]},{"@type":"BreadcrumbList","@id":"https:\/\/www.datagrandest.fr\/site\/evenement\/geograndest-a-ledition-2021-du-festival-international-de-geographie\/#breadcrumb","itemListElement":[{"@type":"ListItem","position":1,"name":"Accueil","item":"https:\/\/www.datagrandest.fr\/site\/"},{"@type":"ListItem","position":2,"name":"Événements","item":"https:\/\/www.datagrandest.fr\/site\/evenement\/"},{"@type":"ListItem","position":3,"name":"GéoGrandEst à l&rsquo;édition 2021 du Festival International de Géographie"}]},{"@type":"WebSite","@id":"https:\/\/www.datagrandest.fr\/site\/#website","url":"https:\/\/www.datagrandest.fr\/site\/","name":"DataGrandEst","description":"","potentialAction":[{"@type":"SearchAction","target":{"@type":"EntryPoint","urlTemplate":"https:\/\/www.datagrandest.fr\/site\/?s={search_term_string}"},"query-input":{"@type":"PropertyValueSpecification","valueRequired":true,"valueName":"search_term_string"}}],"inLanguage":"fr-FR"}]}</script>
<!-- / Yoast SEO plugin. -->

GéoGrandEst à l'édition 2021 du Festival International de Géographie - DataGrandEst

Événements
