{"id":1886,"date":"2025-11-13T15:36:47","date_gmt":"2025-11-13T14:36:47","guid":{"rendered":"https:\/\/dev.datagrandest.fr\/site\/?page_id=1886"},"modified":"2025-11-13T16:05:46","modified_gmt":"2025-11-13T15:05:46","slug":"rencontres-regionales-de-la-donnee-du-grand-est","status":"publish","type":"page","link":"https:\/\/www.datagrandest.fr\/site\/rencontres-regionales-de-la-donnee-du-grand-est\/","title":{"rendered":"Rencontres r\u00e9gionales de la donn\u00e9e du Grand Est"},"content":{"rendered":"","protected":false},"excerpt":{"rendered":"","protected":false},"author":12,"featured_media":0,"parent":0,"menu_order":0,"comment_status":"closed","ping_status":"closed","template":"src\/controllers\/models\/flex.php","meta":{"_acf_changed":false,"_relevanssi_hide_post":"","_relevanssi_hide_content":"","_relevanssi_pin_for_all":"","_relevanssi_pin_keywords":"","_relevanssi_unpin_keywords":"","_relevanssi_related_keywords":"","_relevanssi_related_include_ids":"","_relevanssi_related_exclude_ids":"","_relevanssi_related_no_append":"","_relevanssi_related_not_related":"","_relevanssi_related_posts":"","_relevanssi_noindex_reason":"","footnotes":""},"source":[],"thematique_globale":[],"class_list":["post-1886","page","type-page","status-publish","hentry"],"acf":{"glo_image":"","glo_intro":"","glo_car_surcharge_titre":"","glo_car_surcharge_lien":"","cms_contenus_flexibles":[{"acf_fc_layout":"flex_texte_libre","show_title":true,"titre_de_section":"Programme de la journ\u00e9e","contenu":"<strong>08h45\u00a0 |\u00a0\u00a0<\/strong>Accueil et r\u00e9seautage\r\n\r\n<strong>09h30\u00a0 |\u00a0\u00a0<\/strong>Mot d\u2019accueil des repr\u00e9sentants de l'Etat et de la\u00a0R\u00e9gion\r\n\r\n<strong>09h45\u00a0 |\u00a0\u00a0<\/strong>Conf\u00e9rences : Sur la route de la donn\u00e9e, de l'Occitanie \u00e0 Montr\u00e9al\r\n<ul>\r\n \t<li>Bertrand Monthubert, Directeur d\u2019Ekitia Occitanie, Pr\u00e9sident d\u2019Open IG et Pr\u00e9sident du Conseil National de l\u2019Information G\u00e9ographique<\/li>\r\n \t<li>S\u00e9bastien Georges, R\u00e9dacteur en chef de l\u2019Est R\u00e9publicain<\/li>\r\n \t<li>V\u00e9ronique Dufort, Data Chief Officer de la ville de Montr\u00e9al (capsule)<\/li>\r\n<\/ul>\r\n&nbsp;\r\n\r\n<strong>10h40\u00a0 |\u00a0\u00a0<\/strong>Table Ronde\u00a0:\u00ab Comment favoriser l\u2019usage des donn\u00e9es au service de l\u2019int\u00e9r\u00eat g\u00e9n\u00e9ral ? \u00bb\r\n<ul>\r\n \t<li>Claire Ancel, Conseill\u00e8re communautaire d\u00e9l\u00e9gu\u00e9e au num\u00e9rique, Eurom\u00e9tropole de Metz,<\/li>\r\n \t<li>Bertrand Monthubert, Directeur d\u2019Ekitia Occitanie, Pr\u00e9sident d\u2019Open IG Occitanie et du CNIG<\/li>\r\n \t<li>Yosr Kbairi, Sous-Pr\u00e9f\u00e8te \u00e0 la Relance, SGARE Grand Est<\/li>\r\n \t<li>Maximin Charpentier, Pr\u00e9sident de la Chambre R\u00e9gionale d\u2019Agriculture (\u00e0 confirmer)<\/li>\r\n \t<li>Driss Ait-Mani, Chief Technical Officer, PRIESM \u2013 projet Predict\u2019Est<\/li>\r\n<\/ul>\r\n&nbsp;\r\n\r\n<strong>11h40\u00a0 |\u00a0\u00a0<\/strong>O\u00f9 en sommes-nous en terme d'opendata en Grand Est ?\r\n\r\n<strong>12h00\u00a0 |\u00a0\u00a0<\/strong>Pr\u00e9sentation de DataGrandEst et perspectives\r\n\r\n<strong>12h30\u00a0 |\u00a0\u00a0<\/strong>Conf\u00e9rence de presse\r\n\r\n<strong>12h30\u00a0 |\u00a0\u00a0<\/strong>Cocktail d\u00e9jeunatoire\r\n\r\n<strong>14h00\u00a0 |\u00a0\u00a0<\/strong>Ateliers : Concr\u00e8tement DataGrandEst !\r\n<ul>\r\n \t<li>Piloter - La data, c'est mon dada<\/li>\r\n \t<li>Partager - Sur la route de l'open data<\/li>\r\n \t<li>Produire - L'amour est dans la donn\u00e9e<\/li>\r\n \t<li>Valoriser - Donn\u00e9es : en quelques clics, \u00e7a claque<\/li>\r\n<\/ul>\r\n<strong>16h00\u00a0 |\u00a0\u00a0<\/strong>Synth\u00e8se et conclusion de la journ\u00e9e\r\n<ul>\r\n \t<li>Isabelle Kauffmann, la Chef du service Connaissance et D\u00e9veloppement Durable \u00e0 la DREAL Grand Est<\/li>\r\n \t<li>Cl\u00e9ment Cambon, le D\u00e9l\u00e9gu\u00e9 \u00e0 l\u2019Innovation et \u00e0 la Modernisation de l\u2019Action Publique \u00e0 la R\u00e9gion Grand Est<\/li>\r\n<\/ul>\r\n&nbsp;\r\n\r\n<strong>16h30\u00a0 |\u00a0\u00a0<\/strong>Fin de la journ\u00e9e","couleur_de_fond":"transparent","taille_de_la_zone":"large-content","position_texte":"center","image_de_fond":""},{"acf_fc_layout":"flex_pictos","show_title":true,"titre_de_section":"Se rendre \u00e0 BLIIIDA","elements":[{"picto":1895,"titre":"Adresse de l'\u00e9v\u00e9nement","texte":"BLIIIDA 7 avenue de Blida 57000 Metz","intitule_du_bouton":"","url_du_bouton":""},{"picto":1894,"titre":"\u00c0 partir de la gare","texte":"A la descente du train, gare de Metz, \r\nprendre la sortie menant rue \r\nVauban\/place du G\u00e9n\u00e9ral de Gaulle","intitule_du_bouton":"","url_du_bouton":""},{"picto":1893,"titre":"Taxis de Metz ","texte":"Tel : 03 87 56 91 92","intitule_du_bouton":"","url_du_bouton":""},{"picto":1892,"titre":"Ligne 3 vers Woippy","texte":"Remonter la rue Fran\u00e7ois de Curel (en \r\nface de la gare) Descendre \u00e0 l\u2019arr\u00eat \r\n\u00ab Rimport \u00bb Traverser le pont Des Grilles \r\nTourner \u00e0 droite et continuer tout droit sur \r\n200 m\u00e8tres environ.","intitule_du_bouton":"","url_du_bouton":""},{"picto":1891,"titre":"A pied (environ 30 minutes)","texte":"Prendre le boulevard Jean XXIII Traverser le pont Des Grilles Tourner \u00e0 droite et continuer tout droit sur 200 m\u00e8tres environ.","intitule_du_bouton":"","url_du_bouton":""},{"picto":1890,"titre":"A partir de l'autoroute en voiture","texte":"Prendre la sortie 33 (Pontifroy) autoroute A31","intitule_du_bouton":"","url_du_bouton":""}],"couleur_de_fond":"transparent"}]},"yoast_head":"<!-- This site is optimized with the Yoast SEO plugin v27.4 - https:\/\/yoast.com\/product\/yoast-seo-wordpress\/ -->\n<title>Rencontres r\u00e9gionales de la donn\u00e9e du Grand Est - DataGrandEst<\/title>\n<meta name=\"robots\" content=\"index, follow, max-snippet:-1, max-image-preview:large, max-video-preview:-1\" \/>\n<link rel=\"canonical\" href=\"https:\/\/www.datagrandest.fr\/site\/rencontres-regionales-de-la-donnee-du-grand-est\/\" \/>\n<meta property=\"og:locale\" content=\"fr_FR\" \/>\n<meta property=\"og:type\" content=\"article\" \/>\n<meta property=\"og:title\" content=\"Rencontres r\u00e9gionales de la donn\u00e9e du Grand Est - DataGrandEst\" \/>\n<meta property=\"og:url\" content=\"https:\/\/www.datagrandest.fr\/site\/rencontres-regionales-de-la-donnee-du-grand-est\/\" \/>\n<meta property=\"og:site_name\" content=\"DataGrandEst\" \/>\n<meta property=\"article:modified_time\" content=\"2025-11-13T15:05:46+00:00\" \/>\n<meta name=\"twitter:card\" content=\"summary_large_image\" \/>\n<meta name=\"twitter:label1\" content=\"Dur\u00e9e de lecture estim\u00e9e\" \/>\n\t<meta name=\"twitter:data1\" content=\"3 minutes\" \/>\n<script type=\"application\/ld+json\" class=\"yoast-schema-graph\">{\"@context\":\"https:\\\/\\\/schema.org\",\"@graph\":[{\"@type\":\"WebPage\",\"@id\":\"https:\\\/\\\/www.datagrandest.fr\\\/site\\\/rencontres-regionales-de-la-donnee-du-grand-est\\\/\",\"url\":\"https:\\\/\\\/www.datagrandest.fr\\\/site\\\/rencontres-regionales-de-la-donnee-du-grand-est\\\/\",\"name\":\"Rencontres r\u00e9gionales de la donn\u00e9e du Grand Est - DataGrandEst\",\"isPartOf\":{\"@id\":\"https:\\\/\\\/www.datagrandest.fr\\\/site\\\/#website\"},\"datePublished\":\"2025-11-13T14:36:47+00:00\",\"dateModified\":\"2025-11-13T15:05:46+00:00\",\"breadcrumb\":{\"@id\":\"https:\\\/\\\/www.datagrandest.fr\\\/site\\\/rencontres-regionales-de-la-donnee-du-grand-est\\\/#breadcrumb\"},\"inLanguage\":\"fr-FR\",\"potentialAction\":[{\"@type\":\"ReadAction\",\"target\":[\"https:\\\/\\\/www.datagrandest.fr\\\/site\\\/rencontres-regionales-de-la-donnee-du-grand-est\\\/\"]}]},{\"@type\":\"BreadcrumbList\",\"@id\":\"https:\\\/\\\/www.datagrandest.fr\\\/site\\\/rencontres-regionales-de-la-donnee-du-grand-est\\\/#breadcrumb\",\"itemListElement\":[{\"@type\":\"ListItem\",\"position\":1,\"name\":\"Accueil\",\"item\":\"https:\\\/\\\/www.datagrandest.fr\\\/site\\\/\"},{\"@type\":\"ListItem\",\"position\":2,\"name\":\"Rencontres r\u00e9gionales de la donn\u00e9e du Grand Est\"}]},{\"@type\":\"WebSite\",\"@id\":\"https:\\\/\\\/www.datagrandest.fr\\\/site\\\/#website\",\"url\":\"https:\\\/\\\/www.datagrandest.fr\\\/site\\\/\",\"name\":\"DataGrandEst\",\"description\":\"\",\"potentialAction\":[{\"@type\":\"SearchAction\",\"target\":{\"@type\":\"EntryPoint\",\"urlTemplate\":\"https:\\\/\\\/www.datagrandest.fr\\\/site\\\/?s={search_term_string}\"},\"query-input\":{\"@type\":\"PropertyValueSpecification\",\"valueRequired\":true,\"valueName\":\"search_term_string\"}}],\"inLanguage\":\"fr-FR\"}]}<\/script>\n<!-- \/ Yoast SEO plugin. -->","yoast_head_json":{"title":"Rencontres r\u00e9gionales de la donn\u00e9e du Grand Est - DataGrandEst","robots":{"index":"index","follow":"follow","max-snippet":"max-snippet:-1","max-image-preview":"max-image-preview:large","max-video-preview":"max-video-preview:-1"},"canonical":"https:\/\/www.datagrandest.fr\/site\/rencontres-regionales-de-la-donnee-du-grand-est\/","og_locale":"fr_FR","og_type":"article","og_title":"Rencontres r\u00e9gionales de la donn\u00e9e du Grand Est - DataGrandEst","og_url":"https:\/\/www.datagrandest.fr\/site\/rencontres-regionales-de-la-donnee-du-grand-est\/","og_site_name":"DataGrandEst","article_modified_time":"2025-11-13T15:05:46+00:00","twitter_card":"summary_large_image","twitter_misc":{"Dur\u00e9e de lecture estim\u00e9e":"3 minutes"},"schema":{"@context":"https:\/\/schema.org","@graph":[{"@type":"WebPage","@id":"https:\/\/www.datagrandest.fr\/site\/rencontres-regionales-de-la-donnee-du-grand-est\/","url":"https:\/\/www.datagrandest.fr\/site\/rencontres-regionales-de-la-donnee-du-grand-est\/","name":"Rencontres r\u00e9gionales de la donn\u00e9e du Grand Est - DataGrandEst","isPartOf":{"@id":"https:\/\/www.datagrandest.fr\/site\/#website"},"datePublished":"2025-11-13T14:36:47+00:00","dateModified":"2025-11-13T15:05:46+00:00","breadcrumb":{"@id":"https:\/\/www.datagrandest.fr\/site\/rencontres-regionales-de-la-donnee-du-grand-est\/#breadcrumb"},"inLanguage":"fr-FR","potentialAction":[{"@type":"ReadAction","target":["https:\/\/www.datagrandest.fr\/site\/rencontres-regionales-de-la-donnee-du-grand-est\/"]}]},{"@type":"BreadcrumbList","@id":"https:\/\/www.datagrandest.fr\/site\/rencontres-regionales-de-la-donnee-du-grand-est\/#breadcrumb","itemListElement":[{"@type":"ListItem","position":1,"name":"Accueil","item":"https:\/\/www.datagrandest.fr\/site\/"},{"@type":"ListItem","position":2,"name":"Rencontres r\u00e9gionales de la donn\u00e9e du Grand Est"}]},{"@type":"WebSite","@id":"https:\/\/www.datagrandest.fr\/site\/#website","url":"https:\/\/www.datagrandest.fr\/site\/","name":"DataGrandEst","description":"","potentialAction":[{"@type":"SearchAction","target":{"@type":"EntryPoint","urlTemplate":"https:\/\/www.datagrandest.fr\/site\/?s={search_term_string}"},"query-input":{"@type":"PropertyValueSpecification","valueRequired":true,"valueName":"search_term_string"}}],"inLanguage":"fr-FR"}]}},"_links":{"self":[{"href":"https:\/\/www.datagrandest.fr\/site\/wp-json\/wp\/v2\/pages\/1886","targetHints":{"allow":["GET"]}}],"collection":[{"href":"https:\/\/www.datagrandest.fr\/site\/wp-json\/wp\/v2\/pages"}],"about":[{"href":"https:\/\/www.datagrandest.fr\/site\/wp-json\/wp\/v2\/types\/page"}],"author":[{"embeddable":true,"href":"https:\/\/www.datagrandest.fr\/site\/wp-json\/wp\/v2\/users\/12"}],"replies":[{"embeddable":true,"href":"https:\/\/www.datagrandest.fr\/site\/wp-json\/wp\/v2\/comments?post=1886"}],"version-history":[{"count":3,"href":"https:\/\/www.datagrandest.fr\/site\/wp-json\/wp\/v2\/pages\/1886\/revisions"}],"predecessor-version":[{"id":1896,"href":"https:\/\/www.datagrandest.fr\/site\/wp-json\/wp\/v2\/pages\/1886\/revisions\/1896"}],"wp:attachment":[{"href":"https:\/\/www.datagrandest.fr\/site\/wp-json\/wp\/v2\/media?parent=1886"}],"wp:term":[{"taxonomy":"source","embeddable":true,"href":"https:\/\/www.datagrandest.fr\/site\/wp-json\/wp\/v2\/source?post=1886"},{"taxonomy":"thematique_globale","embeddable":true,"href":"https:\/\/www.datagrandest.fr\/site\/wp-json\/wp\/v2\/thematique_globale?post=1886"}],"curies":[{"name":"wp","href":"https:\/\/api.w.org\/{rel}","templated":true}]}}