{"id":2328,"date":"2025-11-18T10:24:46","date_gmt":"2025-11-18T09:24:46","guid":{"rendered":"https:\/\/dev.datagrandest.fr\/site\/?page_id=2328"},"modified":"2026-03-25T14:52:40","modified_gmt":"2026-03-25T13:52:40","slug":"les-partenaires","status":"publish","type":"page","link":"https:\/\/www.datagrandest.fr\/site\/les-partenaires\/","title":{"rendered":"Les partenaires"},"content":{"rendered":"<p style=\"text-align: left;\">G\u00e9oGrandEst est un\u00a0<strong>r\u00e9seau d\u2019acteurs<\/strong>\u00a0dans le domaine de l\u2019information g\u00e9ographique. Peuvent adh\u00e9rer :<\/p>\n<ul style=\"text-align: left;\">\n<li>Les services de l&rsquo;Etat, les collectivit\u00e9s territoriales et leurs groupements, les \u00e9tablissements publics, les organismes charg\u00e9s d\u2019une mission de service public, dans le cadre\u00a0de l\u2019exercice de cette mission.<\/li>\n<\/ul>\n<p style=\"text-align: left;\">Chaque\u00a0<strong>organisme\u00a0<\/strong>adh\u00e9rent d\u00e9signe un\u00a0<strong>r\u00e9f\u00e9rent technique<\/strong>.<\/p>\n<p style=\"text-align: left;\">Consultez la rubrique &lsquo;<a href=\"https:\/\/www.datagrandest.fr\/site\/adherer-a-datagrandest\/\">Devenir adh\u00e9rent<\/a>&lsquo;<\/p>\n","protected":false},"excerpt":{"rendered":"<p>G\u00e9oGrandEst est un\u00a0r\u00e9seau d\u2019acteurs\u00a0dans le domaine de l\u2019information g\u00e9ographique. Peuvent adh\u00e9rer : Les services de l&rsquo;Etat, les collectivit\u00e9s territoriales et leurs groupements, les \u00e9tablissements publics, les organismes charg\u00e9s d\u2019une mission de service public, dans le cadre\u00a0de l\u2019exercice de cette mission. Chaque\u00a0organisme\u00a0adh\u00e9rent d\u00e9signe un\u00a0r\u00e9f\u00e9rent technique. Consultez la rubrique &lsquo;Devenir adh\u00e9rent&lsquo;<\/p>\n","protected":false},"author":12,"featured_media":0,"parent":0,"menu_order":0,"comment_status":"closed","ping_status":"closed","template":"src\/controllers\/models\/carrefour.php","meta":{"_acf_changed":false,"_relevanssi_hide_post":"","_relevanssi_hide_content":"","_relevanssi_pin_for_all":"","_relevanssi_pin_keywords":"","_relevanssi_unpin_keywords":"","_relevanssi_related_keywords":"","_relevanssi_related_include_ids":"","_relevanssi_related_exclude_ids":"","_relevanssi_related_no_append":"","_relevanssi_related_not_related":"","_relevanssi_related_posts":"","_relevanssi_noindex_reason":"","footnotes":""},"source":[],"thematique_globale":[],"class_list":["post-2328","page","type-page","status-publish","hentry"],"acf":{"glo_image":"","glo_intro":"","glo_car_surcharge_titre":"","glo_car_surcharge_lien":""},"yoast_head":"<!-- This site is optimized with the Yoast SEO plugin v27.4 - https:\/\/yoast.com\/product\/yoast-seo-wordpress\/ -->\n<title>Les partenaires - DataGrandEst<\/title>\n<meta name=\"robots\" content=\"index, follow, max-snippet:-1, max-image-preview:large, max-video-preview:-1\" \/>\n<link rel=\"canonical\" href=\"https:\/\/www.datagrandest.fr\/site\/les-partenaires\/\" \/>\n<meta property=\"og:locale\" content=\"fr_FR\" \/>\n<meta property=\"og:type\" content=\"article\" \/>\n<meta property=\"og:title\" content=\"Les partenaires - DataGrandEst\" \/>\n<meta property=\"og:description\" content=\"G\u00e9oGrandEst est un\u00a0r\u00e9seau d\u2019acteurs\u00a0dans le domaine de l\u2019information g\u00e9ographique. Peuvent adh\u00e9rer : Les services de l&rsquo;Etat, les collectivit\u00e9s territoriales et leurs groupements, les \u00e9tablissements publics, les organismes charg\u00e9s d\u2019une mission de service public, dans le cadre\u00a0de l\u2019exercice de cette mission. Chaque\u00a0organisme\u00a0adh\u00e9rent d\u00e9signe un\u00a0r\u00e9f\u00e9rent technique. Consultez la rubrique &lsquo;Devenir adh\u00e9rent&lsquo;\" \/>\n<meta property=\"og:url\" content=\"https:\/\/www.datagrandest.fr\/site\/les-partenaires\/\" \/>\n<meta property=\"og:site_name\" content=\"DataGrandEst\" \/>\n<meta property=\"article:modified_time\" content=\"2026-03-25T13:52:40+00:00\" \/>\n<meta name=\"twitter:card\" content=\"summary_large_image\" \/>\n<meta name=\"twitter:label1\" content=\"Dur\u00e9e de lecture estim\u00e9e\" \/>\n\t<meta name=\"twitter:data1\" content=\"1 minute\" \/>\n<script type=\"application\/ld+json\" class=\"yoast-schema-graph\">{\"@context\":\"https:\\\/\\\/schema.org\",\"@graph\":[{\"@type\":\"WebPage\",\"@id\":\"https:\\\/\\\/www.datagrandest.fr\\\/site\\\/les-partenaires\\\/\",\"url\":\"https:\\\/\\\/www.datagrandest.fr\\\/site\\\/les-partenaires\\\/\",\"name\":\"Les partenaires - DataGrandEst\",\"isPartOf\":{\"@id\":\"https:\\\/\\\/www.datagrandest.fr\\\/site\\\/#website\"},\"datePublished\":\"2025-11-18T09:24:46+00:00\",\"dateModified\":\"2026-03-25T13:52:40+00:00\",\"breadcrumb\":{\"@id\":\"https:\\\/\\\/www.datagrandest.fr\\\/site\\\/les-partenaires\\\/#breadcrumb\"},\"inLanguage\":\"fr-FR\",\"potentialAction\":[{\"@type\":\"ReadAction\",\"target\":[\"https:\\\/\\\/www.datagrandest.fr\\\/site\\\/les-partenaires\\\/\"]}]},{\"@type\":\"BreadcrumbList\",\"@id\":\"https:\\\/\\\/www.datagrandest.fr\\\/site\\\/les-partenaires\\\/#breadcrumb\",\"itemListElement\":[{\"@type\":\"ListItem\",\"position\":1,\"name\":\"Accueil\",\"item\":\"https:\\\/\\\/www.datagrandest.fr\\\/site\\\/\"},{\"@type\":\"ListItem\",\"position\":2,\"name\":\"Les partenaires\"}]},{\"@type\":\"WebSite\",\"@id\":\"https:\\\/\\\/www.datagrandest.fr\\\/site\\\/#website\",\"url\":\"https:\\\/\\\/www.datagrandest.fr\\\/site\\\/\",\"name\":\"DataGrandEst\",\"description\":\"\",\"potentialAction\":[{\"@type\":\"SearchAction\",\"target\":{\"@type\":\"EntryPoint\",\"urlTemplate\":\"https:\\\/\\\/www.datagrandest.fr\\\/site\\\/?s={search_term_string}\"},\"query-input\":{\"@type\":\"PropertyValueSpecification\",\"valueRequired\":true,\"valueName\":\"search_term_string\"}}],\"inLanguage\":\"fr-FR\"}]}<\/script>\n<!-- \/ Yoast SEO plugin. -->","yoast_head_json":{"title":"Les partenaires - DataGrandEst","robots":{"index":"index","follow":"follow","max-snippet":"max-snippet:-1","max-image-preview":"max-image-preview:large","max-video-preview":"max-video-preview:-1"},"canonical":"https:\/\/www.datagrandest.fr\/site\/les-partenaires\/","og_locale":"fr_FR","og_type":"article","og_title":"Les partenaires - DataGrandEst","og_description":"G\u00e9oGrandEst est un\u00a0r\u00e9seau d\u2019acteurs\u00a0dans le domaine de l\u2019information g\u00e9ographique. Peuvent adh\u00e9rer : Les services de l&rsquo;Etat, les collectivit\u00e9s territoriales et leurs groupements, les \u00e9tablissements publics, les organismes charg\u00e9s d\u2019une mission de service public, dans le cadre\u00a0de l\u2019exercice de cette mission. Chaque\u00a0organisme\u00a0adh\u00e9rent d\u00e9signe un\u00a0r\u00e9f\u00e9rent technique. Consultez la rubrique &lsquo;Devenir adh\u00e9rent&lsquo;","og_url":"https:\/\/www.datagrandest.fr\/site\/les-partenaires\/","og_site_name":"DataGrandEst","article_modified_time":"2026-03-25T13:52:40+00:00","twitter_card":"summary_large_image","twitter_misc":{"Dur\u00e9e de lecture estim\u00e9e":"1 minute"},"schema":{"@context":"https:\/\/schema.org","@graph":[{"@type":"WebPage","@id":"https:\/\/www.datagrandest.fr\/site\/les-partenaires\/","url":"https:\/\/www.datagrandest.fr\/site\/les-partenaires\/","name":"Les partenaires - DataGrandEst","isPartOf":{"@id":"https:\/\/www.datagrandest.fr\/site\/#website"},"datePublished":"2025-11-18T09:24:46+00:00","dateModified":"2026-03-25T13:52:40+00:00","breadcrumb":{"@id":"https:\/\/www.datagrandest.fr\/site\/les-partenaires\/#breadcrumb"},"inLanguage":"fr-FR","potentialAction":[{"@type":"ReadAction","target":["https:\/\/www.datagrandest.fr\/site\/les-partenaires\/"]}]},{"@type":"BreadcrumbList","@id":"https:\/\/www.datagrandest.fr\/site\/les-partenaires\/#breadcrumb","itemListElement":[{"@type":"ListItem","position":1,"name":"Accueil","item":"https:\/\/www.datagrandest.fr\/site\/"},{"@type":"ListItem","position":2,"name":"Les partenaires"}]},{"@type":"WebSite","@id":"https:\/\/www.datagrandest.fr\/site\/#website","url":"https:\/\/www.datagrandest.fr\/site\/","name":"DataGrandEst","description":"","potentialAction":[{"@type":"SearchAction","target":{"@type":"EntryPoint","urlTemplate":"https:\/\/www.datagrandest.fr\/site\/?s={search_term_string}"},"query-input":{"@type":"PropertyValueSpecification","valueRequired":true,"valueName":"search_term_string"}}],"inLanguage":"fr-FR"}]}},"_links":{"self":[{"href":"https:\/\/www.datagrandest.fr\/site\/wp-json\/wp\/v2\/pages\/2328","targetHints":{"allow":["GET"]}}],"collection":[{"href":"https:\/\/www.datagrandest.fr\/site\/wp-json\/wp\/v2\/pages"}],"about":[{"href":"https:\/\/www.datagrandest.fr\/site\/wp-json\/wp\/v2\/types\/page"}],"author":[{"embeddable":true,"href":"https:\/\/www.datagrandest.fr\/site\/wp-json\/wp\/v2\/users\/12"}],"replies":[{"embeddable":true,"href":"https:\/\/www.datagrandest.fr\/site\/wp-json\/wp\/v2\/comments?post=2328"}],"version-history":[{"count":3,"href":"https:\/\/www.datagrandest.fr\/site\/wp-json\/wp\/v2\/pages\/2328\/revisions"}],"predecessor-version":[{"id":5278,"href":"https:\/\/www.datagrandest.fr\/site\/wp-json\/wp\/v2\/pages\/2328\/revisions\/5278"}],"wp:attachment":[{"href":"https:\/\/www.datagrandest.fr\/site\/wp-json\/wp\/v2\/media?parent=2328"}],"wp:term":[{"taxonomy":"source","embeddable":true,"href":"https:\/\/www.datagrandest.fr\/site\/wp-json\/wp\/v2\/source?post=2328"},{"taxonomy":"thematique_globale","embeddable":true,"href":"https:\/\/www.datagrandest.fr\/site\/wp-json\/wp\/v2\/thematique_globale?post=2328"}],"curies":[{"name":"wp","href":"https:\/\/api.w.org\/{rel}","templated":true}]}}