{"id":2943,"date":"2025-11-26T18:04:03","date_gmt":"2025-11-26T17:04:03","guid":{"rendered":"https:\/\/www.datagrandest.fr\/site\/?page_id=2943"},"modified":"2025-12-16T11:58:10","modified_gmt":"2025-12-16T10:58:10","slug":"principaux-liens-utiles-pour-la-publication-des-metadonnees-et-donnees-sur-la-plateforme-datagrandest","status":"publish","type":"page","link":"https:\/\/www.datagrandest.fr\/site\/formations\/principaux-liens-utiles-pour-la-publication-des-metadonnees-et-donnees-sur-la-plateforme-datagrandest\/","title":{"rendered":"Principaux liens utiles pour la publication des m\u00e9tadonn\u00e9es et donn\u00e9es sur la plateforme DataGrandEst"},"content":{"rendered":"","protected":false},"excerpt":{"rendered":"","protected":false},"author":12,"featured_media":0,"parent":2924,"menu_order":0,"comment_status":"closed","ping_status":"closed","template":"src\/controllers\/models\/flex.php","meta":{"_acf_changed":false,"_relevanssi_hide_post":"","_relevanssi_hide_content":"","_relevanssi_pin_for_all":"","_relevanssi_pin_keywords":"","_relevanssi_unpin_keywords":"","_relevanssi_related_keywords":"","_relevanssi_related_include_ids":"","_relevanssi_related_exclude_ids":"","_relevanssi_related_no_append":"","_relevanssi_related_not_related":"","_relevanssi_related_posts":"","_relevanssi_noindex_reason":"","footnotes":""},"source":[],"thematique_globale":[],"class_list":["post-2943","page","type-page","status-publish","hentry"],"acf":{"glo_image":"","glo_intro":"","glo_car_surcharge_titre":"","glo_car_surcharge_lien":"","cms_contenus_flexibles":[{"acf_fc_layout":"flex_texte_libre","show_title":false,"titre_de_section":"","contenu":"<div class=\"field field-name-body field-type-text-with-summary field-label-hidden\">\r\n<div class=\"field-items\">\r\n<div class=\"field-item even\">\r\n\r\n<u>Modules:<\/u>\r\n<ul>\r\n \t<li>Pydio (stockage des ressources et des donn\u00e9es SHP):\u00a0<a href=\"https:\/\/web.archive.org\/web\/20250621164716\/https:\/\/www.datagrandest.fr\/files\">https:\/\/www.datagrandest.fr\/files<\/a><\/li>\r\n \t<li>mdEdit 2 (formulaire de saisie des m\u00e9tadonn\u00e9es):\u00a0<a href=\"https:\/\/web.archive.org\/web\/20250621164716\/https:\/\/www.datagrandest.fr\/tools\/mdedit2\">https:\/\/www.datagrandest.fr\/tools\/mdedit2<\/a><\/li>\r\n \t<li>GeoServer (serveur cartographique):\u00a0<a href=\"https:\/\/web.archive.org\/web\/20250621164716\/https:\/\/www.datagrandest.fr\/geoserver\">https:\/\/www.datagrandest.fr\/geoserver<\/a><\/li>\r\n<\/ul>\r\n<u>Mod\u00e8les de liens:<\/u>\r\n\r\n1. Lien vers les fichiers stock\u00e9s sur Pydio dans le dossier \"<em>metadata_org<\/em>\" d'un organisme:\r\n<ul>\r\n \t<li><u>https:\/\/www.datagrandest.fr\/metadata\/<\/u><em><u>org\/chemin\/vers\/le\/fichier.jpg<\/u><\/em>\r\no\u00f9 \"<em>org<\/em>\" est le nom de l'organisme tel que d\u00e9fini dans le nom du dossier \"metadata_org\" dans Pydio\r\no\u00f9 \"<em>chemin\/vers\/le\/fichier<\/em>\" est le chemin vers le fichier et correspond \u00e0 l'arborescence \u00e0 partir du dossier racine \"<em>metadata_org<\/em>\"<\/li>\r\n<\/ul>\r\n2. Liens vers les fiches de m\u00e9tadonn\u00e9es sur la catalogue DataGrandEst \u00e0 renseigner dans Geoserver (disponible apr\u00e8s un premier moissonnage):\r\n<ul>\r\n \t<li>Format \"text\/xml\":\u00a0<u>https:\/\/www.datagrandest.fr\/geonetwork\/srv\/fre\/xml_iso19139?uuid=<\/u><em><u>fileIdentifier<\/u><\/em><\/li>\r\n \t<li>Format \"text\/html\":\u00a0<u>https:\/\/www.datagrandest.fr\/geonetwork\/srv\/fre\/catalog.search#\/metadata\/<\/u><em><u>fileIdentifier<\/u><\/em><\/li>\r\n<\/ul>\r\nDans les 2 liens ci-dessus,\u00a0\"<em>fielIdentifier<\/em>\" d\u00e9signe l'identifiant de la fiche de m\u00e9tadonn\u00e9es\r\n\r\n3. URL des flux WMS et WFS \u00e0 renseigner dans la fiche de m\u00e9tadonn\u00e9es:\r\n<ul>\r\n \t<li><u>https:\/\/www.datagrandest.fr\/geoserver\/<em>org<\/em>\/wms<\/u><\/li>\r\n \t<li><u>https:\/\/www.datagrandest.fr\/geoserver\/<em>org<\/em>\/wfs<\/u><\/li>\r\n<\/ul>\r\no\u00f9 \"<em>org<\/em>\" est le nom de l'organisme tel que d\u00e9fini dans le nom de l'espace de travail dans GeoServer et le dossier \"<em>data_org<\/em>\" dans Pydio\r\n\r\n&nbsp;\r\n\r\n<\/div>\r\n<\/div>\r\n<\/div>\r\n<div class=\"field field-name-field-version field-type-text field-label-inline clearfix\">\r\n<div class=\"field-label\">Version : 1 (20\/03\/2019)<\/div>\r\n<\/div>\r\n<div class=\"field field-name-field-type-doc field-type-text field-label-inline clearfix\">\r\n<div class=\"field-label\">Format : html<\/div>\r\n<\/div>\r\n<div class=\"field field-name-field-type-ressources field-type-taxonomy-term-reference field-label-inline clearfix\">\r\n<div class=\"field-label\">Type de ressources : Formation<\/div>\r\n<\/div>","couleur_de_fond":"transparent","taille_de_la_zone":"large-content","position_texte":"center","image_de_fond":""}]},"yoast_head":"<!-- This site is optimized with the Yoast SEO plugin v27.3 - https:\/\/yoast.com\/product\/yoast-seo-wordpress\/ -->\n<title>Principaux liens utiles pour la publication des m\u00e9tadonn\u00e9es et donn\u00e9es sur la plateforme DataGrandEst - DataGrandEst<\/title>\n<meta name=\"robots\" content=\"index, follow, max-snippet:-1, max-image-preview:large, max-video-preview:-1\" \/>\n<link rel=\"canonical\" href=\"https:\/\/www.datagrandest.fr\/site\/formations\/principaux-liens-utiles-pour-la-publication-des-metadonnees-et-donnees-sur-la-plateforme-datagrandest\/\" \/>\n<meta property=\"og:locale\" content=\"fr_FR\" \/>\n<meta property=\"og:type\" content=\"article\" \/>\n<meta property=\"og:title\" content=\"Principaux liens utiles pour la publication des m\u00e9tadonn\u00e9es et donn\u00e9es sur la plateforme DataGrandEst - DataGrandEst\" \/>\n<meta property=\"og:url\" content=\"https:\/\/www.datagrandest.fr\/site\/formations\/principaux-liens-utiles-pour-la-publication-des-metadonnees-et-donnees-sur-la-plateforme-datagrandest\/\" \/>\n<meta property=\"og:site_name\" content=\"DataGrandEst\" \/>\n<meta property=\"article:modified_time\" content=\"2025-12-16T10:58:10+00:00\" \/>\n<meta name=\"twitter:card\" content=\"summary_large_image\" \/>\n<meta name=\"twitter:label1\" content=\"Dur\u00e9e de lecture estim\u00e9e\" \/>\n\t<meta name=\"twitter:data1\" content=\"1 minute\" \/>\n<script type=\"application\/ld+json\" class=\"yoast-schema-graph\">{\"@context\":\"https:\\\/\\\/schema.org\",\"@graph\":[{\"@type\":\"WebPage\",\"@id\":\"https:\\\/\\\/www.datagrandest.fr\\\/site\\\/formations\\\/principaux-liens-utiles-pour-la-publication-des-metadonnees-et-donnees-sur-la-plateforme-datagrandest\\\/\",\"url\":\"https:\\\/\\\/www.datagrandest.fr\\\/site\\\/formations\\\/principaux-liens-utiles-pour-la-publication-des-metadonnees-et-donnees-sur-la-plateforme-datagrandest\\\/\",\"name\":\"Principaux liens utiles pour la publication des m\u00e9tadonn\u00e9es et donn\u00e9es sur la plateforme DataGrandEst - DataGrandEst\",\"isPartOf\":{\"@id\":\"https:\\\/\\\/www.datagrandest.fr\\\/site\\\/#website\"},\"datePublished\":\"2025-11-26T17:04:03+00:00\",\"dateModified\":\"2025-12-16T10:58:10+00:00\",\"breadcrumb\":{\"@id\":\"https:\\\/\\\/www.datagrandest.fr\\\/site\\\/formations\\\/principaux-liens-utiles-pour-la-publication-des-metadonnees-et-donnees-sur-la-plateforme-datagrandest\\\/#breadcrumb\"},\"inLanguage\":\"fr-FR\",\"potentialAction\":[{\"@type\":\"ReadAction\",\"target\":[\"https:\\\/\\\/www.datagrandest.fr\\\/site\\\/formations\\\/principaux-liens-utiles-pour-la-publication-des-metadonnees-et-donnees-sur-la-plateforme-datagrandest\\\/\"]}]},{\"@type\":\"BreadcrumbList\",\"@id\":\"https:\\\/\\\/www.datagrandest.fr\\\/site\\\/formations\\\/principaux-liens-utiles-pour-la-publication-des-metadonnees-et-donnees-sur-la-plateforme-datagrandest\\\/#breadcrumb\",\"itemListElement\":[{\"@type\":\"ListItem\",\"position\":1,\"name\":\"Accueil\",\"item\":\"https:\\\/\\\/www.datagrandest.fr\\\/site\\\/\"},{\"@type\":\"ListItem\",\"position\":2,\"name\":\"Formations\",\"item\":\"https:\\\/\\\/www.datagrandest.fr\\\/site\\\/formations\\\/\"},{\"@type\":\"ListItem\",\"position\":3,\"name\":\"Principaux liens utiles pour la publication des m\u00e9tadonn\u00e9es et donn\u00e9es sur la plateforme DataGrandEst\"}]},{\"@type\":\"WebSite\",\"@id\":\"https:\\\/\\\/www.datagrandest.fr\\\/site\\\/#website\",\"url\":\"https:\\\/\\\/www.datagrandest.fr\\\/site\\\/\",\"name\":\"DataGrandEst\",\"description\":\"\",\"potentialAction\":[{\"@type\":\"SearchAction\",\"target\":{\"@type\":\"EntryPoint\",\"urlTemplate\":\"https:\\\/\\\/www.datagrandest.fr\\\/site\\\/?s={search_term_string}\"},\"query-input\":{\"@type\":\"PropertyValueSpecification\",\"valueRequired\":true,\"valueName\":\"search_term_string\"}}],\"inLanguage\":\"fr-FR\"}]}<\/script>\n<!-- \/ Yoast SEO plugin. -->","yoast_head_json":{"title":"Principaux liens utiles pour la publication des m\u00e9tadonn\u00e9es et donn\u00e9es sur la plateforme DataGrandEst - DataGrandEst","robots":{"index":"index","follow":"follow","max-snippet":"max-snippet:-1","max-image-preview":"max-image-preview:large","max-video-preview":"max-video-preview:-1"},"canonical":"https:\/\/www.datagrandest.fr\/site\/formations\/principaux-liens-utiles-pour-la-publication-des-metadonnees-et-donnees-sur-la-plateforme-datagrandest\/","og_locale":"fr_FR","og_type":"article","og_title":"Principaux liens utiles pour la publication des m\u00e9tadonn\u00e9es et donn\u00e9es sur la plateforme DataGrandEst - DataGrandEst","og_url":"https:\/\/www.datagrandest.fr\/site\/formations\/principaux-liens-utiles-pour-la-publication-des-metadonnees-et-donnees-sur-la-plateforme-datagrandest\/","og_site_name":"DataGrandEst","article_modified_time":"2025-12-16T10:58:10+00:00","twitter_card":"summary_large_image","twitter_misc":{"Dur\u00e9e de lecture estim\u00e9e":"1 minute"},"schema":{"@context":"https:\/\/schema.org","@graph":[{"@type":"WebPage","@id":"https:\/\/www.datagrandest.fr\/site\/formations\/principaux-liens-utiles-pour-la-publication-des-metadonnees-et-donnees-sur-la-plateforme-datagrandest\/","url":"https:\/\/www.datagrandest.fr\/site\/formations\/principaux-liens-utiles-pour-la-publication-des-metadonnees-et-donnees-sur-la-plateforme-datagrandest\/","name":"Principaux liens utiles pour la publication des m\u00e9tadonn\u00e9es et donn\u00e9es sur la plateforme DataGrandEst - DataGrandEst","isPartOf":{"@id":"https:\/\/www.datagrandest.fr\/site\/#website"},"datePublished":"2025-11-26T17:04:03+00:00","dateModified":"2025-12-16T10:58:10+00:00","breadcrumb":{"@id":"https:\/\/www.datagrandest.fr\/site\/formations\/principaux-liens-utiles-pour-la-publication-des-metadonnees-et-donnees-sur-la-plateforme-datagrandest\/#breadcrumb"},"inLanguage":"fr-FR","potentialAction":[{"@type":"ReadAction","target":["https:\/\/www.datagrandest.fr\/site\/formations\/principaux-liens-utiles-pour-la-publication-des-metadonnees-et-donnees-sur-la-plateforme-datagrandest\/"]}]},{"@type":"BreadcrumbList","@id":"https:\/\/www.datagrandest.fr\/site\/formations\/principaux-liens-utiles-pour-la-publication-des-metadonnees-et-donnees-sur-la-plateforme-datagrandest\/#breadcrumb","itemListElement":[{"@type":"ListItem","position":1,"name":"Accueil","item":"https:\/\/www.datagrandest.fr\/site\/"},{"@type":"ListItem","position":2,"name":"Formations","item":"https:\/\/www.datagrandest.fr\/site\/formations\/"},{"@type":"ListItem","position":3,"name":"Principaux liens utiles pour la publication des m\u00e9tadonn\u00e9es et donn\u00e9es sur la plateforme DataGrandEst"}]},{"@type":"WebSite","@id":"https:\/\/www.datagrandest.fr\/site\/#website","url":"https:\/\/www.datagrandest.fr\/site\/","name":"DataGrandEst","description":"","potentialAction":[{"@type":"SearchAction","target":{"@type":"EntryPoint","urlTemplate":"https:\/\/www.datagrandest.fr\/site\/?s={search_term_string}"},"query-input":{"@type":"PropertyValueSpecification","valueRequired":true,"valueName":"search_term_string"}}],"inLanguage":"fr-FR"}]}},"_links":{"self":[{"href":"https:\/\/www.datagrandest.fr\/site\/wp-json\/wp\/v2\/pages\/2943","targetHints":{"allow":["GET"]}}],"collection":[{"href":"https:\/\/www.datagrandest.fr\/site\/wp-json\/wp\/v2\/pages"}],"about":[{"href":"https:\/\/www.datagrandest.fr\/site\/wp-json\/wp\/v2\/types\/page"}],"author":[{"embeddable":true,"href":"https:\/\/www.datagrandest.fr\/site\/wp-json\/wp\/v2\/users\/12"}],"replies":[{"embeddable":true,"href":"https:\/\/www.datagrandest.fr\/site\/wp-json\/wp\/v2\/comments?post=2943"}],"version-history":[{"count":2,"href":"https:\/\/www.datagrandest.fr\/site\/wp-json\/wp\/v2\/pages\/2943\/revisions"}],"predecessor-version":[{"id":3366,"href":"https:\/\/www.datagrandest.fr\/site\/wp-json\/wp\/v2\/pages\/2943\/revisions\/3366"}],"up":[{"embeddable":true,"href":"https:\/\/www.datagrandest.fr\/site\/wp-json\/wp\/v2\/pages\/2924"}],"wp:attachment":[{"href":"https:\/\/www.datagrandest.fr\/site\/wp-json\/wp\/v2\/media?parent=2943"}],"wp:term":[{"taxonomy":"source","embeddable":true,"href":"https:\/\/www.datagrandest.fr\/site\/wp-json\/wp\/v2\/source?post=2943"},{"taxonomy":"thematique_globale","embeddable":true,"href":"https:\/\/www.datagrandest.fr\/site\/wp-json\/wp\/v2\/thematique_globale?post=2943"}],"curies":[{"name":"wp","href":"https:\/\/api.w.org\/{rel}","templated":true}]}}