{"id":2955,"date":"2025-11-26T18:26:09","date_gmt":"2025-11-26T17:26:09","guid":{"rendered":"https:\/\/www.datagrandest.fr\/site\/?page_id=2955"},"modified":"2025-12-16T10:17:49","modified_gmt":"2025-12-16T09:17:49","slug":"documenter-et-decrire-ses-donnees-geographiques-sur-la-plateforme-geograndest-le-catalogue-regional-des-donnees","status":"publish","type":"page","link":"https:\/\/www.datagrandest.fr\/site\/formations\/documenter-et-decrire-ses-donnees-geographiques-sur-la-plateforme-geograndest-le-catalogue-regional-des-donnees\/","title":{"rendered":"Documenter et d\u00e9crire ses donn\u00e9es g\u00e9ographiques sur la plateforme G\u00e9oGrandEst, le catalogue r\u00e9gional des donn\u00e9es"},"content":{"rendered":"","protected":false},"excerpt":{"rendered":"","protected":false},"author":12,"featured_media":0,"parent":2924,"menu_order":0,"comment_status":"closed","ping_status":"closed","template":"src\/controllers\/models\/flex.php","meta":{"_acf_changed":false,"_relevanssi_hide_post":"","_relevanssi_hide_content":"","_relevanssi_pin_for_all":"","_relevanssi_pin_keywords":"","_relevanssi_unpin_keywords":"","_relevanssi_related_keywords":"","_relevanssi_related_include_ids":"","_relevanssi_related_exclude_ids":"","_relevanssi_related_no_append":"","_relevanssi_related_not_related":"","_relevanssi_related_posts":"","_relevanssi_noindex_reason":"","footnotes":""},"source":[],"thematique_globale":[],"class_list":["post-2955","page","type-page","status-publish","hentry"],"acf":{"glo_image":"","glo_intro":"","glo_car_surcharge_titre":"","glo_car_surcharge_lien":"","cms_contenus_flexibles":[{"acf_fc_layout":"flex_texte_libre","show_title":false,"titre_de_section":"","contenu":"Apprendre comment\u00a0<strong>documenter et d\u00e9crire vos donn\u00e9es g\u00e9ographiques,<\/strong>\u00a0dans le respect de la directive europ\u00e9enne INSPIRE,\u00a0<strong>valoriser votre savoir-faire et votre patrimoine d\u2019information\u00a0<\/strong>en le rendant accessible sur le catalogue G\u00e9oGrandEst, le G\u00e9ocatalogue national et la plateforme data.gouv.fr.\r\n\r\nLes vid\u00e9os du webinaire, le support de formation et la documentation compl\u00e9mentaire relative \u00e0 l'outil mdEdit vous permettront de r\u00e9aliser ces actions pour partager et valoriser vos donn\u00e9es.\r\n\r\n<strong>Les pr\u00e9sentations :<\/strong>\r\n<ul>\r\n \t<li>Rappel du contexte technique et r\u00e9glementaire s'appliquant aux m\u00e9tadonn\u00e9es - Antoine Richard (R\u00e9gion Grand Est)<\/li>\r\n \t<li>D\u00e9crire ses donn\u00e9es sur la plateforme G\u00e9oGrandEst via un formulaire simple de saisie (mdEdit 2) - Guillaume Ryckelynck (R\u00e9gion Grand Est)<\/li>\r\n \t<li>Publier et mettre \u00e0 jour ses fiches de m\u00e9tadonn\u00e9es sur la plateforme G\u00e9oGrandEst - Brigitte Creusel (R\u00e9gion Grand Est)<\/li>\r\n<\/ul>\r\n&nbsp;\r\n\r\nDocumentations relatives au webinaire :\r\n<ul>\r\n \t<li>La vid\u00e9o de chacune des 3 pr\u00e9sentations,<\/li>\r\n \t<li>Le support de formation \"Documenter\/d\u00e9crire mes donn\u00e9es g\u00e9ographiques\" regroupant l'ensemble des 3 pr\u00e9sentations du webinaire<\/li>\r\n \t<li>Le guide d'utilisation de mdEdit2 et de description des donn\u00e9es<\/li>\r\n \t<li>Les questions pos\u00e9es et les r\u00e9ponses apport\u00e9es durant le webinaire<\/li>\r\n<\/ul>\r\n&nbsp;\r\n\r\n<u>A noter\u00a0<\/u>: les pr\u00e9sentations ci-dessous sont diffus\u00e9es \u00e0 partir de la cha\u00eene\u00a0<strong>YouTube G\u00e9oGrandEst.<\/strong>\u00a0Si vous rencontrez des difficult\u00e9s pour les visionner, nous vous invitons \u00e0 utiliser les liens mentionn\u00e9s dans la rubrique \"<strong>Document\u00a0(lien)<\/strong>\"","couleur_de_fond":"transparent","taille_de_la_zone":"large-content","position_texte":"center","image_de_fond":""},{"acf_fc_layout":"flex_trois_colonnes","show_title":false,"titre_de_section":"","colonnes":{"":null,"gauche":{"medias":["video"],"image":"","video":"https:\/\/www.youtube.com\/watch?v=QGGN0uwHYLc","mp4":null,"contenu":"Rappel du contexte technique et r\u00e9glementaire s'appliquant aux m\u00e9tadonn\u00e9es -\u00a0<strong>Antoine Richard (R\u00e9gion Grand Est)<\/strong>"},"centre":{"medias":["video"],"image":"","video":"https:\/\/www.youtube.com\/watch?xV4-XlS_lW8?rel=0","mp4":null,"contenu":"D\u00e9crire ses donn\u00e9es sur la plateforme G\u00e9oGrandEst via un formulaire simple de saisie (mdEdit 2) \u2013\u00a0<strong>Guillaume Ryckelynck (R\u00e9gion Grand Est)<\/strong>"},"droite":{"medias":["video"],"image":"","video":"https:\/\/www.youtube.com\/embed\/LeqfLGSxF_s?rel=0","mp4":null,"contenu":"Publier et mettre \u00e0 jour ses fiches de m\u00e9tadonn\u00e9es sur la plateforme G\u00e9oGrandEst -\u00a0<strong>Brigitte Creusel (R\u00e9gion Grand Est)<\/strong>"}},"couleur_de_fond":"transparent","taille_de_la_zone":"large-content","image_de_fond":""},{"acf_fc_layout":"flex_texte_libre","show_title":false,"titre_de_section":"","contenu":"<section class=\"col-md-8-half\">\r\n<div class=\"region region-content\"><section id=\"block-system-main\" class=\"block block-system clearfix\"><article id=\"node-3242\" class=\"node node-document node-promoted clearfix\">\r\n<div class=\"field field-name-field-version field-type-text field-label-inline clearfix\">\r\n<div class=\"field-label\">Version : finale (04\/06\/2020)<\/div>\r\n<\/div>\r\n<div class=\"field field-name-field-type-doc field-type-text field-label-inline clearfix\">\r\n<div class=\"field-label\">Format : PDF, MP4<\/div>\r\n<\/div>\r\n<div class=\"field field-name-field-url-doc field-type-link-field field-label-inline clearfix\">\r\n<div class=\"field-label\">Document (lien):<\/div>\r\n<div class=\"field-items\">\r\n<div class=\"field-item even\"><a title=\"Rappel du contexte technique et r\u00e9glementaire\" href=\"https:\/\/web.archive.org\/web\/20250422130153\/https:\/\/www.datagrandest.fr\/public\/webinar\/webinar_20200604\/GGE_Webinaire2_20200604_1-Contexte_ARI.mp4\" target=\"_blank\" rel=\"noopener\">Vid\u00e9o \"Rappel du contexte technique et r\u00e9glementaire\"<\/a><\/div>\r\n<div class=\"field-item odd\"><a title=\"D\u00e9crire ses donn\u00e9es via un formulaire simple de saisie (mdEdit 2)\" href=\"https:\/\/www.datagrandest.fr\/public\/webinar\/webinar_20200604\/GGE_Webinaire2_20200604_2-Presentation_GRK.mp4\" target=\"_blank\" rel=\"noopener\">Vid\u00e9o \"D\u00e9crire ses donn\u00e9es via un formulaire simple de saisie (mdEdit 2)\"<\/a><\/div>\r\n<div class=\"field-item even\"><a title=\"Publier et mettre \u00e0 jour ses fiches de m\u00e9tadonn\u00e9es\" href=\"https:\/\/www.datagrandest.fr\/public\/webinar\/webinar_20200604\/GGE_Webinaire2_20200604_3-PresentationMAJ_BCR.mp4\" target=\"_blank\" rel=\"noopener\">Vid\u00e9o \"Publier et mettre \u00e0 jour ses fiches de m\u00e9tadonn\u00e9es\"<\/a><\/div>\r\n<\/div>\r\n<\/div>\r\n<div class=\"field field-name-field-file-doc field-type-file field-label-inline clearfix\">\r\n<div class=\"field-label\">Document (fichiers):<\/div>\r\n<div class=\"field-items\">\r\n<div class=\"field-item even\"><span class=\"file\"><a title=\"gge_webinaire2_20200604_documenterdecriremesdonneesgeographiques.pdf\" href=\"\/site\/portail\/sites\/default\/files\/gge_webinaire2_20200604_documenterdecriremesdonneesgeographiques.pdf\" type=\"application\/pdf; length=2028970\">Support de formation \"Documenter\/d\u00e9crire mes donn\u00e9es g\u00e9ographiques\"<\/a><\/span><\/div>\r\n<div class=\"field-item odd\"><span class=\"file\"><a title=\"gge_guide_mdedit2_v1.pdf\" href=\"\/site\/portail\/fr\/system\/files\/document\/2020-06\/gge_guide_mdedit2_v1.pdf\" type=\"application\/pdf; length=2923738\">Guide d'utilisation de mdEdit2 et de description des donn\u00e9es<\/a><\/span><\/div>\r\n<div class=\"field-item even\"><span class=\"file\"><a title=\"gge_webinaire2_20200604_faq.pdf\" href=\"\/site\/portail\/fr\/system\/files\/document\/2020-06\/gge_webinaire2_20200604_faq.pdf\" type=\"application\/pdf; length=238658\">FAQ du w\u00e9binaire<\/a><\/span><\/div>\r\n<\/div>\r\n<\/div>\r\n<div class=\"field field-name-field-type-ressources field-type-taxonomy-term-reference field-label-inline clearfix\">\r\n<div class=\"field-label\">Type de ressources : Formation<\/div>\r\n<\/div>\r\n<\/article><\/section><\/div>\r\n<\/section><aside class=\"col-md-3-half\" role=\"complementary\">\r\n<div class=\"region region-sidebar-first\"><section id=\"block-views-acc-s-aux-outils-block-4\" class=\"block block-views les-outils clearfix\">\r\n<div class=\"view view-acc-s-aux-outils view-id-acc_s_aux_outils view-display-id-block_4 view-dom-id-30dd2d2d5caf9e03dee0c9c0125d1872\">\r\n<div class=\"view-content\">\r\n<div class=\"views-row views-row-4 views-row-even views-row-last\">\r\n<div>\r\n<div class=\"field-content icone\"><\/div>\r\n<\/div>\r\n<\/div>\r\n<\/div>\r\n<\/div>\r\n<\/section><\/div>\r\n<\/aside>","couleur_de_fond":"transparent","taille_de_la_zone":"large-content","position_texte":"center","image_de_fond":""}]},"yoast_head":"<!-- This site is optimized with the Yoast SEO plugin v27.3 - https:\/\/yoast.com\/product\/yoast-seo-wordpress\/ -->\n<title>Documenter et d\u00e9crire ses donn\u00e9es g\u00e9ographiques sur la plateforme G\u00e9oGrandEst, le catalogue r\u00e9gional des donn\u00e9es - DataGrandEst<\/title>\n<meta name=\"robots\" content=\"index, follow, max-snippet:-1, max-image-preview:large, max-video-preview:-1\" \/>\n<link rel=\"canonical\" href=\"https:\/\/www.datagrandest.fr\/site\/formations\/documenter-et-decrire-ses-donnees-geographiques-sur-la-plateforme-geograndest-le-catalogue-regional-des-donnees\/\" \/>\n<meta property=\"og:locale\" content=\"fr_FR\" \/>\n<meta property=\"og:type\" content=\"article\" \/>\n<meta property=\"og:title\" content=\"Documenter et d\u00e9crire ses donn\u00e9es g\u00e9ographiques sur la plateforme G\u00e9oGrandEst, le catalogue r\u00e9gional des donn\u00e9es - DataGrandEst\" \/>\n<meta property=\"og:url\" content=\"https:\/\/www.datagrandest.fr\/site\/formations\/documenter-et-decrire-ses-donnees-geographiques-sur-la-plateforme-geograndest-le-catalogue-regional-des-donnees\/\" \/>\n<meta property=\"og:site_name\" content=\"DataGrandEst\" \/>\n<meta property=\"article:modified_time\" content=\"2025-12-16T09:17:49+00:00\" \/>\n<meta name=\"twitter:card\" content=\"summary_large_image\" \/>\n<meta name=\"twitter:label1\" content=\"Dur\u00e9e de lecture estim\u00e9e\" \/>\n\t<meta name=\"twitter:data1\" content=\"2 minutes\" \/>\n<script type=\"application\/ld+json\" class=\"yoast-schema-graph\">{\"@context\":\"https:\\\/\\\/schema.org\",\"@graph\":[{\"@type\":\"WebPage\",\"@id\":\"https:\\\/\\\/www.datagrandest.fr\\\/site\\\/formations\\\/documenter-et-decrire-ses-donnees-geographiques-sur-la-plateforme-geograndest-le-catalogue-regional-des-donnees\\\/\",\"url\":\"https:\\\/\\\/www.datagrandest.fr\\\/site\\\/formations\\\/documenter-et-decrire-ses-donnees-geographiques-sur-la-plateforme-geograndest-le-catalogue-regional-des-donnees\\\/\",\"name\":\"Documenter et d\u00e9crire ses donn\u00e9es g\u00e9ographiques sur la plateforme G\u00e9oGrandEst, le catalogue r\u00e9gional des donn\u00e9es - DataGrandEst\",\"isPartOf\":{\"@id\":\"https:\\\/\\\/www.datagrandest.fr\\\/site\\\/#website\"},\"datePublished\":\"2025-11-26T17:26:09+00:00\",\"dateModified\":\"2025-12-16T09:17:49+00:00\",\"breadcrumb\":{\"@id\":\"https:\\\/\\\/www.datagrandest.fr\\\/site\\\/formations\\\/documenter-et-decrire-ses-donnees-geographiques-sur-la-plateforme-geograndest-le-catalogue-regional-des-donnees\\\/#breadcrumb\"},\"inLanguage\":\"fr-FR\",\"potentialAction\":[{\"@type\":\"ReadAction\",\"target\":[\"https:\\\/\\\/www.datagrandest.fr\\\/site\\\/formations\\\/documenter-et-decrire-ses-donnees-geographiques-sur-la-plateforme-geograndest-le-catalogue-regional-des-donnees\\\/\"]}]},{\"@type\":\"BreadcrumbList\",\"@id\":\"https:\\\/\\\/www.datagrandest.fr\\\/site\\\/formations\\\/documenter-et-decrire-ses-donnees-geographiques-sur-la-plateforme-geograndest-le-catalogue-regional-des-donnees\\\/#breadcrumb\",\"itemListElement\":[{\"@type\":\"ListItem\",\"position\":1,\"name\":\"Accueil\",\"item\":\"https:\\\/\\\/www.datagrandest.fr\\\/site\\\/\"},{\"@type\":\"ListItem\",\"position\":2,\"name\":\"Formations\",\"item\":\"https:\\\/\\\/www.datagrandest.fr\\\/site\\\/formations\\\/\"},{\"@type\":\"ListItem\",\"position\":3,\"name\":\"Documenter et d\u00e9crire ses donn\u00e9es g\u00e9ographiques sur la plateforme G\u00e9oGrandEst, le catalogue r\u00e9gional des donn\u00e9es\"}]},{\"@type\":\"WebSite\",\"@id\":\"https:\\\/\\\/www.datagrandest.fr\\\/site\\\/#website\",\"url\":\"https:\\\/\\\/www.datagrandest.fr\\\/site\\\/\",\"name\":\"DataGrandEst\",\"description\":\"\",\"potentialAction\":[{\"@type\":\"SearchAction\",\"target\":{\"@type\":\"EntryPoint\",\"urlTemplate\":\"https:\\\/\\\/www.datagrandest.fr\\\/site\\\/?s={search_term_string}\"},\"query-input\":{\"@type\":\"PropertyValueSpecification\",\"valueRequired\":true,\"valueName\":\"search_term_string\"}}],\"inLanguage\":\"fr-FR\"}]}<\/script>\n<!-- \/ Yoast SEO plugin. -->","yoast_head_json":{"title":"Documenter et d\u00e9crire ses donn\u00e9es g\u00e9ographiques sur la plateforme G\u00e9oGrandEst, le catalogue r\u00e9gional des donn\u00e9es - DataGrandEst","robots":{"index":"index","follow":"follow","max-snippet":"max-snippet:-1","max-image-preview":"max-image-preview:large","max-video-preview":"max-video-preview:-1"},"canonical":"https:\/\/www.datagrandest.fr\/site\/formations\/documenter-et-decrire-ses-donnees-geographiques-sur-la-plateforme-geograndest-le-catalogue-regional-des-donnees\/","og_locale":"fr_FR","og_type":"article","og_title":"Documenter et d\u00e9crire ses donn\u00e9es g\u00e9ographiques sur la plateforme G\u00e9oGrandEst, le catalogue r\u00e9gional des donn\u00e9es - DataGrandEst","og_url":"https:\/\/www.datagrandest.fr\/site\/formations\/documenter-et-decrire-ses-donnees-geographiques-sur-la-plateforme-geograndest-le-catalogue-regional-des-donnees\/","og_site_name":"DataGrandEst","article_modified_time":"2025-12-16T09:17:49+00:00","twitter_card":"summary_large_image","twitter_misc":{"Dur\u00e9e de lecture estim\u00e9e":"2 minutes"},"schema":{"@context":"https:\/\/schema.org","@graph":[{"@type":"WebPage","@id":"https:\/\/www.datagrandest.fr\/site\/formations\/documenter-et-decrire-ses-donnees-geographiques-sur-la-plateforme-geograndest-le-catalogue-regional-des-donnees\/","url":"https:\/\/www.datagrandest.fr\/site\/formations\/documenter-et-decrire-ses-donnees-geographiques-sur-la-plateforme-geograndest-le-catalogue-regional-des-donnees\/","name":"Documenter et d\u00e9crire ses donn\u00e9es g\u00e9ographiques sur la plateforme G\u00e9oGrandEst, le catalogue r\u00e9gional des donn\u00e9es - DataGrandEst","isPartOf":{"@id":"https:\/\/www.datagrandest.fr\/site\/#website"},"datePublished":"2025-11-26T17:26:09+00:00","dateModified":"2025-12-16T09:17:49+00:00","breadcrumb":{"@id":"https:\/\/www.datagrandest.fr\/site\/formations\/documenter-et-decrire-ses-donnees-geographiques-sur-la-plateforme-geograndest-le-catalogue-regional-des-donnees\/#breadcrumb"},"inLanguage":"fr-FR","potentialAction":[{"@type":"ReadAction","target":["https:\/\/www.datagrandest.fr\/site\/formations\/documenter-et-decrire-ses-donnees-geographiques-sur-la-plateforme-geograndest-le-catalogue-regional-des-donnees\/"]}]},{"@type":"BreadcrumbList","@id":"https:\/\/www.datagrandest.fr\/site\/formations\/documenter-et-decrire-ses-donnees-geographiques-sur-la-plateforme-geograndest-le-catalogue-regional-des-donnees\/#breadcrumb","itemListElement":[{"@type":"ListItem","position":1,"name":"Accueil","item":"https:\/\/www.datagrandest.fr\/site\/"},{"@type":"ListItem","position":2,"name":"Formations","item":"https:\/\/www.datagrandest.fr\/site\/formations\/"},{"@type":"ListItem","position":3,"name":"Documenter et d\u00e9crire ses donn\u00e9es g\u00e9ographiques sur la plateforme G\u00e9oGrandEst, le catalogue r\u00e9gional des donn\u00e9es"}]},{"@type":"WebSite","@id":"https:\/\/www.datagrandest.fr\/site\/#website","url":"https:\/\/www.datagrandest.fr\/site\/","name":"DataGrandEst","description":"","potentialAction":[{"@type":"SearchAction","target":{"@type":"EntryPoint","urlTemplate":"https:\/\/www.datagrandest.fr\/site\/?s={search_term_string}"},"query-input":{"@type":"PropertyValueSpecification","valueRequired":true,"valueName":"search_term_string"}}],"inLanguage":"fr-FR"}]}},"_links":{"self":[{"href":"https:\/\/www.datagrandest.fr\/site\/wp-json\/wp\/v2\/pages\/2955","targetHints":{"allow":["GET"]}}],"collection":[{"href":"https:\/\/www.datagrandest.fr\/site\/wp-json\/wp\/v2\/pages"}],"about":[{"href":"https:\/\/www.datagrandest.fr\/site\/wp-json\/wp\/v2\/types\/page"}],"author":[{"embeddable":true,"href":"https:\/\/www.datagrandest.fr\/site\/wp-json\/wp\/v2\/users\/12"}],"replies":[{"embeddable":true,"href":"https:\/\/www.datagrandest.fr\/site\/wp-json\/wp\/v2\/comments?post=2955"}],"version-history":[{"count":5,"href":"https:\/\/www.datagrandest.fr\/site\/wp-json\/wp\/v2\/pages\/2955\/revisions"}],"predecessor-version":[{"id":3346,"href":"https:\/\/www.datagrandest.fr\/site\/wp-json\/wp\/v2\/pages\/2955\/revisions\/3346"}],"up":[{"embeddable":true,"href":"https:\/\/www.datagrandest.fr\/site\/wp-json\/wp\/v2\/pages\/2924"}],"wp:attachment":[{"href":"https:\/\/www.datagrandest.fr\/site\/wp-json\/wp\/v2\/media?parent=2955"}],"wp:term":[{"taxonomy":"source","embeddable":true,"href":"https:\/\/www.datagrandest.fr\/site\/wp-json\/wp\/v2\/source?post=2955"},{"taxonomy":"thematique_globale","embeddable":true,"href":"https:\/\/www.datagrandest.fr\/site\/wp-json\/wp\/v2\/thematique_globale?post=2955"}],"curies":[{"name":"wp","href":"https:\/\/api.w.org\/{rel}","templated":true}]}}