{"id":3432,"date":"2025-12-18T11:09:22","date_gmt":"2025-12-18T10:09:22","guid":{"rendered":"https:\/\/www.datagrandest.fr\/site\/?page_id=3432"},"modified":"2025-12-18T11:09:22","modified_gmt":"2025-12-18T10:09:22","slug":"donnees-de-population-insee","status":"publish","type":"page","link":"https:\/\/www.datagrandest.fr\/site\/sites-de-donnees-de-sante\/donnees-de-population-insee\/","title":{"rendered":"Donn\u00e9es de population INSEE"},"content":{"rendered":"<p>R\u00e9gions et d\u00e9partements (par sexe et \u00e2ge quinquennal):\u00a0<a href=\"https:\/\/www.insee.fr\/fr\/statistiques\/1893198\">https:\/\/www.insee.fr\/fr\/statistiques\/1893198<\/a><br \/>\nCommunes et IRIS:\u00a0<a href=\"https:\/\/www.insee.fr\/fr\/statistiques\/4228434\">https:\/\/www.insee.fr\/fr\/statistiques\/4228434<\/a><br \/>\nCartographies:\u00a0<a href=\"https:\/\/statistiques-locales.insee.fr\/#c=home\">https:\/\/statistiques-locales.insee.fr\/#c=home<\/a><\/p>\n<p>Pyramide interactive:\u00a0<a href=\"https:\/\/www.insee.fr\/fr\/statistiques\/3696315\">https:\/\/www.insee.fr\/fr\/statistiques\/3696315<\/a><\/p>\n<p>Base permanente des Equipements (BPE) :\u00a0<a href=\"https:\/\/www.insee.fr\/fr\/statistiques\/3568650?sommaire=3568656&amp;q=base+permanente+des+%C3%A9quipements\">https:\/\/www.insee.fr\/fr\/statistiques\/3568650?sommaire=3568656&amp;q=base+permanente+des+%C3%A9&#8230;<\/a><br \/>\nD\u00e9nombrement des \u00e9quipements \/ Donn\u00e9es g\u00e9olocalis\u00e9es<\/p>\n","protected":false},"excerpt":{"rendered":"<p>R\u00e9gions et d\u00e9partements (par sexe et \u00e2ge quinquennal):\u00a0https:\/\/www.insee.fr\/fr\/statistiques\/1893198 Communes et IRIS:\u00a0https:\/\/www.insee.fr\/fr\/statistiques\/4228434 Cartographies:\u00a0https:\/\/statistiques-locales.insee.fr\/#c=home Pyramide interactive:\u00a0https:\/\/www.insee.fr\/fr\/statistiques\/3696315 Base permanente des Equipements (BPE) :\u00a0https:\/\/www.insee.fr\/fr\/statistiques\/3568650?sommaire=3568656&amp;q=base+permanente+des+%C3%A9&#8230; D\u00e9nombrement des \u00e9quipements \/ Donn\u00e9es g\u00e9olocalis\u00e9es<\/p>\n","protected":false},"author":12,"featured_media":0,"parent":875,"menu_order":0,"comment_status":"closed","ping_status":"closed","template":"","meta":{"_acf_changed":false,"_relevanssi_hide_post":"","_relevanssi_hide_content":"","_relevanssi_pin_for_all":"","_relevanssi_pin_keywords":"","_relevanssi_unpin_keywords":"","_relevanssi_related_keywords":"","_relevanssi_related_include_ids":"","_relevanssi_related_exclude_ids":"","_relevanssi_related_no_append":"","_relevanssi_related_not_related":"","_relevanssi_related_posts":"","_relevanssi_noindex_reason":"","footnotes":""},"source":[],"thematique_globale":[],"class_list":["post-3432","page","type-page","status-publish","hentry"],"acf":{"glo_image":"","glo_intro":"","glo_car_surcharge_titre":"","glo_car_surcharge_lien":""},"yoast_head":"<!-- This site is optimized with the Yoast SEO plugin v27.4 - https:\/\/yoast.com\/product\/yoast-seo-wordpress\/ -->\n<title>Donn\u00e9es de population INSEE - DataGrandEst<\/title>\n<meta name=\"robots\" content=\"index, follow, max-snippet:-1, max-image-preview:large, max-video-preview:-1\" \/>\n<link rel=\"canonical\" href=\"https:\/\/www.datagrandest.fr\/site\/sites-de-donnees-de-sante\/donnees-de-population-insee\/\" \/>\n<meta property=\"og:locale\" content=\"fr_FR\" \/>\n<meta property=\"og:type\" content=\"article\" \/>\n<meta property=\"og:title\" content=\"Donn\u00e9es de population INSEE - DataGrandEst\" \/>\n<meta property=\"og:description\" content=\"R\u00e9gions et d\u00e9partements (par sexe et \u00e2ge quinquennal):\u00a0https:\/\/www.insee.fr\/fr\/statistiques\/1893198 Communes et IRIS:\u00a0https:\/\/www.insee.fr\/fr\/statistiques\/4228434 Cartographies:\u00a0https:\/\/statistiques-locales.insee.fr\/#c=home Pyramide interactive:\u00a0https:\/\/www.insee.fr\/fr\/statistiques\/3696315 Base permanente des Equipements (BPE) :\u00a0https:\/\/www.insee.fr\/fr\/statistiques\/3568650?sommaire=3568656&amp;q=base+permanente+des+%C3%A9&#8230; D\u00e9nombrement des \u00e9quipements \/ Donn\u00e9es g\u00e9olocalis\u00e9es\" \/>\n<meta property=\"og:url\" content=\"https:\/\/www.datagrandest.fr\/site\/sites-de-donnees-de-sante\/donnees-de-population-insee\/\" \/>\n<meta property=\"og:site_name\" content=\"DataGrandEst\" \/>\n<meta name=\"twitter:card\" content=\"summary_large_image\" \/>\n<meta name=\"twitter:label1\" content=\"Dur\u00e9e de lecture estim\u00e9e\" \/>\n\t<meta name=\"twitter:data1\" content=\"1 minute\" \/>\n<script type=\"application\/ld+json\" class=\"yoast-schema-graph\">{\"@context\":\"https:\\\/\\\/schema.org\",\"@graph\":[{\"@type\":\"WebPage\",\"@id\":\"https:\\\/\\\/www.datagrandest.fr\\\/site\\\/sites-de-donnees-de-sante\\\/donnees-de-population-insee\\\/\",\"url\":\"https:\\\/\\\/www.datagrandest.fr\\\/site\\\/sites-de-donnees-de-sante\\\/donnees-de-population-insee\\\/\",\"name\":\"Donn\u00e9es de population INSEE - DataGrandEst\",\"isPartOf\":{\"@id\":\"https:\\\/\\\/www.datagrandest.fr\\\/site\\\/#website\"},\"datePublished\":\"2025-12-18T10:09:22+00:00\",\"breadcrumb\":{\"@id\":\"https:\\\/\\\/www.datagrandest.fr\\\/site\\\/sites-de-donnees-de-sante\\\/donnees-de-population-insee\\\/#breadcrumb\"},\"inLanguage\":\"fr-FR\",\"potentialAction\":[{\"@type\":\"ReadAction\",\"target\":[\"https:\\\/\\\/www.datagrandest.fr\\\/site\\\/sites-de-donnees-de-sante\\\/donnees-de-population-insee\\\/\"]}]},{\"@type\":\"BreadcrumbList\",\"@id\":\"https:\\\/\\\/www.datagrandest.fr\\\/site\\\/sites-de-donnees-de-sante\\\/donnees-de-population-insee\\\/#breadcrumb\",\"itemListElement\":[{\"@type\":\"ListItem\",\"position\":1,\"name\":\"Accueil\",\"item\":\"https:\\\/\\\/www.datagrandest.fr\\\/site\\\/\"},{\"@type\":\"ListItem\",\"position\":2,\"name\":\"Sites de donn\u00e9es de sant\u00e9\",\"item\":\"https:\\\/\\\/www.datagrandest.fr\\\/site\\\/sites-de-donnees-de-sante\\\/\"},{\"@type\":\"ListItem\",\"position\":3,\"name\":\"Donn\u00e9es de population INSEE\"}]},{\"@type\":\"WebSite\",\"@id\":\"https:\\\/\\\/www.datagrandest.fr\\\/site\\\/#website\",\"url\":\"https:\\\/\\\/www.datagrandest.fr\\\/site\\\/\",\"name\":\"DataGrandEst\",\"description\":\"\",\"potentialAction\":[{\"@type\":\"SearchAction\",\"target\":{\"@type\":\"EntryPoint\",\"urlTemplate\":\"https:\\\/\\\/www.datagrandest.fr\\\/site\\\/?s={search_term_string}\"},\"query-input\":{\"@type\":\"PropertyValueSpecification\",\"valueRequired\":true,\"valueName\":\"search_term_string\"}}],\"inLanguage\":\"fr-FR\"}]}<\/script>\n<!-- \/ Yoast SEO plugin. -->","yoast_head_json":{"title":"Donn\u00e9es de population INSEE - DataGrandEst","robots":{"index":"index","follow":"follow","max-snippet":"max-snippet:-1","max-image-preview":"max-image-preview:large","max-video-preview":"max-video-preview:-1"},"canonical":"https:\/\/www.datagrandest.fr\/site\/sites-de-donnees-de-sante\/donnees-de-population-insee\/","og_locale":"fr_FR","og_type":"article","og_title":"Donn\u00e9es de population INSEE - DataGrandEst","og_description":"R\u00e9gions et d\u00e9partements (par sexe et \u00e2ge quinquennal):\u00a0https:\/\/www.insee.fr\/fr\/statistiques\/1893198 Communes et IRIS:\u00a0https:\/\/www.insee.fr\/fr\/statistiques\/4228434 Cartographies:\u00a0https:\/\/statistiques-locales.insee.fr\/#c=home Pyramide interactive:\u00a0https:\/\/www.insee.fr\/fr\/statistiques\/3696315 Base permanente des Equipements (BPE) :\u00a0https:\/\/www.insee.fr\/fr\/statistiques\/3568650?sommaire=3568656&amp;q=base+permanente+des+%C3%A9&#8230; D\u00e9nombrement des \u00e9quipements \/ Donn\u00e9es g\u00e9olocalis\u00e9es","og_url":"https:\/\/www.datagrandest.fr\/site\/sites-de-donnees-de-sante\/donnees-de-population-insee\/","og_site_name":"DataGrandEst","twitter_card":"summary_large_image","twitter_misc":{"Dur\u00e9e de lecture estim\u00e9e":"1 minute"},"schema":{"@context":"https:\/\/schema.org","@graph":[{"@type":"WebPage","@id":"https:\/\/www.datagrandest.fr\/site\/sites-de-donnees-de-sante\/donnees-de-population-insee\/","url":"https:\/\/www.datagrandest.fr\/site\/sites-de-donnees-de-sante\/donnees-de-population-insee\/","name":"Donn\u00e9es de population INSEE - DataGrandEst","isPartOf":{"@id":"https:\/\/www.datagrandest.fr\/site\/#website"},"datePublished":"2025-12-18T10:09:22+00:00","breadcrumb":{"@id":"https:\/\/www.datagrandest.fr\/site\/sites-de-donnees-de-sante\/donnees-de-population-insee\/#breadcrumb"},"inLanguage":"fr-FR","potentialAction":[{"@type":"ReadAction","target":["https:\/\/www.datagrandest.fr\/site\/sites-de-donnees-de-sante\/donnees-de-population-insee\/"]}]},{"@type":"BreadcrumbList","@id":"https:\/\/www.datagrandest.fr\/site\/sites-de-donnees-de-sante\/donnees-de-population-insee\/#breadcrumb","itemListElement":[{"@type":"ListItem","position":1,"name":"Accueil","item":"https:\/\/www.datagrandest.fr\/site\/"},{"@type":"ListItem","position":2,"name":"Sites de donn\u00e9es de sant\u00e9","item":"https:\/\/www.datagrandest.fr\/site\/sites-de-donnees-de-sante\/"},{"@type":"ListItem","position":3,"name":"Donn\u00e9es de population INSEE"}]},{"@type":"WebSite","@id":"https:\/\/www.datagrandest.fr\/site\/#website","url":"https:\/\/www.datagrandest.fr\/site\/","name":"DataGrandEst","description":"","potentialAction":[{"@type":"SearchAction","target":{"@type":"EntryPoint","urlTemplate":"https:\/\/www.datagrandest.fr\/site\/?s={search_term_string}"},"query-input":{"@type":"PropertyValueSpecification","valueRequired":true,"valueName":"search_term_string"}}],"inLanguage":"fr-FR"}]}},"_links":{"self":[{"href":"https:\/\/www.datagrandest.fr\/site\/wp-json\/wp\/v2\/pages\/3432","targetHints":{"allow":["GET"]}}],"collection":[{"href":"https:\/\/www.datagrandest.fr\/site\/wp-json\/wp\/v2\/pages"}],"about":[{"href":"https:\/\/www.datagrandest.fr\/site\/wp-json\/wp\/v2\/types\/page"}],"author":[{"embeddable":true,"href":"https:\/\/www.datagrandest.fr\/site\/wp-json\/wp\/v2\/users\/12"}],"replies":[{"embeddable":true,"href":"https:\/\/www.datagrandest.fr\/site\/wp-json\/wp\/v2\/comments?post=3432"}],"version-history":[{"count":1,"href":"https:\/\/www.datagrandest.fr\/site\/wp-json\/wp\/v2\/pages\/3432\/revisions"}],"predecessor-version":[{"id":3433,"href":"https:\/\/www.datagrandest.fr\/site\/wp-json\/wp\/v2\/pages\/3432\/revisions\/3433"}],"up":[{"embeddable":true,"href":"https:\/\/www.datagrandest.fr\/site\/wp-json\/wp\/v2\/pages\/875"}],"wp:attachment":[{"href":"https:\/\/www.datagrandest.fr\/site\/wp-json\/wp\/v2\/media?parent=3432"}],"wp:term":[{"taxonomy":"source","embeddable":true,"href":"https:\/\/www.datagrandest.fr\/site\/wp-json\/wp\/v2\/source?post=3432"},{"taxonomy":"thematique_globale","embeddable":true,"href":"https:\/\/www.datagrandest.fr\/site\/wp-json\/wp\/v2\/thematique_globale?post=3432"}],"curies":[{"name":"wp","href":"https:\/\/api.w.org\/{rel}","templated":true}]}}