{"id":5248,"date":"2026-03-25T14:24:12","date_gmt":"2026-03-25T13:24:12","guid":{"rendered":"https:\/\/www.datagrandest.fr\/site\/?page_id=5248"},"modified":"2026-05-05T13:37:55","modified_gmt":"2026-05-05T11:37:55","slug":"la-plateforme-de-donnees","status":"publish","type":"page","link":"https:\/\/www.datagrandest.fr\/site\/la-plateforme-de-donnees\/","title":{"rendered":"La plateforme de donn\u00e9es"},"content":{"rendered":"","protected":false},"excerpt":{"rendered":"","protected":false},"author":5,"featured_media":5256,"parent":0,"menu_order":0,"comment_status":"closed","ping_status":"closed","template":"src\/controllers\/models\/flex.php","meta":{"_acf_changed":false,"_relevanssi_hide_post":"","_relevanssi_hide_content":"","_relevanssi_pin_for_all":"","_relevanssi_pin_keywords":"","_relevanssi_unpin_keywords":"","_relevanssi_related_keywords":"","_relevanssi_related_include_ids":"","_relevanssi_related_exclude_ids":"","_relevanssi_related_no_append":"","_relevanssi_related_not_related":"","_relevanssi_related_posts":"","_relevanssi_noindex_reason":"","footnotes":""},"source":[],"thematique_globale":[],"class_list":["post-5248","page","type-page","status-publish","has-post-thumbnail","hentry"],"acf":{"glo_image":5256,"glo_intro":"","glo_car_surcharge_titre":"","glo_car_surcharge_lien":"","cms_contenus_flexibles":[{"acf_fc_layout":"flex_texte_libre","show_title":false,"titre_de_section":"","contenu":"<p style=\"font-size: 1.3rem; text-align: center;\">Les donn\u00e9es territoriales sont souvent dispers\u00e9es, difficiles \u00e0 trouver ou \u00e0 exploiter.\r\nLa plateforme de donn\u00e9es DataGrandEst offre <strong>une solution simple, mutualis\u00e9e et ouverte<\/strong>,\r\nau service de tous les acteurs du territoire.<\/p>\r\n&nbsp;\r\n<p style=\"text-align: center;\"><a class=\"btn\" style=\"font-size: 1.3rem;\" href=\"https:\/\/www.datagrandest.fr\/datahub\/news\">Acc\u00e9der \u00e0 la plateforme de donn\u00e9es<\/a> \u00a0 \u00a0 \u00a0<a class=\"btn btn-border btn-orange\" style=\"font-size: 1.3rem;\" href=\"https:\/\/www.datagrandest.fr\/site\/service\/tutoriels-datagrandest\/\">Consultez les tutoriels<\/a><\/p>","couleur_de_fond":"transparent","taille_de_la_zone":"large-content","position_texte":"center","image_de_fond":""},{"acf_fc_layout":"flex_texte_libre","show_title":false,"titre_de_section":"","contenu":"<div style=\"font-size: 1.2rem; background-color: #2c347d; color: #fff; padding: 24px; border-radius: 4px;\">\r\n<p style=\"color: #fff;\">\ud83d\udd0d <strong>Un catalogue unique\u00a0:<\/strong> toutes les donn\u00e9es du Grand Est r\u00e9f\u00e9renc\u00e9es en un seul lieu, pour gagner du temps et \u00e9viter la dispersion.<\/p>\r\n<p style=\"color: #fff;\">\ud83d\udd13 <strong>Des donn\u00e9es ouvertes \u00e0 tous\u00a0:<\/strong> des outils pour publier et r\u00e9utiliser les donn\u00e9es, m\u00eame avec une expertise technique limit\u00e9e.<\/p>\r\n<p style=\"color: #fff;\">\ud83e\udd1d <strong>Une d\u00e9marche collaborative\u00a0:<\/strong> un projet co-construit par l\u2019\u00c9tat, la R\u00e9gion et les acteurs locaux.<\/p>\r\n\r\n<\/div>","couleur_de_fond":"transparent","taille_de_la_zone":"extra-small-content","position_texte":"center","image_de_fond":""},{"acf_fc_layout":"flex_chiffres_cles","show_title":true,"afficher_la_description":true,"titre_de_section":"Des principes et valeurs partag\u00e9s","description_de_section":"Une communaut\u00e9 d\u2019acteurs engag\u00e9s autour des principes et valeurs de <a href=\"https:\/\/www.datagrandest.fr\/site\/wp-content\/uploads\/2026\/02\/dge-charte2021-version-finale-signee.pdf\">la charte DataGrandEst<\/a> pour une r\u00e9gion plus transparente et connect\u00e9e","elements":[{"chiffre":"Ouverture","texte":"Des donn\u00e9es accessibles \u00e0 tous"},{"chiffre":"Solidarit\u00e9","texte":"Un accompagnement pour les petites structures"},{"chiffre":"Innovation","texte":"Des outils adapt\u00e9s aux besoins locaux"}],"couleur_de_fond":"greylight","taille_de_la_zone":"large-content","image_de_fond":""},{"acf_fc_layout":"flex_texte_libre","show_title":false,"titre_de_section":"","contenu":"<h2 style=\"text-align: center;\">Un service construit sur 3 piliers<\/h2>","couleur_de_fond":"transparent","taille_de_la_zone":"large-content","position_texte":"center","image_de_fond":""},{"acf_fc_layout":"flex_trois_colonnes","show_title":true,"titre_de_section":"","colonnes":{"":null,"gauche":{"medias":"","image":"","video":null,"mp4":null,"contenu":"<div style=\"border: 1px solid #E1E3F1; padding: 24px; border-radius: 4px;\">\r\n<h4 style=\"text-align: center;\"><strong>\ud83d\udd0e Trouver des donn\u00e9es fiables <\/strong><\/h4>\r\n<p style=\"text-align: center;\">Acc\u00e9dez \u00e0 un catalogue de donn\u00e9es\r\nmutualis\u00e9 et partag\u00e9,\r\nid\u00e9al pour vos \u00e9tudes, projets\r\nou prises de d\u00e9cision.<\/p>\r\n\r\n<\/div>"},"centre":{"medias":"","image":"","video":null,"mp4":null,"contenu":"<div style=\"border: 1px solid #E1E3F1; padding: 24px; border-radius: 4px;\">\r\n<h4 style=\"text-align: center;\"><strong>\u270f\ufe0f Publier vos donn\u00e9es simplement<\/strong><\/h4>\r\n<p style=\"text-align: center;\">Partagez vos donn\u00e9es via des outils simples,\r\nque vous soyez d\u00e9butant ou expert.<\/p>\r\n\r\n<\/div>"},"droite":{"medias":"","image":"","video":null,"mp4":null,"contenu":"<div style=\"border: 1px solid #E1E3F1; padding: 24px; border-radius: 4px;\">\r\n<h4 style=\"text-align: center;\"><strong>\ud83d\udcca Valoriser vos donn\u00e9es efficacement<\/strong><\/h4>\r\n<p style=\"text-align: center;\">Transformez vos donn\u00e9es en tableau de bord,\r\ncartes interactives ou r\u00e9cits visuels\r\npour mieux communiquer.\r\n&nbsp;<\/p>\r\n<\/div>"}},"couleur_de_fond":"transparent","taille_de_la_zone":"large-content","image_de_fond":""}]},"yoast_head":"<!-- This site is optimized with the Yoast SEO plugin v27.5 - https:\/\/yoast.com\/product\/yoast-seo-wordpress\/ -->\n<title>La plateforme de donn\u00e9es - DataGrandEst<\/title>\n<meta name=\"robots\" content=\"index, follow, max-snippet:-1, max-image-preview:large, max-video-preview:-1\" \/>\n<link rel=\"canonical\" href=\"https:\/\/www.datagrandest.fr\/site\/la-plateforme-de-donnees\/\" \/>\n<meta property=\"og:locale\" content=\"fr_FR\" \/>\n<meta property=\"og:type\" content=\"article\" \/>\n<meta property=\"og:title\" content=\"La plateforme de donn\u00e9es - DataGrandEst\" \/>\n<meta property=\"og:url\" content=\"https:\/\/www.datagrandest.fr\/site\/la-plateforme-de-donnees\/\" \/>\n<meta property=\"og:site_name\" content=\"DataGrandEst\" \/>\n<meta property=\"article:modified_time\" content=\"2026-05-05T11:37:55+00:00\" \/>\n<meta property=\"og:image\" content=\"https:\/\/www.datagrandest.fr\/site\/wp-content\/uploads\/2026\/03\/plateforme-datagrandest.png\" \/>\n\t<meta property=\"og:image:width\" content=\"1024\" \/>\n\t<meta property=\"og:image:height\" content=\"671\" \/>\n\t<meta property=\"og:image:type\" content=\"image\/png\" \/>\n<meta name=\"twitter:card\" content=\"summary_large_image\" \/>\n<meta name=\"twitter:label1\" content=\"Dur\u00e9e de lecture estim\u00e9e\" \/>\n\t<meta name=\"twitter:data1\" content=\"8 minutes\" \/>\n<script type=\"application\/ld+json\" class=\"yoast-schema-graph\">{\"@context\":\"https:\\\/\\\/schema.org\",\"@graph\":[{\"@type\":\"WebPage\",\"@id\":\"https:\\\/\\\/www.datagrandest.fr\\\/site\\\/la-plateforme-de-donnees\\\/\",\"url\":\"https:\\\/\\\/www.datagrandest.fr\\\/site\\\/la-plateforme-de-donnees\\\/\",\"name\":\"La plateforme de donn\u00e9es - DataGrandEst\",\"isPartOf\":{\"@id\":\"https:\\\/\\\/www.datagrandest.fr\\\/site\\\/#website\"},\"primaryImageOfPage\":{\"@id\":\"https:\\\/\\\/www.datagrandest.fr\\\/site\\\/la-plateforme-de-donnees\\\/#primaryimage\"},\"image\":{\"@id\":\"https:\\\/\\\/www.datagrandest.fr\\\/site\\\/la-plateforme-de-donnees\\\/#primaryimage\"},\"thumbnailUrl\":\"https:\\\/\\\/www.datagrandest.fr\\\/site\\\/wp-content\\\/uploads\\\/2026\\\/03\\\/plateforme-datagrandest.png\",\"datePublished\":\"2026-03-25T13:24:12+00:00\",\"dateModified\":\"2026-05-05T11:37:55+00:00\",\"breadcrumb\":{\"@id\":\"https:\\\/\\\/www.datagrandest.fr\\\/site\\\/la-plateforme-de-donnees\\\/#breadcrumb\"},\"inLanguage\":\"fr-FR\",\"potentialAction\":[{\"@type\":\"ReadAction\",\"target\":[\"https:\\\/\\\/www.datagrandest.fr\\\/site\\\/la-plateforme-de-donnees\\\/\"]}]},{\"@type\":\"ImageObject\",\"inLanguage\":\"fr-FR\",\"@id\":\"https:\\\/\\\/www.datagrandest.fr\\\/site\\\/la-plateforme-de-donnees\\\/#primaryimage\",\"url\":\"https:\\\/\\\/www.datagrandest.fr\\\/site\\\/wp-content\\\/uploads\\\/2026\\\/03\\\/plateforme-datagrandest.png\",\"contentUrl\":\"https:\\\/\\\/www.datagrandest.fr\\\/site\\\/wp-content\\\/uploads\\\/2026\\\/03\\\/plateforme-datagrandest.png\",\"width\":1024,\"height\":671},{\"@type\":\"BreadcrumbList\",\"@id\":\"https:\\\/\\\/www.datagrandest.fr\\\/site\\\/la-plateforme-de-donnees\\\/#breadcrumb\",\"itemListElement\":[{\"@type\":\"ListItem\",\"position\":1,\"name\":\"Accueil\",\"item\":\"https:\\\/\\\/www.datagrandest.fr\\\/site\\\/\"},{\"@type\":\"ListItem\",\"position\":2,\"name\":\"La plateforme de donn\u00e9es\"}]},{\"@type\":\"WebSite\",\"@id\":\"https:\\\/\\\/www.datagrandest.fr\\\/site\\\/#website\",\"url\":\"https:\\\/\\\/www.datagrandest.fr\\\/site\\\/\",\"name\":\"DataGrandEst\",\"description\":\"\",\"potentialAction\":[{\"@type\":\"SearchAction\",\"target\":{\"@type\":\"EntryPoint\",\"urlTemplate\":\"https:\\\/\\\/www.datagrandest.fr\\\/site\\\/?s={search_term_string}\"},\"query-input\":{\"@type\":\"PropertyValueSpecification\",\"valueRequired\":true,\"valueName\":\"search_term_string\"}}],\"inLanguage\":\"fr-FR\"}]}<\/script>\n<!-- \/ Yoast SEO plugin. -->","yoast_head_json":{"title":"La plateforme de donn\u00e9es - DataGrandEst","robots":{"index":"index","follow":"follow","max-snippet":"max-snippet:-1","max-image-preview":"max-image-preview:large","max-video-preview":"max-video-preview:-1"},"canonical":"https:\/\/www.datagrandest.fr\/site\/la-plateforme-de-donnees\/","og_locale":"fr_FR","og_type":"article","og_title":"La plateforme de donn\u00e9es - DataGrandEst","og_url":"https:\/\/www.datagrandest.fr\/site\/la-plateforme-de-donnees\/","og_site_name":"DataGrandEst","article_modified_time":"2026-05-05T11:37:55+00:00","og_image":[{"width":1024,"height":671,"url":"https:\/\/www.datagrandest.fr\/site\/wp-content\/uploads\/2026\/03\/plateforme-datagrandest.png","type":"image\/png"}],"twitter_card":"summary_large_image","twitter_misc":{"Dur\u00e9e de lecture estim\u00e9e":"8 minutes"},"schema":{"@context":"https:\/\/schema.org","@graph":[{"@type":"WebPage","@id":"https:\/\/www.datagrandest.fr\/site\/la-plateforme-de-donnees\/","url":"https:\/\/www.datagrandest.fr\/site\/la-plateforme-de-donnees\/","name":"La plateforme de donn\u00e9es - DataGrandEst","isPartOf":{"@id":"https:\/\/www.datagrandest.fr\/site\/#website"},"primaryImageOfPage":{"@id":"https:\/\/www.datagrandest.fr\/site\/la-plateforme-de-donnees\/#primaryimage"},"image":{"@id":"https:\/\/www.datagrandest.fr\/site\/la-plateforme-de-donnees\/#primaryimage"},"thumbnailUrl":"https:\/\/www.datagrandest.fr\/site\/wp-content\/uploads\/2026\/03\/plateforme-datagrandest.png","datePublished":"2026-03-25T13:24:12+00:00","dateModified":"2026-05-05T11:37:55+00:00","breadcrumb":{"@id":"https:\/\/www.datagrandest.fr\/site\/la-plateforme-de-donnees\/#breadcrumb"},"inLanguage":"fr-FR","potentialAction":[{"@type":"ReadAction","target":["https:\/\/www.datagrandest.fr\/site\/la-plateforme-de-donnees\/"]}]},{"@type":"ImageObject","inLanguage":"fr-FR","@id":"https:\/\/www.datagrandest.fr\/site\/la-plateforme-de-donnees\/#primaryimage","url":"https:\/\/www.datagrandest.fr\/site\/wp-content\/uploads\/2026\/03\/plateforme-datagrandest.png","contentUrl":"https:\/\/www.datagrandest.fr\/site\/wp-content\/uploads\/2026\/03\/plateforme-datagrandest.png","width":1024,"height":671},{"@type":"BreadcrumbList","@id":"https:\/\/www.datagrandest.fr\/site\/la-plateforme-de-donnees\/#breadcrumb","itemListElement":[{"@type":"ListItem","position":1,"name":"Accueil","item":"https:\/\/www.datagrandest.fr\/site\/"},{"@type":"ListItem","position":2,"name":"La plateforme de donn\u00e9es"}]},{"@type":"WebSite","@id":"https:\/\/www.datagrandest.fr\/site\/#website","url":"https:\/\/www.datagrandest.fr\/site\/","name":"DataGrandEst","description":"","potentialAction":[{"@type":"SearchAction","target":{"@type":"EntryPoint","urlTemplate":"https:\/\/www.datagrandest.fr\/site\/?s={search_term_string}"},"query-input":{"@type":"PropertyValueSpecification","valueRequired":true,"valueName":"search_term_string"}}],"inLanguage":"fr-FR"}]}},"_links":{"self":[{"href":"https:\/\/www.datagrandest.fr\/site\/wp-json\/wp\/v2\/pages\/5248","targetHints":{"allow":["GET"]}}],"collection":[{"href":"https:\/\/www.datagrandest.fr\/site\/wp-json\/wp\/v2\/pages"}],"about":[{"href":"https:\/\/www.datagrandest.fr\/site\/wp-json\/wp\/v2\/types\/page"}],"author":[{"embeddable":true,"href":"https:\/\/www.datagrandest.fr\/site\/wp-json\/wp\/v2\/users\/5"}],"replies":[{"embeddable":true,"href":"https:\/\/www.datagrandest.fr\/site\/wp-json\/wp\/v2\/comments?post=5248"}],"version-history":[{"count":11,"href":"https:\/\/www.datagrandest.fr\/site\/wp-json\/wp\/v2\/pages\/5248\/revisions"}],"predecessor-version":[{"id":5678,"href":"https:\/\/www.datagrandest.fr\/site\/wp-json\/wp\/v2\/pages\/5248\/revisions\/5678"}],"wp:featuredmedia":[{"embeddable":true,"href":"https:\/\/www.datagrandest.fr\/site\/wp-json\/wp\/v2\/media\/5256"}],"wp:attachment":[{"href":"https:\/\/www.datagrandest.fr\/site\/wp-json\/wp\/v2\/media?parent=5248"}],"wp:term":[{"taxonomy":"source","embeddable":true,"href":"https:\/\/www.datagrandest.fr\/site\/wp-json\/wp\/v2\/source?post=5248"},{"taxonomy":"thematique_globale","embeddable":true,"href":"https:\/\/www.datagrandest.fr\/site\/wp-json\/wp\/v2\/thematique_globale?post=5248"}],"curies":[{"name":"wp","href":"https:\/\/api.w.org\/{rel}","templated":true}]}}